{"id":5064,"date":"2020-04-10T22:29:34","date_gmt":"2020-04-10T20:29:34","guid":{"rendered":"https:\/\/niipit.dk\/visens-venner-koege-shop\/?page_id=5064"},"modified":"2021-05-02T09:06:01","modified_gmt":"2021-05-02T07:06:01","slug":"frontpage","status":"publish","type":"page","link":"https:\/\/niipit.dk\/visens-venner-koege\/","title":{"rendered":"Forside"},"content":{"rendered":"\n<hr class=\"wp-block-separator\"\/>\n\n\n\n<p>Visens venner K\u00f8ge er desv\u00e6rre pt ikke eksisterende.<\/p>\n\n\n\n<p>Da det ikke har v\u00e6ret muligt at finde opbakning til at opretholde foreningen i K\u00f8ge s\u00e5 er den pt afviklet. Hvis der sener bliver opbakning til at have gang i foreningen s\u00e5 kan den startes op igen.<\/p>\n\n\n\n<h3 class=\"wp-block-heading\" id=\"h-fra-tidligere-i-visens-venner-i-k-ge\">Fra tidligere i visens venner i K\u00f8ge.<\/h3>\n\n\n\n<h4 class=\"wp-block-heading\">&#8220;Visens Venner er Glade Venner&#8221;<\/h4>\n\n\n\n<p>Det udsagn kommer tydeligt til udtryk, n\u00e5r&nbsp;Visens Venner i K\u00f8ge&nbsp;afholder viseaftener i Teaterbygning i K\u00f8ge.&nbsp;<\/p>\n\n\n\n<p>Visens Venner i K\u00f8ge&nbsp;er en forening for &#8220;glade venner af visen&#8221;, der i s\u00e6sonen september &#8211; april m\u00f8des til nogle viseaftener med f\u00e6llesspisning, f\u00e6llessang og solistoprt\u00e6den p\u00e5 scenen. L\u00e6s mere om foreningen p\u00e5 de efterf\u00f8lgende sider.<\/p>\n\n\n\n<ul class=\"wp-block-list\"><li><strong>Ka\u2019 du li\u2019 at lytte til viser &#8211; og synge med? <\/strong><\/li><li><strong>Har du m\u00e5ske ogs\u00e5 mod p\u00e5 at optr\u00e6de med en vise? <\/strong><\/li><li><strong>Eller m\u00e5ske har du lyst til at akkompagnere til visesang p\u00e5 dit instrument <\/strong><\/li><li><strong>..eller skrive tekster eller komponere?<\/strong><\/li><\/ul>\n\n\n\n<p>Hvis du kan svare \u201dja\u201d til blot \u00e9t af de sp\u00f8rgsm\u00e5l, er Visens Venner sikkert noget for dig. Men da foreningen pt ikke er aktiv er der brug for at samle folk der kan v\u00e6re int i at genoprette foreningen igen. Du er velkommen til at kontakte Niipit hvis du \u00f8nsker at v\u00e6re en del af en ny forening s\u00e5 vil Niipit pr\u00f8ve at s\u00e6tte de mennesker i kontakt med hinanden som \u00f8nsker foreningen skal genopst\u00e5. eller du kan kontakte Visens Venner Danmark.<\/p>\n\n\n\n<p><\/p>\n","protected":false},"excerpt":{"rendered":"<p>Visens venner K\u00f8ge er desv\u00e6rre pt ikke eksisterende. Da det ikke har v\u00e6ret muligt at finde opbakning til at opretholde foreningen i K\u00f8ge s\u00e5 er den pt afviklet. Hvis der sener bliver opbakning til at have gang i foreningen s\u00e5 kan den startes op igen. Fra tidligere i visens venner i K\u00f8ge. &#8220;Visens Venner er <a class=\"moretag btn btn-primary\" href=\"https:\/\/niipit.dk\/visens-venner-koege\/\">L\u00e6s mere<\/a><\/p>\n","protected":false},"author":1,"featured_media":0,"parent":0,"menu_order":0,"comment_status":"closed","ping_status":"closed","template":"frontpagePremium.php","meta":{"_exactmetrics_skip_tracking":false,"_exactmetrics_sitenote_active":false,"_exactmetrics_sitenote_note":"","_exactmetrics_sitenote_category":0,"_monsterinsights_skip_tracking":false,"_monsterinsights_sitenote_active":false,"_monsterinsights_sitenote_note":"","_monsterinsights_sitenote_category":0,"footnotes":""},"class_list":["post-5064","page","type-page","status-publish","hentry"],"yoast_head":"<!-- This site is optimized with the Yoast SEO Premium plugin v16.3 (Yoast SEO v27.3) - https:\/\/yoast.com\/product\/yoast-seo-premium-wordpress\/ -->\n<title>Visens venner K\u00f8ge er desv\u00e6rre pt ikke eksisterende.<\/title>\n<meta name=\"description\" content=\"Niipit s\u00e6tter de mennesker i kontakt med hinanden som \u00f8nsker ny forening - Kontakt Niipit hvis du \u00f8nsker at v\u00e6re en del af en ny forening\" \/>\n<meta name=\"robots\" content=\"index, follow, max-snippet:-1, max-image-preview:large, max-video-preview:-1\" \/>\n<link rel=\"canonical\" href=\"https:\/\/niipit.dk\/visens-venner-koege\/\" \/>\n<meta property=\"og:locale\" content=\"da_DK\" \/>\n<meta property=\"og:type\" content=\"article\" \/>\n<meta property=\"og:title\" content=\"Visens venner K\u00f8ge er desv\u00e6rre pt ikke eksisterende.\" \/>\n<meta property=\"og:description\" content=\"Niipit s\u00e6tter de mennesker i kontakt med hinanden som \u00f8nsker ny forening - Kontakt Niipit hvis du \u00f8nsker at v\u00e6re en del af en ny forening\" \/>\n<meta property=\"og:url\" content=\"https:\/\/niipit.dk\/visens-venner-koege\/\" \/>\n<meta property=\"og:site_name\" content=\"Visens Venner K\u00f8ge\" \/>\n<meta property=\"article:modified_time\" content=\"2021-05-02T07:06:01+00:00\" \/>\n<meta name=\"twitter:card\" content=\"summary_large_image\" \/>\n<meta name=\"twitter:label1\" content=\"Estimeret l\u00e6setid\" \/>\n\t<meta name=\"twitter:data1\" content=\"1 minut\" \/>\n<script type=\"application\/ld+json\" class=\"yoast-schema-graph\">{\"@context\":\"https:\\\/\\\/schema.org\",\"@graph\":[{\"@type\":\"WebPage\",\"@id\":\"https:\\\/\\\/niipit.dk\\\/visens-venner-koege\\\/\",\"url\":\"https:\\\/\\\/niipit.dk\\\/visens-venner-koege\\\/\",\"name\":\"Visens venner K\u00f8ge er desv\u00e6rre pt ikke eksisterende.\",\"isPartOf\":{\"@id\":\"https:\\\/\\\/niipit.dk\\\/visens-venner-koege\\\/#website\"},\"datePublished\":\"2020-04-10T20:29:34+00:00\",\"dateModified\":\"2021-05-02T07:06:01+00:00\",\"description\":\"Niipit s\u00e6tter de mennesker i kontakt med hinanden som \u00f8nsker ny forening - Kontakt Niipit hvis du \u00f8nsker at v\u00e6re en del af en ny forening\",\"breadcrumb\":{\"@id\":\"https:\\\/\\\/niipit.dk\\\/visens-venner-koege\\\/#breadcrumb\"},\"inLanguage\":\"da-DK\",\"potentialAction\":[{\"@type\":\"ReadAction\",\"target\":[\"https:\\\/\\\/niipit.dk\\\/visens-venner-koege\\\/\"]}]},{\"@type\":\"BreadcrumbList\",\"@id\":\"https:\\\/\\\/niipit.dk\\\/visens-venner-koege\\\/#breadcrumb\",\"itemListElement\":[{\"@type\":\"ListItem\",\"position\":1,\"name\":\"Hjem\",\"item\":\"https:\\\/\\\/niipit.dk\\\/visens-venner-koege\\\/\"},{\"@type\":\"ListItem\",\"position\":2,\"name\":\"Forside\"}]},{\"@type\":\"WebSite\",\"@id\":\"https:\\\/\\\/niipit.dk\\\/visens-venner-koege\\\/#website\",\"url\":\"https:\\\/\\\/niipit.dk\\\/visens-venner-koege\\\/\",\"name\":\"Visens Venner K\u00f8ge\",\"description\":\"Dansk visekunst\",\"potentialAction\":[{\"@type\":\"SearchAction\",\"target\":{\"@type\":\"EntryPoint\",\"urlTemplate\":\"https:\\\/\\\/niipit.dk\\\/visens-venner-koege\\\/?s={search_term_string}\"},\"query-input\":{\"@type\":\"PropertyValueSpecification\",\"valueRequired\":true,\"valueName\":\"search_term_string\"}}],\"inLanguage\":\"da-DK\"}]}<\/script>\n<!-- \/ Yoast SEO Premium plugin. -->","yoast_head_json":{"title":"Visens venner K\u00f8ge er desv\u00e6rre pt ikke eksisterende.","description":"Niipit s\u00e6tter de mennesker i kontakt med hinanden som \u00f8nsker ny forening - Kontakt Niipit hvis du \u00f8nsker at v\u00e6re en del af en ny forening","robots":{"index":"index","follow":"follow","max-snippet":"max-snippet:-1","max-image-preview":"max-image-preview:large","max-video-preview":"max-video-preview:-1"},"canonical":"https:\/\/niipit.dk\/visens-venner-koege\/","og_locale":"da_DK","og_type":"article","og_title":"Visens venner K\u00f8ge er desv\u00e6rre pt ikke eksisterende.","og_description":"Niipit s\u00e6tter de mennesker i kontakt med hinanden som \u00f8nsker ny forening - Kontakt Niipit hvis du \u00f8nsker at v\u00e6re en del af en ny forening","og_url":"https:\/\/niipit.dk\/visens-venner-koege\/","og_site_name":"Visens Venner K\u00f8ge","article_modified_time":"2021-05-02T07:06:01+00:00","twitter_card":"summary_large_image","twitter_misc":{"Estimeret l\u00e6setid":"1 minut"},"schema":{"@context":"https:\/\/schema.org","@graph":[{"@type":"WebPage","@id":"https:\/\/niipit.dk\/visens-venner-koege\/","url":"https:\/\/niipit.dk\/visens-venner-koege\/","name":"Visens venner K\u00f8ge er desv\u00e6rre pt ikke eksisterende.","isPartOf":{"@id":"https:\/\/niipit.dk\/visens-venner-koege\/#website"},"datePublished":"2020-04-10T20:29:34+00:00","dateModified":"2021-05-02T07:06:01+00:00","description":"Niipit s\u00e6tter de mennesker i kontakt med hinanden som \u00f8nsker ny forening - Kontakt Niipit hvis du \u00f8nsker at v\u00e6re en del af en ny forening","breadcrumb":{"@id":"https:\/\/niipit.dk\/visens-venner-koege\/#breadcrumb"},"inLanguage":"da-DK","potentialAction":[{"@type":"ReadAction","target":["https:\/\/niipit.dk\/visens-venner-koege\/"]}]},{"@type":"BreadcrumbList","@id":"https:\/\/niipit.dk\/visens-venner-koege\/#breadcrumb","itemListElement":[{"@type":"ListItem","position":1,"name":"Hjem","item":"https:\/\/niipit.dk\/visens-venner-koege\/"},{"@type":"ListItem","position":2,"name":"Forside"}]},{"@type":"WebSite","@id":"https:\/\/niipit.dk\/visens-venner-koege\/#website","url":"https:\/\/niipit.dk\/visens-venner-koege\/","name":"Visens Venner K\u00f8ge","description":"Dansk visekunst","potentialAction":[{"@type":"SearchAction","target":{"@type":"EntryPoint","urlTemplate":"https:\/\/niipit.dk\/visens-venner-koege\/?s={search_term_string}"},"query-input":{"@type":"PropertyValueSpecification","valueRequired":true,"valueName":"search_term_string"}}],"inLanguage":"da-DK"}]}},"_links":{"self":[{"href":"https:\/\/niipit.dk\/visens-venner-koege\/wp-json\/wp\/v2\/pages\/5064","targetHints":{"allow":["GET"]}}],"collection":[{"href":"https:\/\/niipit.dk\/visens-venner-koege\/wp-json\/wp\/v2\/pages"}],"about":[{"href":"https:\/\/niipit.dk\/visens-venner-koege\/wp-json\/wp\/v2\/types\/page"}],"author":[{"embeddable":true,"href":"https:\/\/niipit.dk\/visens-venner-koege\/wp-json\/wp\/v2\/users\/1"}],"replies":[{"embeddable":true,"href":"https:\/\/niipit.dk\/visens-venner-koege\/wp-json\/wp\/v2\/comments?post=5064"}],"version-history":[{"count":3,"href":"https:\/\/niipit.dk\/visens-venner-koege\/wp-json\/wp\/v2\/pages\/5064\/revisions"}],"predecessor-version":[{"id":5986,"href":"https:\/\/niipit.dk\/visens-venner-koege\/wp-json\/wp\/v2\/pages\/5064\/revisions\/5986"}],"wp:attachment":[{"href":"https:\/\/niipit.dk\/visens-venner-koege\/wp-json\/wp\/v2\/media?parent=5064"}],"curies":[{"name":"wp","href":"https:\/\/api.w.org\/{rel}","templated":true}]}}