{"id":5064,"date":"2020-04-10T22:29:34","date_gmt":"2020-04-10T20:29:34","guid":{"rendered":"https:\/\/niipit.dk\/villavejen-shop\/?page_id=5064"},"modified":"2021-01-04T19:09:40","modified_gmt":"2021-01-04T18:09:40","slug":"frontpage","status":"publish","type":"page","link":"https:\/\/niipit.dk\/villavejen\/","title":{"rendered":"Forside"},"content":{"rendered":"\n<hr class=\"wp-block-separator\"\/>\n\n\n\n<h1 class=\"wp-block-heading\" id=\"h-villavejen-er-danmarks-st-rste-producent-af-personligt-interi-rer-og-pynt-til-b-rnev-relser\">Villavejen er Danmarks st\u00f8rste producent af personligt interi\u00f8rer og pynt til b\u00f8rnev\u00e6relser.<\/h1>\n\n\n\n<p>Villavejen&nbsp;designer og producere personlige og unik <a href=\"https:\/\/www.villavejen.com\/vaegdekoration\/\" target=\"_blank\" rel=\"noreferrer noopener\">v\u00e6gdekoration<\/a> til b\u00f8rnev\u00e6relser i Dansk Design. Vi s\u00e6lger i dag b\u00e5de til Danmark og Sverige via vores egne webshops og arbejdet p\u00e5 salg i Tyskland er skudt igang og forventes at begynde i 2021.<br>Vores produktion er g\u00e5et fra sm\u00e5 20 m2 garage produktion ved virksomhedens begyndelse, til i dag at have til huse i en ejendom p\u00e5 mere end 2.500 m2.<br>Villavejen er i konstant udvikling ift. produkter, nyt\u00e6nkning og optimering, og vi g\u00f8r altid vores yderste for at yde en tilfredsstillende kundeservice.Vores normale leveringstid er max 7 hverdage, men som oftest er din vare meget hurtigere ude af d\u00f8ren, og du har altid mulighed for at kontakte os hvis du har sp\u00f8rgsm\u00e5l og \u00f8nske til en hastesag.Villavejen er Danmarks st\u00f8rste producent af personligt interi\u00f8rer og pynt til b\u00f8rnev\u00e6relser.<\/p>\n\n\n\n<p>Her hos Villavejen finder du et bredt udvalg af bl.a.&nbsp;b\u00f8rnelamper,&nbsp;babyspejle,&nbsp;ure&nbsp;og&nbsp;knager,&nbsp;navneskilte&nbsp;som er lidt ud over det s\u00e6dvanlige, de f\u00e5s nemlig i alverdens motiver og farver.&nbsp;<\/p>\n\n\n\n<h3 class=\"wp-block-heading\" id=\"h-velkommen-til-en-verden-af-unik-dansk-design-alle-produkter-er-h-ndlavet-og-h-ndmalet-med-st-rste-k-rlighed\">Velkommen til en verden af unik dansk design &#8211; Alle produkter er h\u00e5ndlavet og h\u00e5ndmalet med st\u00f8rste k\u00e6rlighed.<\/h3>\n","protected":false},"excerpt":{"rendered":"<p>Villavejen er Danmarks st\u00f8rste producent af personligt interi\u00f8rer og pynt til b\u00f8rnev\u00e6relser. Villavejen&nbsp;designer og producere personlige og unik v\u00e6gdekoration til b\u00f8rnev\u00e6relser i Dansk Design. Vi s\u00e6lger i dag b\u00e5de til Danmark og Sverige via vores egne webshops og arbejdet p\u00e5 salg i Tyskland er skudt igang og forventes at begynde i 2021.Vores produktion er g\u00e5et <a class=\"moretag btn btn-primary\" href=\"https:\/\/niipit.dk\/villavejen\/\">L\u00e6s mere<\/a><\/p>\n","protected":false},"author":1,"featured_media":0,"parent":0,"menu_order":0,"comment_status":"closed","ping_status":"closed","template":"frontpagePremium.php","meta":{"_exactmetrics_skip_tracking":false,"_exactmetrics_sitenote_active":false,"_exactmetrics_sitenote_note":"","_exactmetrics_sitenote_category":0,"_monsterinsights_skip_tracking":false,"_monsterinsights_sitenote_active":false,"_monsterinsights_sitenote_note":"","_monsterinsights_sitenote_category":0,"footnotes":""},"class_list":["post-5064","page","type-page","status-publish","hentry"],"yoast_head":"<!-- This site is optimized with the Yoast SEO Premium plugin v16.3 (Yoast SEO v27.4) - https:\/\/yoast.com\/product\/yoast-seo-premium-wordpress\/ -->\n<title>Unikke og personlige v\u00e6gdekorationer fra Villavejen.com<\/title>\n<meta name=\"description\" content=\"Unikke og personlige produkter til hjemmet hos Villavejen n\u00e5r du vil give dit barn det bedste at kigge p\u00e5 og lege med. F\u00e5 inspiration her \u261e\" \/>\n<meta name=\"robots\" content=\"index, follow, max-snippet:-1, max-image-preview:large, max-video-preview:-1\" \/>\n<link rel=\"canonical\" href=\"https:\/\/niipit.dk\/villavejen\/\" \/>\n<meta property=\"og:locale\" content=\"da_DK\" \/>\n<meta property=\"og:type\" content=\"article\" \/>\n<meta property=\"og:title\" content=\"Unikke og personlige v\u00e6gdekorationer fra Villavejen.com\" \/>\n<meta property=\"og:description\" content=\"Unikke og personlige produkter til hjemmet hos Villavejen n\u00e5r du vil give dit barn det bedste at kigge p\u00e5 og lege med. F\u00e5 inspiration her \u261e\" \/>\n<meta property=\"og:url\" content=\"https:\/\/niipit.dk\/villavejen\/\" \/>\n<meta property=\"og:site_name\" content=\"Villavejen\" \/>\n<meta property=\"article:modified_time\" content=\"2021-01-04T18:09:40+00:00\" \/>\n<meta name=\"twitter:card\" content=\"summary_large_image\" \/>\n<meta name=\"twitter:label1\" content=\"Estimeret l\u00e6setid\" \/>\n\t<meta name=\"twitter:data1\" content=\"1 minut\" \/>\n<script type=\"application\/ld+json\" class=\"yoast-schema-graph\">{\"@context\":\"https:\\\/\\\/schema.org\",\"@graph\":[{\"@type\":\"WebPage\",\"@id\":\"https:\\\/\\\/niipit.dk\\\/villavejen\\\/\",\"url\":\"https:\\\/\\\/niipit.dk\\\/villavejen\\\/\",\"name\":\"Unikke og personlige v\u00e6gdekorationer fra Villavejen.com\",\"isPartOf\":{\"@id\":\"http:\\\/\\\/niipit.dk\\\/villavejen\\\/#website\"},\"datePublished\":\"2020-04-10T20:29:34+00:00\",\"dateModified\":\"2021-01-04T18:09:40+00:00\",\"description\":\"Unikke og personlige produkter til hjemmet hos Villavejen n\u00e5r du vil give dit barn det bedste at kigge p\u00e5 og lege med. F\u00e5 inspiration her \u261e\",\"breadcrumb\":{\"@id\":\"https:\\\/\\\/niipit.dk\\\/villavejen\\\/#breadcrumb\"},\"inLanguage\":\"da-DK\",\"potentialAction\":[{\"@type\":\"ReadAction\",\"target\":[\"https:\\\/\\\/niipit.dk\\\/villavejen\\\/\"]}]},{\"@type\":\"BreadcrumbList\",\"@id\":\"https:\\\/\\\/niipit.dk\\\/villavejen\\\/#breadcrumb\",\"itemListElement\":[{\"@type\":\"ListItem\",\"position\":1,\"name\":\"Hjem\",\"item\":\"https:\\\/\\\/niipit.dk\\\/villavejen\\\/\"},{\"@type\":\"ListItem\",\"position\":2,\"name\":\"Forside\"}]},{\"@type\":\"WebSite\",\"@id\":\"http:\\\/\\\/niipit.dk\\\/villavejen\\\/#website\",\"url\":\"http:\\\/\\\/niipit.dk\\\/villavejen\\\/\",\"name\":\"Villavejen\",\"description\":\"Alt til b\u00f8rnev\u00e6relset\",\"potentialAction\":[{\"@type\":\"SearchAction\",\"target\":{\"@type\":\"EntryPoint\",\"urlTemplate\":\"http:\\\/\\\/niipit.dk\\\/villavejen\\\/?s={search_term_string}\"},\"query-input\":{\"@type\":\"PropertyValueSpecification\",\"valueRequired\":true,\"valueName\":\"search_term_string\"}}],\"inLanguage\":\"da-DK\"}]}<\/script>\n<!-- \/ Yoast SEO Premium plugin. -->","yoast_head_json":{"title":"Unikke og personlige v\u00e6gdekorationer fra Villavejen.com","description":"Unikke og personlige produkter til hjemmet hos Villavejen n\u00e5r du vil give dit barn det bedste at kigge p\u00e5 og lege med. F\u00e5 inspiration her \u261e","robots":{"index":"index","follow":"follow","max-snippet":"max-snippet:-1","max-image-preview":"max-image-preview:large","max-video-preview":"max-video-preview:-1"},"canonical":"https:\/\/niipit.dk\/villavejen\/","og_locale":"da_DK","og_type":"article","og_title":"Unikke og personlige v\u00e6gdekorationer fra Villavejen.com","og_description":"Unikke og personlige produkter til hjemmet hos Villavejen n\u00e5r du vil give dit barn det bedste at kigge p\u00e5 og lege med. F\u00e5 inspiration her \u261e","og_url":"https:\/\/niipit.dk\/villavejen\/","og_site_name":"Villavejen","article_modified_time":"2021-01-04T18:09:40+00:00","twitter_card":"summary_large_image","twitter_misc":{"Estimeret l\u00e6setid":"1 minut"},"schema":{"@context":"https:\/\/schema.org","@graph":[{"@type":"WebPage","@id":"https:\/\/niipit.dk\/villavejen\/","url":"https:\/\/niipit.dk\/villavejen\/","name":"Unikke og personlige v\u00e6gdekorationer fra Villavejen.com","isPartOf":{"@id":"http:\/\/niipit.dk\/villavejen\/#website"},"datePublished":"2020-04-10T20:29:34+00:00","dateModified":"2021-01-04T18:09:40+00:00","description":"Unikke og personlige produkter til hjemmet hos Villavejen n\u00e5r du vil give dit barn det bedste at kigge p\u00e5 og lege med. F\u00e5 inspiration her \u261e","breadcrumb":{"@id":"https:\/\/niipit.dk\/villavejen\/#breadcrumb"},"inLanguage":"da-DK","potentialAction":[{"@type":"ReadAction","target":["https:\/\/niipit.dk\/villavejen\/"]}]},{"@type":"BreadcrumbList","@id":"https:\/\/niipit.dk\/villavejen\/#breadcrumb","itemListElement":[{"@type":"ListItem","position":1,"name":"Hjem","item":"https:\/\/niipit.dk\/villavejen\/"},{"@type":"ListItem","position":2,"name":"Forside"}]},{"@type":"WebSite","@id":"http:\/\/niipit.dk\/villavejen\/#website","url":"http:\/\/niipit.dk\/villavejen\/","name":"Villavejen","description":"Alt til b\u00f8rnev\u00e6relset","potentialAction":[{"@type":"SearchAction","target":{"@type":"EntryPoint","urlTemplate":"http:\/\/niipit.dk\/villavejen\/?s={search_term_string}"},"query-input":{"@type":"PropertyValueSpecification","valueRequired":true,"valueName":"search_term_string"}}],"inLanguage":"da-DK"}]}},"_links":{"self":[{"href":"https:\/\/niipit.dk\/villavejen\/wp-json\/wp\/v2\/pages\/5064","targetHints":{"allow":["GET"]}}],"collection":[{"href":"https:\/\/niipit.dk\/villavejen\/wp-json\/wp\/v2\/pages"}],"about":[{"href":"https:\/\/niipit.dk\/villavejen\/wp-json\/wp\/v2\/types\/page"}],"author":[{"embeddable":true,"href":"https:\/\/niipit.dk\/villavejen\/wp-json\/wp\/v2\/users\/1"}],"replies":[{"embeddable":true,"href":"https:\/\/niipit.dk\/villavejen\/wp-json\/wp\/v2\/comments?post=5064"}],"version-history":[{"count":1,"href":"https:\/\/niipit.dk\/villavejen\/wp-json\/wp\/v2\/pages\/5064\/revisions"}],"predecessor-version":[{"id":5994,"href":"https:\/\/niipit.dk\/villavejen\/wp-json\/wp\/v2\/pages\/5064\/revisions\/5994"}],"wp:attachment":[{"href":"https:\/\/niipit.dk\/villavejen\/wp-json\/wp\/v2\/media?parent=5064"}],"curies":[{"name":"wp","href":"https:\/\/api.w.org\/{rel}","templated":true}]}}