{"id":6246,"date":"2019-12-10T21:38:41","date_gmt":"2019-12-10T20:38:41","guid":{"rendered":"https:\/\/niipit.dk\/viktoria-houmann\/?post_type=product&#038;p=6246"},"modified":"2019-12-13T19:51:29","modified_gmt":"2019-12-13T18:51:29","slug":"selvkaerligt-vaegttab-for-kvinder","status":"publish","type":"product","link":"https:\/\/niipit.dk\/viktoria-houmann\/produkt\/selvkaerligt-vaegttab-for-kvinder\/","title":{"rendered":"Selvk\u00e6rligt v\u00e6gttab for kvinder"},"content":{"rendered":"<h1>Selvk\u00e6rligt v\u00e6gttab for kvinder<\/h1>\n<h2>Et kursus som vil hj\u00e6lpe dig til at slippe de overfl\u00f8dige kilo uden brug af slankekure<\/h2>\n<p><strong>Selvk\u00e6rligt v\u00e6gttab for kvinder &#8211; H<em>vordan kan du tabe dig, uden at g\u00e5 p\u00e5 slankekur?<\/em><\/strong><\/p>\n<p>Det g\u00f8r du ved at fjerne de &#8220;programmer&#8221;, der er \u00e5rsag til at dine v\u00e6gtproblemer, og installere nogle nye &#8220;programmer&#8221;.<br \/>\nDe programmer som er \u00e5rsagerne til dine v\u00e6gtproblemer handler ofte om dine tanker, dine vaner, dine f\u00f8lelser og overbevisninger.<br \/>\nFaktisk kan du ikke opn\u00e5 et varigt v\u00e6gttab, ved at g\u00e5 p\u00e5 slankekur!!!! S\u00e5 er det sagt.<br \/>\nP\u00e5 kurset &#8220;Selvk\u00e6rligt v\u00e6gttab for kvinder&#8221; l\u00e6re du at se med k\u00e6rlige og nysgerrige \u00f8jne, p\u00e5 de bagvedliggende \u00e5rsager til dine v\u00e6gt og spise-problemer.<br \/>\nDu kan se din overv\u00e6gt som symptomer p\u00e5 nogle dybereliggende \u00e5rsager. Hvis du ikke fjerner \u00e5rsagerne, vil symptomerne blive ved med at vende tilbage.<br \/>\nFaktisk er din eneste mulighed, for at opn\u00e5 et varigt v\u00e6gttab, at fjerne \u00e5rsagerne til v\u00e6gt\u00f8gningen. Du vil selvf\u00f8lgelig f\u00e5 hj\u00e6lp til at fjerne \u00e5rsagerne, s\u00e5 dit v\u00e6gttab kan blive permanent.<br \/>\nDu vil opleve at vejen dertil vil blive sjov og nydelsesfuld.<\/p>\n<h3>Hvordan foreg\u00e5r det og hvad koster det?<\/h3>\n<p>Kurset str\u00e6kker sig over 1 \u00e5r, og er online, hvilket giver dig frihed til at arbejde med det n\u00e5r det passerdig bedst.<br \/>\nDet best\u00e5r af lydfiler, der p\u00e5 en grundig og letforst\u00e5elig m\u00e5de hj\u00e6lper dig til at forst\u00e5 \u00e5rsagerne bag overv\u00e6gt.<br \/>\nLydfiler og opgaver der hj\u00e6lper dig til at finde netop dine \u00e5rsager og giver dig samtidig redskaber til ogs\u00e5 at fjerne\/\u00e6ndre disse.<br \/>\nSamtidig er der coaching hele vejen, hvilket hj\u00e6lper dig med at fastholde din vej, og hj\u00e6lper dig til at komme dybere ned og rykke dig hurtigere.<br \/>\nAl coaching foreg\u00e5r over telefon eller p\u00e5 messenger og efter f\u00e6lles aftale.<\/p>\n<h3>Pris<\/h3>\n<p>Kurset &#8220;Selvk\u00e6rligt v\u00e6gttab for kvinder&#8221;\u00a0koster 12500 kr. med moms og der er mulighed for at betale det over 12 m\u00e5neder.<\/p>\n<p><img loading=\"lazy\" decoding=\"async\" class=\"aligncenter wp-image-6102\" src=\"https:\/\/niipit.dk\/viktoria-houmann\/wp-content\/uploads\/sites\/351\/2019\/11\/Varigt-v\u00e6gttab-Viktoria-Houmann-Selvk\u00e6rligt-v\u00e6gttab-300x169.png\" alt=\"v\u00e6gttab for kvinder Viktoria Houmann \" width=\"600\" height=\"337\" srcset=\"https:\/\/niipit.dk\/viktoria-houmann\/wp-content\/uploads\/sites\/351\/2019\/11\/Varigt-v\u00e6gttab-Viktoria-Houmann-Selvk\u00e6rligt-v\u00e6gttab-300x169.png 300w, https:\/\/niipit.dk\/viktoria-houmann\/wp-content\/uploads\/sites\/351\/2019\/11\/Varigt-v\u00e6gttab-Viktoria-Houmann-Selvk\u00e6rligt-v\u00e6gttab-1024x576.png 1024w, https:\/\/niipit.dk\/viktoria-houmann\/wp-content\/uploads\/sites\/351\/2019\/11\/Varigt-v\u00e6gttab-Viktoria-Houmann-Selvk\u00e6rligt-v\u00e6gttab-768x432.png 768w, https:\/\/niipit.dk\/viktoria-houmann\/wp-content\/uploads\/sites\/351\/2019\/11\/Varigt-v\u00e6gttab-Viktoria-Houmann-Selvk\u00e6rligt-v\u00e6gttab-600x337.png 600w, https:\/\/niipit.dk\/viktoria-houmann\/wp-content\/uploads\/sites\/351\/2019\/11\/Varigt-v\u00e6gttab-Viktoria-Houmann-Selvk\u00e6rligt-v\u00e6gttab.png 1236w\" sizes=\"auto, (max-width: 600px) 100vw, 600px\" \/><\/p>\n<h3>Bonus. Bestil senest 3 Januar 2020 og f\u00e5 <a href=\"https:\/\/niipit.dk\/viktoria-houmann\/produkt\/selvudvikling-kursus\/\">kurset Selvudvikling<\/a> for 0 kr<br \/>\nSpar 18.000 kr<\/h3>\n<p>Se vores <a href=\"https:\/\/www.facebook.com\/Livsforvandlerdk-Livsforvandler-Akademiet-Viktoria-Houmann-105558213548737\/\">Facebook\u00a0<\/a><\/p>\n","protected":false},"excerpt":{"rendered":"<p>Selvk\u00e6rligt v\u00e6gttab for kvinder Et kursus som vil hj\u00e6lpe dig til at slippe de overfl\u00f8dige kilo uden brug af slankekure Selvk\u00e6rligt v\u00e6gttab for kvinder &#8211; Hvordan kan du tabe dig, uden at g\u00e5 p\u00e5 slankekur? Det g\u00f8r du ved at fjerne de &#8220;programmer&#8221;, der er \u00e5rsag til at dine v\u00e6gtproblemer, og installere nogle nye &#8220;programmer&#8221;. <a class=\"moretag btn btn-primary\" href=\"https:\/\/niipit.dk\/viktoria-houmann\/produkt\/selvkaerligt-vaegttab-for-kvinder\/\">L\u00e6s mere<\/a><\/p>\n","protected":false},"featured_media":6102,"template":"","meta":{"_exactmetrics_skip_tracking":false,"_exactmetrics_sitenote_active":false,"_exactmetrics_sitenote_note":"","_exactmetrics_sitenote_category":0,"_monsterinsights_skip_tracking":false,"_monsterinsights_sitenote_active":false,"_monsterinsights_sitenote_note":"","_monsterinsights_sitenote_category":0},"product_brand":[],"product_cat":[2164],"product_tag":[],"shoptype":[],"class_list":{"0":"post-6246","1":"product","2":"type-product","3":"status-publish","4":"has-post-thumbnail","6":"product_cat-alle-vare","8":"first","9":"instock","10":"virtual","11":"purchasable","12":"product-type-simple"},"yoast_head":"<!-- This site is optimized with the Yoast SEO Premium plugin v16.3 (Yoast SEO v27.3) - https:\/\/yoast.com\/product\/yoast-seo-premium-wordpress\/ -->\n<title>Selvk\u00e6rligt v\u00e6gttab for kvinder - Viktoria Houmann<\/title>\n<meta name=\"description\" content=\"Selvk\u00e6rligt v\u00e6gttab for kvinder - Kursus hvor du sammen med Viktoria Houmann bliver guidet sikkert gennem forst\u00e5else for dit eget liv og velv\u00e6re.\" \/>\n<meta name=\"robots\" content=\"index, follow, max-snippet:-1, max-image-preview:large, max-video-preview:-1\" \/>\n<link rel=\"canonical\" href=\"https:\/\/niipit.dk\/viktoria-houmann\/produkt\/selvkaerligt-vaegttab-for-kvinder\/\" \/>\n<meta property=\"og:locale\" content=\"da_DK\" \/>\n<meta property=\"og:type\" content=\"article\" \/>\n<meta property=\"og:title\" content=\"Selvk\u00e6rligt v\u00e6gttab for kvinder - Viktoria Houmann\" \/>\n<meta property=\"og:description\" content=\"Selvk\u00e6rligt v\u00e6gttab for kvinder - Kursus hvor du sammen med Viktoria Houmann bliver guidet sikkert gennem forst\u00e5else for dit eget liv og velv\u00e6re.\" \/>\n<meta property=\"og:url\" content=\"https:\/\/niipit.dk\/viktoria-houmann\/produkt\/selvkaerligt-vaegttab-for-kvinder\/\" \/>\n<meta property=\"og:site_name\" content=\"Viktoria Houmann\" \/>\n<meta property=\"article:modified_time\" content=\"2019-12-13T18:51:29+00:00\" \/>\n<meta property=\"og:image\" content=\"https:\/\/niipit.dk\/viktoria-houmann\/wp-content\/uploads\/sites\/351\/2019\/11\/Varigt-v\u00e6gttab-Viktoria-Houmann-Selvk\u00e6rligt-v\u00e6gttab.png\" \/>\n\t<meta property=\"og:image:width\" content=\"1236\" \/>\n\t<meta property=\"og:image:height\" content=\"695\" \/>\n\t<meta property=\"og:image:type\" content=\"image\/png\" \/>\n<meta name=\"twitter:card\" content=\"summary_large_image\" \/>\n<meta name=\"twitter:label1\" content=\"Estimeret l\u00e6setid\" \/>\n\t<meta name=\"twitter:data1\" content=\"2 minutter\" \/>\n<script type=\"application\/ld+json\" class=\"yoast-schema-graph\">{\"@context\":\"https:\\\/\\\/schema.org\",\"@graph\":[{\"@type\":\"WebPage\",\"@id\":\"https:\\\/\\\/niipit.dk\\\/viktoria-houmann\\\/produkt\\\/selvkaerligt-vaegttab-for-kvinder\\\/\",\"url\":\"https:\\\/\\\/niipit.dk\\\/viktoria-houmann\\\/produkt\\\/selvkaerligt-vaegttab-for-kvinder\\\/\",\"name\":\"Selvk\u00e6rligt v\u00e6gttab for kvinder - Viktoria Houmann\",\"isPartOf\":{\"@id\":\"http:\\\/\\\/niipit.dk\\\/viktoria-houmann\\\/#website\"},\"primaryImageOfPage\":{\"@id\":\"https:\\\/\\\/niipit.dk\\\/viktoria-houmann\\\/produkt\\\/selvkaerligt-vaegttab-for-kvinder\\\/#primaryimage\"},\"image\":{\"@id\":\"https:\\\/\\\/niipit.dk\\\/viktoria-houmann\\\/produkt\\\/selvkaerligt-vaegttab-for-kvinder\\\/#primaryimage\"},\"thumbnailUrl\":\"https:\\\/\\\/niipit.dk\\\/viktoria-houmann\\\/wp-content\\\/uploads\\\/sites\\\/351\\\/2019\\\/11\\\/Varigt-v\u00e6gttab-Viktoria-Houmann-Selvk\u00e6rligt-v\u00e6gttab.png\",\"datePublished\":\"2019-12-10T20:38:41+00:00\",\"dateModified\":\"2019-12-13T18:51:29+00:00\",\"description\":\"Selvk\u00e6rligt v\u00e6gttab for kvinder - Kursus hvor du sammen med Viktoria Houmann bliver guidet sikkert gennem forst\u00e5else for dit eget liv og velv\u00e6re.\",\"breadcrumb\":{\"@id\":\"https:\\\/\\\/niipit.dk\\\/viktoria-houmann\\\/produkt\\\/selvkaerligt-vaegttab-for-kvinder\\\/#breadcrumb\"},\"inLanguage\":\"da-DK\",\"potentialAction\":[{\"@type\":\"ReadAction\",\"target\":[\"https:\\\/\\\/niipit.dk\\\/viktoria-houmann\\\/produkt\\\/selvkaerligt-vaegttab-for-kvinder\\\/\"]}]},{\"@type\":\"ImageObject\",\"inLanguage\":\"da-DK\",\"@id\":\"https:\\\/\\\/niipit.dk\\\/viktoria-houmann\\\/produkt\\\/selvkaerligt-vaegttab-for-kvinder\\\/#primaryimage\",\"url\":\"https:\\\/\\\/niipit.dk\\\/viktoria-houmann\\\/wp-content\\\/uploads\\\/sites\\\/351\\\/2019\\\/11\\\/Varigt-v\u00e6gttab-Viktoria-Houmann-Selvk\u00e6rligt-v\u00e6gttab.png\",\"contentUrl\":\"https:\\\/\\\/niipit.dk\\\/viktoria-houmann\\\/wp-content\\\/uploads\\\/sites\\\/351\\\/2019\\\/11\\\/Varigt-v\u00e6gttab-Viktoria-Houmann-Selvk\u00e6rligt-v\u00e6gttab.png\",\"width\":1236,\"height\":695,\"caption\":\"Varigt v\u00e6gttab Viktoria Houmann Selvk\u00e6rligt v\u00e6gttab\"},{\"@type\":\"BreadcrumbList\",\"@id\":\"https:\\\/\\\/niipit.dk\\\/viktoria-houmann\\\/produkt\\\/selvkaerligt-vaegttab-for-kvinder\\\/#breadcrumb\",\"itemListElement\":[{\"@type\":\"ListItem\",\"position\":1,\"name\":\"Hjem\",\"item\":\"http:\\\/\\\/niipit.dk\\\/viktoria-houmann\\\/\"},{\"@type\":\"ListItem\",\"position\":2,\"name\":\"Shop\",\"item\":\"https:\\\/\\\/niipit.dk\\\/viktoria-houmann\\\/shop\\\/\"},{\"@type\":\"ListItem\",\"position\":3,\"name\":\"Selvk\u00e6rligt v\u00e6gttab for kvinder\"}]},{\"@type\":\"WebSite\",\"@id\":\"http:\\\/\\\/niipit.dk\\\/viktoria-houmann\\\/#website\",\"url\":\"http:\\\/\\\/niipit.dk\\\/viktoria-houmann\\\/\",\"name\":\"Viktoria Houmann\",\"description\":\"Selvk\u00e6rligt v\u00e6gttab\",\"potentialAction\":[{\"@type\":\"SearchAction\",\"target\":{\"@type\":\"EntryPoint\",\"urlTemplate\":\"http:\\\/\\\/niipit.dk\\\/viktoria-houmann\\\/?s={search_term_string}\"},\"query-input\":{\"@type\":\"PropertyValueSpecification\",\"valueRequired\":true,\"valueName\":\"search_term_string\"}}],\"inLanguage\":\"da-DK\"}]}<\/script>\n<!-- \/ Yoast SEO Premium plugin. -->","yoast_head_json":{"title":"Selvk\u00e6rligt v\u00e6gttab for kvinder - Viktoria Houmann","description":"Selvk\u00e6rligt v\u00e6gttab for kvinder - Kursus hvor du sammen med Viktoria Houmann bliver guidet sikkert gennem forst\u00e5else for dit eget liv og velv\u00e6re.","robots":{"index":"index","follow":"follow","max-snippet":"max-snippet:-1","max-image-preview":"max-image-preview:large","max-video-preview":"max-video-preview:-1"},"canonical":"https:\/\/niipit.dk\/viktoria-houmann\/produkt\/selvkaerligt-vaegttab-for-kvinder\/","og_locale":"da_DK","og_type":"article","og_title":"Selvk\u00e6rligt v\u00e6gttab for kvinder - Viktoria Houmann","og_description":"Selvk\u00e6rligt v\u00e6gttab for kvinder - Kursus hvor du sammen med Viktoria Houmann bliver guidet sikkert gennem forst\u00e5else for dit eget liv og velv\u00e6re.","og_url":"https:\/\/niipit.dk\/viktoria-houmann\/produkt\/selvkaerligt-vaegttab-for-kvinder\/","og_site_name":"Viktoria Houmann","article_modified_time":"2019-12-13T18:51:29+00:00","og_image":[{"width":1236,"height":695,"url":"https:\/\/niipit.dk\/viktoria-houmann\/wp-content\/uploads\/sites\/351\/2019\/11\/Varigt-v\u00e6gttab-Viktoria-Houmann-Selvk\u00e6rligt-v\u00e6gttab.png","type":"image\/png"}],"twitter_card":"summary_large_image","twitter_misc":{"Estimeret l\u00e6setid":"2 minutter"},"schema":{"@context":"https:\/\/schema.org","@graph":[{"@type":"WebPage","@id":"https:\/\/niipit.dk\/viktoria-houmann\/produkt\/selvkaerligt-vaegttab-for-kvinder\/","url":"https:\/\/niipit.dk\/viktoria-houmann\/produkt\/selvkaerligt-vaegttab-for-kvinder\/","name":"Selvk\u00e6rligt v\u00e6gttab for kvinder - Viktoria Houmann","isPartOf":{"@id":"http:\/\/niipit.dk\/viktoria-houmann\/#website"},"primaryImageOfPage":{"@id":"https:\/\/niipit.dk\/viktoria-houmann\/produkt\/selvkaerligt-vaegttab-for-kvinder\/#primaryimage"},"image":{"@id":"https:\/\/niipit.dk\/viktoria-houmann\/produkt\/selvkaerligt-vaegttab-for-kvinder\/#primaryimage"},"thumbnailUrl":"https:\/\/niipit.dk\/viktoria-houmann\/wp-content\/uploads\/sites\/351\/2019\/11\/Varigt-v\u00e6gttab-Viktoria-Houmann-Selvk\u00e6rligt-v\u00e6gttab.png","datePublished":"2019-12-10T20:38:41+00:00","dateModified":"2019-12-13T18:51:29+00:00","description":"Selvk\u00e6rligt v\u00e6gttab for kvinder - Kursus hvor du sammen med Viktoria Houmann bliver guidet sikkert gennem forst\u00e5else for dit eget liv og velv\u00e6re.","breadcrumb":{"@id":"https:\/\/niipit.dk\/viktoria-houmann\/produkt\/selvkaerligt-vaegttab-for-kvinder\/#breadcrumb"},"inLanguage":"da-DK","potentialAction":[{"@type":"ReadAction","target":["https:\/\/niipit.dk\/viktoria-houmann\/produkt\/selvkaerligt-vaegttab-for-kvinder\/"]}]},{"@type":"ImageObject","inLanguage":"da-DK","@id":"https:\/\/niipit.dk\/viktoria-houmann\/produkt\/selvkaerligt-vaegttab-for-kvinder\/#primaryimage","url":"https:\/\/niipit.dk\/viktoria-houmann\/wp-content\/uploads\/sites\/351\/2019\/11\/Varigt-v\u00e6gttab-Viktoria-Houmann-Selvk\u00e6rligt-v\u00e6gttab.png","contentUrl":"https:\/\/niipit.dk\/viktoria-houmann\/wp-content\/uploads\/sites\/351\/2019\/11\/Varigt-v\u00e6gttab-Viktoria-Houmann-Selvk\u00e6rligt-v\u00e6gttab.png","width":1236,"height":695,"caption":"Varigt v\u00e6gttab Viktoria Houmann Selvk\u00e6rligt v\u00e6gttab"},{"@type":"BreadcrumbList","@id":"https:\/\/niipit.dk\/viktoria-houmann\/produkt\/selvkaerligt-vaegttab-for-kvinder\/#breadcrumb","itemListElement":[{"@type":"ListItem","position":1,"name":"Hjem","item":"http:\/\/niipit.dk\/viktoria-houmann\/"},{"@type":"ListItem","position":2,"name":"Shop","item":"https:\/\/niipit.dk\/viktoria-houmann\/shop\/"},{"@type":"ListItem","position":3,"name":"Selvk\u00e6rligt v\u00e6gttab for kvinder"}]},{"@type":"WebSite","@id":"http:\/\/niipit.dk\/viktoria-houmann\/#website","url":"http:\/\/niipit.dk\/viktoria-houmann\/","name":"Viktoria Houmann","description":"Selvk\u00e6rligt v\u00e6gttab","potentialAction":[{"@type":"SearchAction","target":{"@type":"EntryPoint","urlTemplate":"http:\/\/niipit.dk\/viktoria-houmann\/?s={search_term_string}"},"query-input":{"@type":"PropertyValueSpecification","valueRequired":true,"valueName":"search_term_string"}}],"inLanguage":"da-DK"}]}},"_links":{"self":[{"href":"https:\/\/niipit.dk\/viktoria-houmann\/wp-json\/wp\/v2\/product\/6246","targetHints":{"allow":["GET"]}}],"collection":[{"href":"https:\/\/niipit.dk\/viktoria-houmann\/wp-json\/wp\/v2\/product"}],"about":[{"href":"https:\/\/niipit.dk\/viktoria-houmann\/wp-json\/wp\/v2\/types\/product"}],"wp:featuredmedia":[{"embeddable":true,"href":"https:\/\/niipit.dk\/viktoria-houmann\/wp-json\/wp\/v2\/media\/6102"}],"wp:attachment":[{"href":"https:\/\/niipit.dk\/viktoria-houmann\/wp-json\/wp\/v2\/media?parent=6246"}],"wp:term":[{"taxonomy":"product_brand","embeddable":true,"href":"https:\/\/niipit.dk\/viktoria-houmann\/wp-json\/wp\/v2\/product_brand?post=6246"},{"taxonomy":"product_cat","embeddable":true,"href":"https:\/\/niipit.dk\/viktoria-houmann\/wp-json\/wp\/v2\/product_cat?post=6246"},{"taxonomy":"product_tag","embeddable":true,"href":"https:\/\/niipit.dk\/viktoria-houmann\/wp-json\/wp\/v2\/product_tag?post=6246"},{"taxonomy":"shoptype","embeddable":true,"href":"https:\/\/niipit.dk\/viktoria-houmann\/wp-json\/wp\/v2\/shoptype?post=6246"}],"curies":[{"name":"wp","href":"https:\/\/api.w.org\/{rel}","templated":true}]}}