{"id":5133,"date":"2018-08-15T22:08:09","date_gmt":"2018-08-15T20:08:09","guid":{"rendered":"https:\/\/niipit.dk\/nv2-QogM\/?page_id=5133"},"modified":"2020-07-04T22:36:26","modified_gmt":"2020-07-04T20:36:26","slug":"kontakt","status":"publish","type":"page","link":"https:\/\/niipit.dk\/vigordetsammen\/kontakt\/","title":{"rendered":"Kontakt"},"content":{"rendered":"<div class=\"row justify-content-md-center\">\n<div class=\"col-xs-12 col-sm-12 col-md-6 col-lg-4\">\n<h1 style=\"text-align: center;\">Top Assistance<br \/>\n&amp;<br \/>\nR\u00e5dgivning<\/h1>\n<h3 style=\"text-align: center;\">Sygeplejerske Rikke Melhede<br \/>\nBomarks \u00e5sen 7<br \/>\n3230 Gr\u00e6sted<br \/>\nDanmark<\/h3>\n<h3 style=\"text-align: center;\">E: kontakt@topassistance.dk<br \/>\nP: +45 25 74 62 14<\/h3>\n<p style=\"text-align: center;\"><strong>CVR nr. 40385525<\/strong><\/p>\n<\/div>\n<\/div>\n","protected":false},"excerpt":{"rendered":"<p>Top Assistance &amp; R\u00e5dgivning Sygeplejerske Rikke Melhede Bomarks \u00e5sen 7 3230 Gr\u00e6sted Danmark E: kontakt@topassistance.dk P: +45 25 74 62 14 CVR nr. 40385525<\/p>\n","protected":false},"author":1056,"featured_media":0,"parent":0,"menu_order":0,"comment_status":"closed","ping_status":"closed","template":"","meta":{"_exactmetrics_skip_tracking":false,"_exactmetrics_sitenote_active":false,"_exactmetrics_sitenote_note":"","_exactmetrics_sitenote_category":0,"_monsterinsights_skip_tracking":false,"_monsterinsights_sitenote_active":false,"_monsterinsights_sitenote_note":"","_monsterinsights_sitenote_category":0,"footnotes":""},"class_list":["post-5133","page","type-page","status-publish","hentry"],"yoast_head":"<!-- This site is optimized with the Yoast SEO Premium plugin v16.3 (Yoast SEO v27.3) - https:\/\/yoast.com\/product\/yoast-seo-premium-wordpress\/ -->\n<title>Kontakt - Vi G\u00f8r Det Sammen<\/title>\n<meta name=\"robots\" content=\"index, follow, max-snippet:-1, max-image-preview:large, max-video-preview:-1\" \/>\n<link rel=\"canonical\" href=\"https:\/\/niipit.dk\/vigordetsammen\/kontakt\/\" \/>\n<meta property=\"og:locale\" content=\"da_DK\" \/>\n<meta property=\"og:type\" content=\"article\" \/>\n<meta property=\"og:title\" content=\"Kontakt - Vi G\u00f8r Det Sammen\" \/>\n<meta property=\"og:description\" content=\"Top Assistance &amp; R\u00e5dgivning Sygeplejerske Rikke Melhede Bomarks \u00e5sen 7 3230 Gr\u00e6sted Danmark E: kontakt@topassistance.dk P: +45 25 74 62 14 CVR nr. 40385525\" \/>\n<meta property=\"og:url\" content=\"https:\/\/niipit.dk\/vigordetsammen\/kontakt\/\" \/>\n<meta property=\"og:site_name\" content=\"Vi G\u00f8r Det Sammen\" \/>\n<meta property=\"article:modified_time\" content=\"2020-07-04T20:36:26+00:00\" \/>\n<meta name=\"twitter:card\" content=\"summary_large_image\" \/>\n<script type=\"application\/ld+json\" class=\"yoast-schema-graph\">{\"@context\":\"https:\\\/\\\/schema.org\",\"@graph\":[{\"@type\":\"WebPage\",\"@id\":\"https:\\\/\\\/niipit.dk\\\/vigordetsammen\\\/kontakt\\\/\",\"url\":\"https:\\\/\\\/niipit.dk\\\/vigordetsammen\\\/kontakt\\\/\",\"name\":\"Kontakt - Vi G\u00f8r Det Sammen\",\"isPartOf\":{\"@id\":\"https:\\\/\\\/niipit.dk\\\/vigordetsammen\\\/#website\"},\"datePublished\":\"2018-08-15T20:08:09+00:00\",\"dateModified\":\"2020-07-04T20:36:26+00:00\",\"breadcrumb\":{\"@id\":\"https:\\\/\\\/niipit.dk\\\/vigordetsammen\\\/kontakt\\\/#breadcrumb\"},\"inLanguage\":\"da-DK\",\"potentialAction\":[{\"@type\":\"ReadAction\",\"target\":[\"https:\\\/\\\/niipit.dk\\\/vigordetsammen\\\/kontakt\\\/\"]}]},{\"@type\":\"BreadcrumbList\",\"@id\":\"https:\\\/\\\/niipit.dk\\\/vigordetsammen\\\/kontakt\\\/#breadcrumb\",\"itemListElement\":[{\"@type\":\"ListItem\",\"position\":1,\"name\":\"Hjem\",\"item\":\"https:\\\/\\\/niipit.dk\\\/vigordetsammen\\\/\"},{\"@type\":\"ListItem\",\"position\":2,\"name\":\"Kontakt\"}]},{\"@type\":\"WebSite\",\"@id\":\"https:\\\/\\\/niipit.dk\\\/vigordetsammen\\\/#website\",\"url\":\"https:\\\/\\\/niipit.dk\\\/vigordetsammen\\\/\",\"name\":\"Vi G\u00f8r Det Sammen\",\"description\":\"Privat sygepleje &amp; Sundhedsfaglig r\u00e5dgivning\",\"potentialAction\":[{\"@type\":\"SearchAction\",\"target\":{\"@type\":\"EntryPoint\",\"urlTemplate\":\"https:\\\/\\\/niipit.dk\\\/vigordetsammen\\\/?s={search_term_string}\"},\"query-input\":{\"@type\":\"PropertyValueSpecification\",\"valueRequired\":true,\"valueName\":\"search_term_string\"}}],\"inLanguage\":\"da-DK\"}]}<\/script>\n<!-- \/ Yoast SEO Premium plugin. -->","yoast_head_json":{"title":"Kontakt - Vi G\u00f8r Det Sammen","robots":{"index":"index","follow":"follow","max-snippet":"max-snippet:-1","max-image-preview":"max-image-preview:large","max-video-preview":"max-video-preview:-1"},"canonical":"https:\/\/niipit.dk\/vigordetsammen\/kontakt\/","og_locale":"da_DK","og_type":"article","og_title":"Kontakt - Vi G\u00f8r Det Sammen","og_description":"Top Assistance &amp; R\u00e5dgivning Sygeplejerske Rikke Melhede Bomarks \u00e5sen 7 3230 Gr\u00e6sted Danmark E: kontakt@topassistance.dk P: +45 25 74 62 14 CVR nr. 40385525","og_url":"https:\/\/niipit.dk\/vigordetsammen\/kontakt\/","og_site_name":"Vi G\u00f8r Det Sammen","article_modified_time":"2020-07-04T20:36:26+00:00","twitter_card":"summary_large_image","schema":{"@context":"https:\/\/schema.org","@graph":[{"@type":"WebPage","@id":"https:\/\/niipit.dk\/vigordetsammen\/kontakt\/","url":"https:\/\/niipit.dk\/vigordetsammen\/kontakt\/","name":"Kontakt - Vi G\u00f8r Det Sammen","isPartOf":{"@id":"https:\/\/niipit.dk\/vigordetsammen\/#website"},"datePublished":"2018-08-15T20:08:09+00:00","dateModified":"2020-07-04T20:36:26+00:00","breadcrumb":{"@id":"https:\/\/niipit.dk\/vigordetsammen\/kontakt\/#breadcrumb"},"inLanguage":"da-DK","potentialAction":[{"@type":"ReadAction","target":["https:\/\/niipit.dk\/vigordetsammen\/kontakt\/"]}]},{"@type":"BreadcrumbList","@id":"https:\/\/niipit.dk\/vigordetsammen\/kontakt\/#breadcrumb","itemListElement":[{"@type":"ListItem","position":1,"name":"Hjem","item":"https:\/\/niipit.dk\/vigordetsammen\/"},{"@type":"ListItem","position":2,"name":"Kontakt"}]},{"@type":"WebSite","@id":"https:\/\/niipit.dk\/vigordetsammen\/#website","url":"https:\/\/niipit.dk\/vigordetsammen\/","name":"Vi G\u00f8r Det Sammen","description":"Privat sygepleje &amp; Sundhedsfaglig r\u00e5dgivning","potentialAction":[{"@type":"SearchAction","target":{"@type":"EntryPoint","urlTemplate":"https:\/\/niipit.dk\/vigordetsammen\/?s={search_term_string}"},"query-input":{"@type":"PropertyValueSpecification","valueRequired":true,"valueName":"search_term_string"}}],"inLanguage":"da-DK"}]}},"_links":{"self":[{"href":"https:\/\/niipit.dk\/vigordetsammen\/wp-json\/wp\/v2\/pages\/5133","targetHints":{"allow":["GET"]}}],"collection":[{"href":"https:\/\/niipit.dk\/vigordetsammen\/wp-json\/wp\/v2\/pages"}],"about":[{"href":"https:\/\/niipit.dk\/vigordetsammen\/wp-json\/wp\/v2\/types\/page"}],"author":[{"embeddable":true,"href":"https:\/\/niipit.dk\/vigordetsammen\/wp-json\/wp\/v2\/users\/1056"}],"replies":[{"embeddable":true,"href":"https:\/\/niipit.dk\/vigordetsammen\/wp-json\/wp\/v2\/comments?post=5133"}],"version-history":[{"count":0,"href":"https:\/\/niipit.dk\/vigordetsammen\/wp-json\/wp\/v2\/pages\/5133\/revisions"}],"wp:attachment":[{"href":"https:\/\/niipit.dk\/vigordetsammen\/wp-json\/wp\/v2\/media?parent=5133"}],"curies":[{"name":"wp","href":"https:\/\/api.w.org\/{rel}","templated":true}]}}