{"id":5064,"date":"2020-04-10T22:29:34","date_gmt":"2020-04-10T20:29:34","guid":{"rendered":"https:\/\/niipit.dk\/video-bog-shop\/?page_id=5064"},"modified":"2020-11-16T18:01:06","modified_gmt":"2020-11-16T17:01:06","slug":"frontpage","status":"publish","type":"page","link":"https:\/\/niipit.dk\/video-bog\/","title":{"rendered":"Forside"},"content":{"rendered":"\n<hr class=\"wp-block-separator\"\/>\n\n\n\n<h1 class=\"wp-block-heading\" id=\"h-videobogen-til-b-de-privat-og-handel\">Videobogen \u2013 til b\u00e5de privat og handel<\/h1>\n\n\n\n<p><a href=\"https:\/\/video-bog.dk\/\" target=\"_blank\" rel=\"noreferrer noopener\">Videobogen<\/a> appellerer til det private marked, og vi er stolte af at kunne bryste os af, at vi er den eneste virksomhed i landet, der har udviklet videob\u00f8ger til privatmarkedet. Vores \u00f8nske er dog at kunne appellere til flest mulige brugere, og derfor tilbyder vi ogs\u00e5 videobrochurer til faggrupper, virksomheder og andre, der kunne have interesse for at bruge videobrochuren som et aktivt redskab i deres markedsf\u00f8ring.<\/p>\n","protected":false},"excerpt":{"rendered":"<p>Videobogen \u2013 til b\u00e5de privat og handel Videobogen appellerer til det private marked, og vi er stolte af at kunne bryste os af, at vi er den eneste virksomhed i landet, der har udviklet videob\u00f8ger til privatmarkedet. Vores \u00f8nske er dog at kunne appellere til flest mulige brugere, og derfor tilbyder vi ogs\u00e5 videobrochurer til <a class=\"moretag btn btn-primary\" href=\"https:\/\/niipit.dk\/video-bog\/\">L\u00e6s mere<\/a><\/p>\n","protected":false},"author":1,"featured_media":0,"parent":0,"menu_order":0,"comment_status":"closed","ping_status":"closed","template":"frontpagePremium.php","meta":{"_exactmetrics_skip_tracking":false,"_exactmetrics_sitenote_active":false,"_exactmetrics_sitenote_note":"","_exactmetrics_sitenote_category":0,"_monsterinsights_skip_tracking":false,"_monsterinsights_sitenote_active":false,"_monsterinsights_sitenote_note":"","_monsterinsights_sitenote_category":0,"footnotes":""},"class_list":["post-5064","page","type-page","status-publish","hentry"],"yoast_head":"<!-- This site is optimized with the Yoast SEO Premium plugin v16.3 (Yoast SEO v27.3) - https:\/\/yoast.com\/product\/yoast-seo-premium-wordpress\/ -->\n<title>Din fotobog til videoer \u26b6 Videobog over barnets f\u00f8rste \u00e5r \u2013 Video-Bog<\/title>\n<meta name=\"description\" content=\"En videobog samler minder fra f\u00f8dselsdage, konformationen og bryllupsfesten p\u00e5 en sjov og anderledes m\u00e5de \u2502 Se de popul\u00e6re videob\u00f8ger her \u27a4\" \/>\n<meta name=\"robots\" content=\"index, follow, max-snippet:-1, max-image-preview:large, max-video-preview:-1\" \/>\n<link rel=\"canonical\" href=\"https:\/\/niipit.dk\/video-bog\/\" \/>\n<meta property=\"og:locale\" content=\"da_DK\" \/>\n<meta property=\"og:type\" content=\"article\" \/>\n<meta property=\"og:title\" content=\"Din fotobog til videoer \u26b6 Videobog over barnets f\u00f8rste \u00e5r \u2013 Video-Bog\" \/>\n<meta property=\"og:description\" content=\"En videobog samler minder fra f\u00f8dselsdage, konformationen og bryllupsfesten p\u00e5 en sjov og anderledes m\u00e5de \u2502 Se de popul\u00e6re videob\u00f8ger her \u27a4\" \/>\n<meta property=\"og:url\" content=\"https:\/\/niipit.dk\/video-bog\/\" \/>\n<meta property=\"og:site_name\" content=\"Video-bog\" \/>\n<meta property=\"article:modified_time\" content=\"2020-11-16T17:01:06+00:00\" \/>\n<meta name=\"twitter:card\" content=\"summary_large_image\" \/>\n<script type=\"application\/ld+json\" class=\"yoast-schema-graph\">{\"@context\":\"https:\\\/\\\/schema.org\",\"@graph\":[{\"@type\":\"WebPage\",\"@id\":\"https:\\\/\\\/niipit.dk\\\/video-bog\\\/\",\"url\":\"https:\\\/\\\/niipit.dk\\\/video-bog\\\/\",\"name\":\"Din fotobog til videoer \u26b6 Videobog over barnets f\u00f8rste \u00e5r \u2013 Video-Bog\",\"isPartOf\":{\"@id\":\"https:\\\/\\\/niipit.dk\\\/video-bog\\\/#website\"},\"datePublished\":\"2020-04-10T20:29:34+00:00\",\"dateModified\":\"2020-11-16T17:01:06+00:00\",\"description\":\"En videobog samler minder fra f\u00f8dselsdage, konformationen og bryllupsfesten p\u00e5 en sjov og anderledes m\u00e5de \u2502 Se de popul\u00e6re videob\u00f8ger her \u27a4\",\"breadcrumb\":{\"@id\":\"https:\\\/\\\/niipit.dk\\\/video-bog\\\/#breadcrumb\"},\"inLanguage\":\"da-DK\",\"potentialAction\":[{\"@type\":\"ReadAction\",\"target\":[\"https:\\\/\\\/niipit.dk\\\/video-bog\\\/\"]}]},{\"@type\":\"BreadcrumbList\",\"@id\":\"https:\\\/\\\/niipit.dk\\\/video-bog\\\/#breadcrumb\",\"itemListElement\":[{\"@type\":\"ListItem\",\"position\":1,\"name\":\"Hjem\",\"item\":\"https:\\\/\\\/niipit.dk\\\/video-bog\\\/\"},{\"@type\":\"ListItem\",\"position\":2,\"name\":\"Forside\"}]},{\"@type\":\"WebSite\",\"@id\":\"https:\\\/\\\/niipit.dk\\\/video-bog\\\/#website\",\"url\":\"https:\\\/\\\/niipit.dk\\\/video-bog\\\/\",\"name\":\"Video-bog\",\"description\":\"Videobog fyldt med minder \",\"potentialAction\":[{\"@type\":\"SearchAction\",\"target\":{\"@type\":\"EntryPoint\",\"urlTemplate\":\"https:\\\/\\\/niipit.dk\\\/video-bog\\\/?s={search_term_string}\"},\"query-input\":{\"@type\":\"PropertyValueSpecification\",\"valueRequired\":true,\"valueName\":\"search_term_string\"}}],\"inLanguage\":\"da-DK\"}]}<\/script>\n<!-- \/ Yoast SEO Premium plugin. -->","yoast_head_json":{"title":"Din fotobog til videoer \u26b6 Videobog over barnets f\u00f8rste \u00e5r \u2013 Video-Bog","description":"En videobog samler minder fra f\u00f8dselsdage, konformationen og bryllupsfesten p\u00e5 en sjov og anderledes m\u00e5de \u2502 Se de popul\u00e6re videob\u00f8ger her \u27a4","robots":{"index":"index","follow":"follow","max-snippet":"max-snippet:-1","max-image-preview":"max-image-preview:large","max-video-preview":"max-video-preview:-1"},"canonical":"https:\/\/niipit.dk\/video-bog\/","og_locale":"da_DK","og_type":"article","og_title":"Din fotobog til videoer \u26b6 Videobog over barnets f\u00f8rste \u00e5r \u2013 Video-Bog","og_description":"En videobog samler minder fra f\u00f8dselsdage, konformationen og bryllupsfesten p\u00e5 en sjov og anderledes m\u00e5de \u2502 Se de popul\u00e6re videob\u00f8ger her \u27a4","og_url":"https:\/\/niipit.dk\/video-bog\/","og_site_name":"Video-bog","article_modified_time":"2020-11-16T17:01:06+00:00","twitter_card":"summary_large_image","schema":{"@context":"https:\/\/schema.org","@graph":[{"@type":"WebPage","@id":"https:\/\/niipit.dk\/video-bog\/","url":"https:\/\/niipit.dk\/video-bog\/","name":"Din fotobog til videoer \u26b6 Videobog over barnets f\u00f8rste \u00e5r \u2013 Video-Bog","isPartOf":{"@id":"https:\/\/niipit.dk\/video-bog\/#website"},"datePublished":"2020-04-10T20:29:34+00:00","dateModified":"2020-11-16T17:01:06+00:00","description":"En videobog samler minder fra f\u00f8dselsdage, konformationen og bryllupsfesten p\u00e5 en sjov og anderledes m\u00e5de \u2502 Se de popul\u00e6re videob\u00f8ger her \u27a4","breadcrumb":{"@id":"https:\/\/niipit.dk\/video-bog\/#breadcrumb"},"inLanguage":"da-DK","potentialAction":[{"@type":"ReadAction","target":["https:\/\/niipit.dk\/video-bog\/"]}]},{"@type":"BreadcrumbList","@id":"https:\/\/niipit.dk\/video-bog\/#breadcrumb","itemListElement":[{"@type":"ListItem","position":1,"name":"Hjem","item":"https:\/\/niipit.dk\/video-bog\/"},{"@type":"ListItem","position":2,"name":"Forside"}]},{"@type":"WebSite","@id":"https:\/\/niipit.dk\/video-bog\/#website","url":"https:\/\/niipit.dk\/video-bog\/","name":"Video-bog","description":"Videobog fyldt med minder ","potentialAction":[{"@type":"SearchAction","target":{"@type":"EntryPoint","urlTemplate":"https:\/\/niipit.dk\/video-bog\/?s={search_term_string}"},"query-input":{"@type":"PropertyValueSpecification","valueRequired":true,"valueName":"search_term_string"}}],"inLanguage":"da-DK"}]}},"_links":{"self":[{"href":"https:\/\/niipit.dk\/video-bog\/wp-json\/wp\/v2\/pages\/5064","targetHints":{"allow":["GET"]}}],"collection":[{"href":"https:\/\/niipit.dk\/video-bog\/wp-json\/wp\/v2\/pages"}],"about":[{"href":"https:\/\/niipit.dk\/video-bog\/wp-json\/wp\/v2\/types\/page"}],"author":[{"embeddable":true,"href":"https:\/\/niipit.dk\/video-bog\/wp-json\/wp\/v2\/users\/1"}],"replies":[{"embeddable":true,"href":"https:\/\/niipit.dk\/video-bog\/wp-json\/wp\/v2\/comments?post=5064"}],"version-history":[{"count":0,"href":"https:\/\/niipit.dk\/video-bog\/wp-json\/wp\/v2\/pages\/5064\/revisions"}],"wp:attachment":[{"href":"https:\/\/niipit.dk\/video-bog\/wp-json\/wp\/v2\/media?parent=5064"}],"curies":[{"name":"wp","href":"https:\/\/api.w.org\/{rel}","templated":true}]}}