{"id":5064,"date":"2020-04-10T22:29:34","date_gmt":"2020-04-10T20:29:34","guid":{"rendered":"https:\/\/niipit.dk\/uniwoods-shop\/?page_id=5064"},"modified":"2020-07-04T11:56:40","modified_gmt":"2020-07-04T09:56:40","slug":"moebler-i-akacietrae","status":"publish","type":"page","link":"https:\/\/niipit.dk\/uniwoods\/","title":{"rendered":"Forside"},"content":{"rendered":"\n<hr class=\"wp-block-separator\"\/>\n\n\n\n<h1 class=\"wp-block-heading\">Uniwoods forhandler plankeborde og m\u00f8bler i akacietr\u00e6<\/h1>\n\n\n\n<p>Alle vores m\u00f8bler kommer fra lovligt tr\u00e6 der er b\u00e6redygtigt. Vi tager selv til Thailand, v\u00e6lger tr\u00e6stammerne, f\u00e5r dem sk\u00e5ret ud og lakeret, s\u00e5 de er klar til at blive sendt til Danmark. Denne process giver os muligheden for at v\u00e6lge de bedste materialer og holde standarden h\u00f8jt gennem hele produktionsforl\u00f8bbet. Vi har et bredt <a href=\"https:\/\/uniwoods.dk\/\" target=\"_blank\" rel=\"noreferrer noopener\">produktsortiment<\/a> indenfor m\u00f8bler, du kan finde alt fra cafe borde til lamper.<\/p>\n","protected":false},"excerpt":{"rendered":"<p>Uniwoods forhandler plankeborde og m\u00f8bler i akacietr\u00e6 Alle vores m\u00f8bler kommer fra lovligt tr\u00e6 der er b\u00e6redygtigt. Vi tager selv til Thailand, v\u00e6lger tr\u00e6stammerne, f\u00e5r dem sk\u00e5ret ud og lakeret, s\u00e5 de er klar til at blive sendt til Danmark. Denne process giver os muligheden for at v\u00e6lge de bedste materialer og holde standarden h\u00f8jt <a class=\"moretag btn btn-primary\" href=\"https:\/\/niipit.dk\/uniwoods\/\">L\u00e6s mere<\/a><\/p>\n","protected":false},"author":1,"featured_media":0,"parent":0,"menu_order":0,"comment_status":"closed","ping_status":"closed","template":"frontpagePremium.php","meta":{"_exactmetrics_skip_tracking":false,"_exactmetrics_sitenote_active":false,"_exactmetrics_sitenote_note":"","_exactmetrics_sitenote_category":0,"_monsterinsights_skip_tracking":false,"_monsterinsights_sitenote_active":false,"_monsterinsights_sitenote_note":"","_monsterinsights_sitenote_category":0,"footnotes":""},"class_list":["post-5064","page","type-page","status-publish","hentry"],"yoast_head":"<!-- This site is optimized with the Yoast SEO Premium plugin v16.3 (Yoast SEO v27.3) - https:\/\/yoast.com\/product\/yoast-seo-premium-wordpress\/ -->\n<title>Uniwoods n\u00e5r du g\u00e5r efter plankeborde og m\u00f8bler i akacietr\u00e6<\/title>\n<meta name=\"description\" content=\"Uniwoods har det flotteste inventar i akacietr\u00e6 - Hvis du ikke vil g\u00e5 p\u00e5 kompromis med kvalitet. Her finder du alt fra cafe borde til lamper.\" \/>\n<meta name=\"robots\" content=\"index, follow, max-snippet:-1, max-image-preview:large, max-video-preview:-1\" \/>\n<link rel=\"canonical\" href=\"https:\/\/niipit.dk\/uniwoods\/\" \/>\n<meta property=\"og:locale\" content=\"da_DK\" \/>\n<meta property=\"og:type\" content=\"article\" \/>\n<meta property=\"og:title\" content=\"Uniwoods n\u00e5r du g\u00e5r efter plankeborde og m\u00f8bler i akacietr\u00e6\" \/>\n<meta property=\"og:description\" content=\"Uniwoods har det flotteste inventar i akacietr\u00e6 - Hvis du ikke vil g\u00e5 p\u00e5 kompromis med kvalitet. Her finder du alt fra cafe borde til lamper.\" \/>\n<meta property=\"og:url\" content=\"https:\/\/niipit.dk\/uniwoods\/\" \/>\n<meta property=\"og:site_name\" content=\"Uniwoods\" \/>\n<meta property=\"article:modified_time\" content=\"2020-07-04T09:56:40+00:00\" \/>\n<meta name=\"twitter:card\" content=\"summary_large_image\" \/>\n<script type=\"application\/ld+json\" class=\"yoast-schema-graph\">{\"@context\":\"https:\\\/\\\/schema.org\",\"@graph\":[{\"@type\":\"WebPage\",\"@id\":\"https:\\\/\\\/niipit.dk\\\/uniwoods\\\/\",\"url\":\"https:\\\/\\\/niipit.dk\\\/uniwoods\\\/\",\"name\":\"Uniwoods n\u00e5r du g\u00e5r efter plankeborde og m\u00f8bler i akacietr\u00e6\",\"isPartOf\":{\"@id\":\"https:\\\/\\\/niipit.dk\\\/uniwoods\\\/#website\"},\"datePublished\":\"2020-04-10T20:29:34+00:00\",\"dateModified\":\"2020-07-04T09:56:40+00:00\",\"description\":\"Uniwoods har det flotteste inventar i akacietr\u00e6 - Hvis du ikke vil g\u00e5 p\u00e5 kompromis med kvalitet. Her finder du alt fra cafe borde til lamper.\",\"breadcrumb\":{\"@id\":\"https:\\\/\\\/niipit.dk\\\/uniwoods\\\/#breadcrumb\"},\"inLanguage\":\"da-DK\",\"potentialAction\":[{\"@type\":\"ReadAction\",\"target\":[\"https:\\\/\\\/niipit.dk\\\/uniwoods\\\/\"]}]},{\"@type\":\"BreadcrumbList\",\"@id\":\"https:\\\/\\\/niipit.dk\\\/uniwoods\\\/#breadcrumb\",\"itemListElement\":[{\"@type\":\"ListItem\",\"position\":1,\"name\":\"Hjem\",\"item\":\"https:\\\/\\\/niipit.dk\\\/uniwoods\\\/\"},{\"@type\":\"ListItem\",\"position\":2,\"name\":\"Forside\"}]},{\"@type\":\"WebSite\",\"@id\":\"https:\\\/\\\/niipit.dk\\\/uniwoods\\\/#website\",\"url\":\"https:\\\/\\\/niipit.dk\\\/uniwoods\\\/\",\"name\":\"Uniwoods\",\"description\":\"F\u00e5 din virksomhed p\u00e5 niipit\",\"potentialAction\":[{\"@type\":\"SearchAction\",\"target\":{\"@type\":\"EntryPoint\",\"urlTemplate\":\"https:\\\/\\\/niipit.dk\\\/uniwoods\\\/?s={search_term_string}\"},\"query-input\":{\"@type\":\"PropertyValueSpecification\",\"valueRequired\":true,\"valueName\":\"search_term_string\"}}],\"inLanguage\":\"da-DK\"}]}<\/script>\n<!-- \/ Yoast SEO Premium plugin. -->","yoast_head_json":{"title":"Uniwoods n\u00e5r du g\u00e5r efter plankeborde og m\u00f8bler i akacietr\u00e6","description":"Uniwoods har det flotteste inventar i akacietr\u00e6 - Hvis du ikke vil g\u00e5 p\u00e5 kompromis med kvalitet. Her finder du alt fra cafe borde til lamper.","robots":{"index":"index","follow":"follow","max-snippet":"max-snippet:-1","max-image-preview":"max-image-preview:large","max-video-preview":"max-video-preview:-1"},"canonical":"https:\/\/niipit.dk\/uniwoods\/","og_locale":"da_DK","og_type":"article","og_title":"Uniwoods n\u00e5r du g\u00e5r efter plankeborde og m\u00f8bler i akacietr\u00e6","og_description":"Uniwoods har det flotteste inventar i akacietr\u00e6 - Hvis du ikke vil g\u00e5 p\u00e5 kompromis med kvalitet. Her finder du alt fra cafe borde til lamper.","og_url":"https:\/\/niipit.dk\/uniwoods\/","og_site_name":"Uniwoods","article_modified_time":"2020-07-04T09:56:40+00:00","twitter_card":"summary_large_image","schema":{"@context":"https:\/\/schema.org","@graph":[{"@type":"WebPage","@id":"https:\/\/niipit.dk\/uniwoods\/","url":"https:\/\/niipit.dk\/uniwoods\/","name":"Uniwoods n\u00e5r du g\u00e5r efter plankeborde og m\u00f8bler i akacietr\u00e6","isPartOf":{"@id":"https:\/\/niipit.dk\/uniwoods\/#website"},"datePublished":"2020-04-10T20:29:34+00:00","dateModified":"2020-07-04T09:56:40+00:00","description":"Uniwoods har det flotteste inventar i akacietr\u00e6 - Hvis du ikke vil g\u00e5 p\u00e5 kompromis med kvalitet. Her finder du alt fra cafe borde til lamper.","breadcrumb":{"@id":"https:\/\/niipit.dk\/uniwoods\/#breadcrumb"},"inLanguage":"da-DK","potentialAction":[{"@type":"ReadAction","target":["https:\/\/niipit.dk\/uniwoods\/"]}]},{"@type":"BreadcrumbList","@id":"https:\/\/niipit.dk\/uniwoods\/#breadcrumb","itemListElement":[{"@type":"ListItem","position":1,"name":"Hjem","item":"https:\/\/niipit.dk\/uniwoods\/"},{"@type":"ListItem","position":2,"name":"Forside"}]},{"@type":"WebSite","@id":"https:\/\/niipit.dk\/uniwoods\/#website","url":"https:\/\/niipit.dk\/uniwoods\/","name":"Uniwoods","description":"F\u00e5 din virksomhed p\u00e5 niipit","potentialAction":[{"@type":"SearchAction","target":{"@type":"EntryPoint","urlTemplate":"https:\/\/niipit.dk\/uniwoods\/?s={search_term_string}"},"query-input":{"@type":"PropertyValueSpecification","valueRequired":true,"valueName":"search_term_string"}}],"inLanguage":"da-DK"}]}},"_links":{"self":[{"href":"https:\/\/niipit.dk\/uniwoods\/wp-json\/wp\/v2\/pages\/5064","targetHints":{"allow":["GET"]}}],"collection":[{"href":"https:\/\/niipit.dk\/uniwoods\/wp-json\/wp\/v2\/pages"}],"about":[{"href":"https:\/\/niipit.dk\/uniwoods\/wp-json\/wp\/v2\/types\/page"}],"author":[{"embeddable":true,"href":"https:\/\/niipit.dk\/uniwoods\/wp-json\/wp\/v2\/users\/1"}],"replies":[{"embeddable":true,"href":"https:\/\/niipit.dk\/uniwoods\/wp-json\/wp\/v2\/comments?post=5064"}],"version-history":[{"count":0,"href":"https:\/\/niipit.dk\/uniwoods\/wp-json\/wp\/v2\/pages\/5064\/revisions"}],"wp:attachment":[{"href":"https:\/\/niipit.dk\/uniwoods\/wp-json\/wp\/v2\/media?parent=5064"}],"curies":[{"name":"wp","href":"https:\/\/api.w.org\/{rel}","templated":true}]}}