{"id":5064,"date":"2020-04-10T22:29:34","date_gmt":"2020-04-10T20:29:34","guid":{"rendered":"https:\/\/niipit.dk\/unico-shop\/?page_id=5064"},"modified":"2021-01-29T18:12:43","modified_gmt":"2021-01-29T17:12:43","slug":"frontpage","status":"publish","type":"page","link":"https:\/\/niipit.dk\/unico\/","title":{"rendered":"Forside"},"content":{"rendered":"\n<hr class=\"wp-block-separator\"\/>\n\n\n\n<h1 class=\"wp-block-heading\" id=\"h-enest-ende-restaurant-bageri-selskaber-og-take-away-i-aarhus\">Enest\u00e5ende restaurant, bageri, selskaber og take away i Aarhus<\/h1>\n\n\n\n<h2 class=\"wp-block-heading\" id=\"h-hos-restaurant-unico-laver-de-traditionel-dansk-mad-og-bager-l-kkert-surdejsbr-d-med-lokale-r-varer\">Hos restaurant Unico laver de traditionel dansk mad og bager l\u00e6kkert surdejsbr\u00f8d med lokale r\u00e5varer<\/h2>\n\n\n\n<p>En kort k\u00f8retur fra Aarhus C i det natursk\u00f8nne omr\u00e5de omkring Aarhus Golf Klub og Moesgaard Museum ligger <a href=\"https:\/\/www.restaurantunico.dk\/take-away-aarhus\" target=\"_blank\" rel=\"noreferrer noopener\">restaurant Unicos<\/a> hyggelige lokaler. Her finder du b\u00e5de den hjemlige restaurant, der er indrettet med naturmaterialer og varme farver samt bageriet, hvor du hver morgen kan hente l\u00e6kkert nybagt br\u00f8d og kager.<\/p>\n\n\n\n<h3 class=\"wp-block-heading\" id=\"h-hyggelig-restaurant-og-unikke-fester-med-byens-m-ske-bedste-udsigt\">Hyggelig restaurant og unikke fester med byens m\u00e5ske bedste udsigt<\/h3>\n\n\n\n<p>Hos restaurant Unico er filosofien, at alle har ret til et godt m\u00e5ltid mad. Derfor kan du f\u00e5 l\u00e6kre m\u00e5ltider b\u00e5de hverdage og weekender i deres hyggelige restaurant til mere end rimelige priser. De er ber\u00f8mte for deres sm\u00f8rrebr\u00f8d, som best\u00e5r af alle de klassikerne med et unikt tvist. Derudover er maden fra gourmetgrillen samt deres menuer med flere retter meget popul\u00e6re.<\/p>\n\n\n\n<p>Er du ved at planl\u00e6gge en stor fest \u2013 barned\u00e5b, konfirmation, bryllup, rund f\u00f8dselsdag eller noget helt femte? S\u00e5 har restaurant Unico et smukt og elegant selskabslokale, der st\u00e5r til din r\u00e5dighed \u2013 og lokalet har Aarhus m\u00e5ske bedste udsigt. Mens du nyder maden og det gode selskab kan du skue ud over de natursk\u00f8nne golfbaner, og bag dem glimter vandet i Aarhusbugten.<\/p>\n\n\n\n<h3 class=\"wp-block-heading\" id=\"h-take-away-og-bageri-lader-dig-tage-restauranten-med-hjem-b-de-hverdag-og-weekend\">Take away og bageri lader dig tage restauranten med hjem \u2013 b\u00e5de hverdag og weekend<\/h3>\n\n\n\n<p>Skal du holde en fest derhjemme eller p\u00e5 en anden lokation, kan du ogs\u00e5 tage restauranten med hjem. Du henter maden hos Unico om dagen, og p\u00e5 deres hjemmeside kan du finde guidevideoer til, hvordan du opvarmer og serverer maden, lige inden dine g\u00e6ster g\u00e5r til bords. Det er dog ikke kun ved festlige lejligheder, du kan f\u00e5 restaurant Unicos gode mad med hjem. Overrask din familie med et m\u00e5ltid udover det s\u00e6dvanlige i jeres hjemlige rammer &#8211; b\u00e5de hverdage og i weekenden kan du nemlig hente Unicos mad som take away.<\/p>\n\n\n\n<p>Endelig har restaurant Unico i forl\u00e6ngelse af restauranten et bageri. Da de \u00e5bnede i 2010, var der stor eftersp\u00f8rgsel fra deres kunder i forhold til at kunne k\u00f8be deres l\u00e6kre surdejsbr\u00f8d med hjem. Derfor kan du hver eneste morgen k\u00f8be lyst br\u00f8d, rundstykker, rugbr\u00f8d og konditorkager med hjem til morgenbordet. Restaurant Unicos br\u00f8d er faktisk s\u00e5 popul\u00e6rt, at de s\u00e6lger mere br\u00f8d, end de s\u00e6lger fad\u00f8l \u2013 og det siger ikke s\u00e5 lidt, n\u00e5r de ligger ved siden af en golfbane!<\/p>\n","protected":false},"excerpt":{"rendered":"<p>Enest\u00e5ende restaurant, bageri, selskaber og take away i Aarhus Hos restaurant Unico laver de traditionel dansk mad og bager l\u00e6kkert surdejsbr\u00f8d med lokale r\u00e5varer En kort k\u00f8retur fra Aarhus C i det natursk\u00f8nne omr\u00e5de omkring Aarhus Golf Klub og Moesgaard Museum ligger restaurant Unicos hyggelige lokaler. Her finder du b\u00e5de den hjemlige restaurant, der er <a class=\"moretag btn btn-primary\" href=\"https:\/\/niipit.dk\/unico\/\">L\u00e6s mere<\/a><\/p>\n","protected":false},"author":1,"featured_media":0,"parent":0,"menu_order":0,"comment_status":"closed","ping_status":"closed","template":"frontpagePremium.php","meta":{"_exactmetrics_skip_tracking":false,"_exactmetrics_sitenote_active":false,"_exactmetrics_sitenote_note":"","_exactmetrics_sitenote_category":0,"_monsterinsights_skip_tracking":false,"_monsterinsights_sitenote_active":false,"_monsterinsights_sitenote_note":"","_monsterinsights_sitenote_category":0,"footnotes":""},"class_list":["post-5064","page","type-page","status-publish","hentry"],"yoast_head":"<!-- This site is optimized with the Yoast SEO Premium plugin v16.3 (Yoast SEO v27.3) - https:\/\/yoast.com\/product\/yoast-seo-premium-wordpress\/ -->\n<title>Nyd et godt selskab og god mad hos Restaurant Unico<\/title>\n<meta name=\"description\" content=\"Unik restaurant med placering p\u00e5 golfbanen i H\u00f8jbjerg t\u00e6t ved \u00c5rhus | Udforsk restauranten i dag | Take away til hverdag og fest\" \/>\n<meta name=\"robots\" content=\"index, follow, max-snippet:-1, max-image-preview:large, max-video-preview:-1\" \/>\n<link rel=\"canonical\" href=\"https:\/\/niipit.dk\/unico\/\" \/>\n<meta property=\"og:locale\" content=\"da_DK\" \/>\n<meta property=\"og:type\" content=\"article\" \/>\n<meta property=\"og:title\" content=\"Nyd et godt selskab og god mad hos Restaurant Unico\" \/>\n<meta property=\"og:description\" content=\"Unik restaurant med placering p\u00e5 golfbanen i H\u00f8jbjerg t\u00e6t ved \u00c5rhus | Udforsk restauranten i dag | Take away til hverdag og fest\" \/>\n<meta property=\"og:url\" content=\"https:\/\/niipit.dk\/unico\/\" \/>\n<meta property=\"og:site_name\" content=\"Unico\" \/>\n<meta property=\"article:modified_time\" content=\"2021-01-29T17:12:43+00:00\" \/>\n<meta name=\"twitter:card\" content=\"summary_large_image\" \/>\n<meta name=\"twitter:label1\" content=\"Estimeret l\u00e6setid\" \/>\n\t<meta name=\"twitter:data1\" content=\"2 minutter\" \/>\n<script type=\"application\/ld+json\" class=\"yoast-schema-graph\">{\"@context\":\"https:\\\/\\\/schema.org\",\"@graph\":[{\"@type\":\"WebPage\",\"@id\":\"https:\\\/\\\/niipit.dk\\\/unico\\\/\",\"url\":\"https:\\\/\\\/niipit.dk\\\/unico\\\/\",\"name\":\"Nyd et godt selskab og god mad hos Restaurant Unico\",\"isPartOf\":{\"@id\":\"https:\\\/\\\/niipit.dk\\\/unico\\\/#website\"},\"datePublished\":\"2020-04-10T20:29:34+00:00\",\"dateModified\":\"2021-01-29T17:12:43+00:00\",\"description\":\"Unik restaurant med placering p\u00e5 golfbanen i H\u00f8jbjerg t\u00e6t ved \u00c5rhus | Udforsk restauranten i dag | Take away til hverdag og fest\",\"breadcrumb\":{\"@id\":\"https:\\\/\\\/niipit.dk\\\/unico\\\/#breadcrumb\"},\"inLanguage\":\"da-DK\",\"potentialAction\":[{\"@type\":\"ReadAction\",\"target\":[\"https:\\\/\\\/niipit.dk\\\/unico\\\/\"]}]},{\"@type\":\"BreadcrumbList\",\"@id\":\"https:\\\/\\\/niipit.dk\\\/unico\\\/#breadcrumb\",\"itemListElement\":[{\"@type\":\"ListItem\",\"position\":1,\"name\":\"Hjem\",\"item\":\"https:\\\/\\\/niipit.dk\\\/unico\\\/\"},{\"@type\":\"ListItem\",\"position\":2,\"name\":\"Forside\"}]},{\"@type\":\"WebSite\",\"@id\":\"https:\\\/\\\/niipit.dk\\\/unico\\\/#website\",\"url\":\"https:\\\/\\\/niipit.dk\\\/unico\\\/\",\"name\":\"Unico\",\"description\":\"Enkel Unik Enest\u00e5ende\",\"potentialAction\":[{\"@type\":\"SearchAction\",\"target\":{\"@type\":\"EntryPoint\",\"urlTemplate\":\"https:\\\/\\\/niipit.dk\\\/unico\\\/?s={search_term_string}\"},\"query-input\":{\"@type\":\"PropertyValueSpecification\",\"valueRequired\":true,\"valueName\":\"search_term_string\"}}],\"inLanguage\":\"da-DK\"}]}<\/script>\n<!-- \/ Yoast SEO Premium plugin. -->","yoast_head_json":{"title":"Nyd et godt selskab og god mad hos Restaurant Unico","description":"Unik restaurant med placering p\u00e5 golfbanen i H\u00f8jbjerg t\u00e6t ved \u00c5rhus | Udforsk restauranten i dag | Take away til hverdag og fest","robots":{"index":"index","follow":"follow","max-snippet":"max-snippet:-1","max-image-preview":"max-image-preview:large","max-video-preview":"max-video-preview:-1"},"canonical":"https:\/\/niipit.dk\/unico\/","og_locale":"da_DK","og_type":"article","og_title":"Nyd et godt selskab og god mad hos Restaurant Unico","og_description":"Unik restaurant med placering p\u00e5 golfbanen i H\u00f8jbjerg t\u00e6t ved \u00c5rhus | Udforsk restauranten i dag | Take away til hverdag og fest","og_url":"https:\/\/niipit.dk\/unico\/","og_site_name":"Unico","article_modified_time":"2021-01-29T17:12:43+00:00","twitter_card":"summary_large_image","twitter_misc":{"Estimeret l\u00e6setid":"2 minutter"},"schema":{"@context":"https:\/\/schema.org","@graph":[{"@type":"WebPage","@id":"https:\/\/niipit.dk\/unico\/","url":"https:\/\/niipit.dk\/unico\/","name":"Nyd et godt selskab og god mad hos Restaurant Unico","isPartOf":{"@id":"https:\/\/niipit.dk\/unico\/#website"},"datePublished":"2020-04-10T20:29:34+00:00","dateModified":"2021-01-29T17:12:43+00:00","description":"Unik restaurant med placering p\u00e5 golfbanen i H\u00f8jbjerg t\u00e6t ved \u00c5rhus | Udforsk restauranten i dag | Take away til hverdag og fest","breadcrumb":{"@id":"https:\/\/niipit.dk\/unico\/#breadcrumb"},"inLanguage":"da-DK","potentialAction":[{"@type":"ReadAction","target":["https:\/\/niipit.dk\/unico\/"]}]},{"@type":"BreadcrumbList","@id":"https:\/\/niipit.dk\/unico\/#breadcrumb","itemListElement":[{"@type":"ListItem","position":1,"name":"Hjem","item":"https:\/\/niipit.dk\/unico\/"},{"@type":"ListItem","position":2,"name":"Forside"}]},{"@type":"WebSite","@id":"https:\/\/niipit.dk\/unico\/#website","url":"https:\/\/niipit.dk\/unico\/","name":"Unico","description":"Enkel Unik Enest\u00e5ende","potentialAction":[{"@type":"SearchAction","target":{"@type":"EntryPoint","urlTemplate":"https:\/\/niipit.dk\/unico\/?s={search_term_string}"},"query-input":{"@type":"PropertyValueSpecification","valueRequired":true,"valueName":"search_term_string"}}],"inLanguage":"da-DK"}]}},"_links":{"self":[{"href":"https:\/\/niipit.dk\/unico\/wp-json\/wp\/v2\/pages\/5064","targetHints":{"allow":["GET"]}}],"collection":[{"href":"https:\/\/niipit.dk\/unico\/wp-json\/wp\/v2\/pages"}],"about":[{"href":"https:\/\/niipit.dk\/unico\/wp-json\/wp\/v2\/types\/page"}],"author":[{"embeddable":true,"href":"https:\/\/niipit.dk\/unico\/wp-json\/wp\/v2\/users\/1"}],"replies":[{"embeddable":true,"href":"https:\/\/niipit.dk\/unico\/wp-json\/wp\/v2\/comments?post=5064"}],"version-history":[{"count":2,"href":"https:\/\/niipit.dk\/unico\/wp-json\/wp\/v2\/pages\/5064\/revisions"}],"predecessor-version":[{"id":5988,"href":"https:\/\/niipit.dk\/unico\/wp-json\/wp\/v2\/pages\/5064\/revisions\/5988"}],"wp:attachment":[{"href":"https:\/\/niipit.dk\/unico\/wp-json\/wp\/v2\/media?parent=5064"}],"curies":[{"name":"wp","href":"https:\/\/api.w.org\/{rel}","templated":true}]}}