{"id":5064,"date":"1980-04-21T22:29:34","date_gmt":"1980-04-21T20:29:34","guid":{"rendered":"https:\/\/niipit.dk\/sto-danmark-shop\/?page_id=5064"},"modified":"2020-04-22T09:19:24","modified_gmt":"2020-04-22T07:19:24","slug":"frontpage","status":"publish","type":"page","link":"https:\/\/niipit.dk\/sto-danmark\/","title":{"rendered":"Forside"},"content":{"rendered":"\n<hr class=\"wp-block-separator\"\/>\n\n\n\n<h2 class=\"wp-block-heading\">Om Sto Danmark A\/S:<\/h2>\n\n\n\n<p>Sto er leverand\u00f8r af byggemateriale og markedsf\u00f8rer produkter og systeml\u00f8sninger indenfor Facade, Interi\u00f8r og Akustik samt Beton og Gulv.<br><a href=\"https:\/\/www.sto.dk\/da\/produkter_systemer\/produkter_systemer.html\" target=\"_blank\" rel=\"noreferrer noopener\">Sto Danmark A\/S<\/a> er en del af Sto Scandinavia AB og indg\u00e5r i den tyske koncern Sto SE &amp; Co. KGaA, som har filialer over hele verden. Koncernen har ca. 5 200 medarbejdere og en oms\u00e6tning p\u00e5 omkring 1,2 mia euro.<br>Sto har v\u00e6ret repr\u00e6senteret i Norden siden 1987. Sto Scandinavia AB omfatter Sverige, Danmark, Norge, Finland og Island. Antallet af medarbejdere er ca. 215 og oms\u00e6tningen ca. 570 millioner kroner.<\/p>\n\n\n\n<p>Butikkens \u00e5bningstider:<br>Butikken er lukket indtil videre. Sto holder \u00e5bent og leverer varer ud. Kontakt os telefonisk eller via mail.<\/p>\n\n\n\n<p>\u00c5bningstider for ordrer og lager:<br>mandag &#8211; torsdag 7.00 &#8211; 16.00<br>fredag 7.00 &#8211; 14.00<\/p>\n","protected":false},"excerpt":{"rendered":"<p>Om Sto Danmark A\/S: Sto er leverand\u00f8r af byggemateriale og markedsf\u00f8rer produkter og systeml\u00f8sninger indenfor Facade, Interi\u00f8r og Akustik samt Beton og Gulv.Sto Danmark A\/S er en del af Sto Scandinavia AB og indg\u00e5r i den tyske koncern Sto SE &amp; Co. KGaA, som har filialer over hele verden. Koncernen har ca. 5 200 medarbejdere <a class=\"moretag btn btn-primary\" href=\"https:\/\/niipit.dk\/sto-danmark\/\">L\u00e6s mere<\/a><\/p>\n","protected":false},"author":1,"featured_media":0,"parent":0,"menu_order":0,"comment_status":"closed","ping_status":"closed","template":"frontpagePremium.php","meta":{"_exactmetrics_skip_tracking":false,"_exactmetrics_sitenote_active":false,"_exactmetrics_sitenote_note":"","_exactmetrics_sitenote_category":0,"_monsterinsights_skip_tracking":false,"_monsterinsights_sitenote_active":false,"_monsterinsights_sitenote_note":"","_monsterinsights_sitenote_category":0,"footnotes":""},"class_list":["post-5064","page","type-page","status-publish","hentry"],"yoast_head":"<!-- This site is optimized with the Yoast SEO Premium plugin v16.3 (Yoast SEO v27.4) - https:\/\/yoast.com\/product\/yoast-seo-premium-wordpress\/ -->\n<title>Sto Danmark udvikler, producerer og leverer til byggebranchen<\/title>\n<meta name=\"description\" content=\"Vi udvikler, producerer og leverer. Vores sortiment indeholder produkter og systemer indenfor Facade, Interi\u00f8r, Akustik, Gulv, Beton og Kulfiberforst\u00e6rkning\" \/>\n<meta name=\"robots\" content=\"index, follow, max-snippet:-1, max-image-preview:large, max-video-preview:-1\" \/>\n<link rel=\"canonical\" href=\"https:\/\/niipit.dk\/sto-danmark\/\" \/>\n<meta property=\"og:locale\" content=\"da_DK\" \/>\n<meta property=\"og:type\" content=\"article\" \/>\n<meta property=\"og:title\" content=\"Sto Danmark udvikler, producerer og leverer til byggebranchen\" \/>\n<meta property=\"og:description\" content=\"Vi udvikler, producerer og leverer. Vores sortiment indeholder produkter og systemer indenfor Facade, Interi\u00f8r, Akustik, Gulv, Beton og Kulfiberforst\u00e6rkning\" \/>\n<meta property=\"og:url\" content=\"https:\/\/niipit.dk\/sto-danmark\/\" \/>\n<meta property=\"og:site_name\" content=\"Sto Danmark\" \/>\n<meta property=\"article:modified_time\" content=\"2020-04-22T07:19:24+00:00\" \/>\n<meta name=\"twitter:card\" content=\"summary_large_image\" \/>\n<meta name=\"twitter:label1\" content=\"Estimeret l\u00e6setid\" \/>\n\t<meta name=\"twitter:data1\" content=\"1 minut\" \/>\n<script type=\"application\/ld+json\" class=\"yoast-schema-graph\">{\"@context\":\"https:\\\/\\\/schema.org\",\"@graph\":[{\"@type\":\"WebPage\",\"@id\":\"https:\\\/\\\/niipit.dk\\\/sto-danmark\\\/\",\"url\":\"https:\\\/\\\/niipit.dk\\\/sto-danmark\\\/\",\"name\":\"Sto Danmark udvikler, producerer og leverer til byggebranchen\",\"isPartOf\":{\"@id\":\"https:\\\/\\\/niipit.dk\\\/sto-danmark\\\/#website\"},\"datePublished\":\"1980-04-21T20:29:34+00:00\",\"dateModified\":\"2020-04-22T07:19:24+00:00\",\"description\":\"Vi udvikler, producerer og leverer. Vores sortiment indeholder produkter og systemer indenfor Facade, Interi\u00f8r, Akustik, Gulv, Beton og Kulfiberforst\u00e6rkning\",\"breadcrumb\":{\"@id\":\"https:\\\/\\\/niipit.dk\\\/sto-danmark\\\/#breadcrumb\"},\"inLanguage\":\"da-DK\",\"potentialAction\":[{\"@type\":\"ReadAction\",\"target\":[\"https:\\\/\\\/niipit.dk\\\/sto-danmark\\\/\"]}]},{\"@type\":\"BreadcrumbList\",\"@id\":\"https:\\\/\\\/niipit.dk\\\/sto-danmark\\\/#breadcrumb\",\"itemListElement\":[{\"@type\":\"ListItem\",\"position\":1,\"name\":\"Hjem\",\"item\":\"https:\\\/\\\/niipit.dk\\\/sto-danmark\\\/\"},{\"@type\":\"ListItem\",\"position\":2,\"name\":\"Forside\"}]},{\"@type\":\"WebSite\",\"@id\":\"https:\\\/\\\/niipit.dk\\\/sto-danmark\\\/#website\",\"url\":\"https:\\\/\\\/niipit.dk\\\/sto-danmark\\\/\",\"name\":\"Sto Danmark\",\"description\":\"F\u00e5 din virksomhed p\u00e5 niipit\",\"potentialAction\":[{\"@type\":\"SearchAction\",\"target\":{\"@type\":\"EntryPoint\",\"urlTemplate\":\"https:\\\/\\\/niipit.dk\\\/sto-danmark\\\/?s={search_term_string}\"},\"query-input\":{\"@type\":\"PropertyValueSpecification\",\"valueRequired\":true,\"valueName\":\"search_term_string\"}}],\"inLanguage\":\"da-DK\"}]}<\/script>\n<!-- \/ Yoast SEO Premium plugin. -->","yoast_head_json":{"title":"Sto Danmark udvikler, producerer og leverer til byggebranchen","description":"Vi udvikler, producerer og leverer. Vores sortiment indeholder produkter og systemer indenfor Facade, Interi\u00f8r, Akustik, Gulv, Beton og Kulfiberforst\u00e6rkning","robots":{"index":"index","follow":"follow","max-snippet":"max-snippet:-1","max-image-preview":"max-image-preview:large","max-video-preview":"max-video-preview:-1"},"canonical":"https:\/\/niipit.dk\/sto-danmark\/","og_locale":"da_DK","og_type":"article","og_title":"Sto Danmark udvikler, producerer og leverer til byggebranchen","og_description":"Vi udvikler, producerer og leverer. Vores sortiment indeholder produkter og systemer indenfor Facade, Interi\u00f8r, Akustik, Gulv, Beton og Kulfiberforst\u00e6rkning","og_url":"https:\/\/niipit.dk\/sto-danmark\/","og_site_name":"Sto Danmark","article_modified_time":"2020-04-22T07:19:24+00:00","twitter_card":"summary_large_image","twitter_misc":{"Estimeret l\u00e6setid":"1 minut"},"schema":{"@context":"https:\/\/schema.org","@graph":[{"@type":"WebPage","@id":"https:\/\/niipit.dk\/sto-danmark\/","url":"https:\/\/niipit.dk\/sto-danmark\/","name":"Sto Danmark udvikler, producerer og leverer til byggebranchen","isPartOf":{"@id":"https:\/\/niipit.dk\/sto-danmark\/#website"},"datePublished":"1980-04-21T20:29:34+00:00","dateModified":"2020-04-22T07:19:24+00:00","description":"Vi udvikler, producerer og leverer. Vores sortiment indeholder produkter og systemer indenfor Facade, Interi\u00f8r, Akustik, Gulv, Beton og Kulfiberforst\u00e6rkning","breadcrumb":{"@id":"https:\/\/niipit.dk\/sto-danmark\/#breadcrumb"},"inLanguage":"da-DK","potentialAction":[{"@type":"ReadAction","target":["https:\/\/niipit.dk\/sto-danmark\/"]}]},{"@type":"BreadcrumbList","@id":"https:\/\/niipit.dk\/sto-danmark\/#breadcrumb","itemListElement":[{"@type":"ListItem","position":1,"name":"Hjem","item":"https:\/\/niipit.dk\/sto-danmark\/"},{"@type":"ListItem","position":2,"name":"Forside"}]},{"@type":"WebSite","@id":"https:\/\/niipit.dk\/sto-danmark\/#website","url":"https:\/\/niipit.dk\/sto-danmark\/","name":"Sto Danmark","description":"F\u00e5 din virksomhed p\u00e5 niipit","potentialAction":[{"@type":"SearchAction","target":{"@type":"EntryPoint","urlTemplate":"https:\/\/niipit.dk\/sto-danmark\/?s={search_term_string}"},"query-input":{"@type":"PropertyValueSpecification","valueRequired":true,"valueName":"search_term_string"}}],"inLanguage":"da-DK"}]}},"_links":{"self":[{"href":"https:\/\/niipit.dk\/sto-danmark\/wp-json\/wp\/v2\/pages\/5064","targetHints":{"allow":["GET"]}}],"collection":[{"href":"https:\/\/niipit.dk\/sto-danmark\/wp-json\/wp\/v2\/pages"}],"about":[{"href":"https:\/\/niipit.dk\/sto-danmark\/wp-json\/wp\/v2\/types\/page"}],"author":[{"embeddable":true,"href":"https:\/\/niipit.dk\/sto-danmark\/wp-json\/wp\/v2\/users\/1"}],"replies":[{"embeddable":true,"href":"https:\/\/niipit.dk\/sto-danmark\/wp-json\/wp\/v2\/comments?post=5064"}],"version-history":[{"count":0,"href":"https:\/\/niipit.dk\/sto-danmark\/wp-json\/wp\/v2\/pages\/5064\/revisions"}],"wp:attachment":[{"href":"https:\/\/niipit.dk\/sto-danmark\/wp-json\/wp\/v2\/media?parent=5064"}],"curies":[{"name":"wp","href":"https:\/\/api.w.org\/{rel}","templated":true}]}}