{"id":5064,"date":"2020-04-10T22:29:34","date_gmt":"2020-04-10T20:29:34","guid":{"rendered":"https:\/\/niipit.dk\/skippers-gardiner-shop\/?page_id=5064"},"modified":"2024-02-02T13:48:37","modified_gmt":"2024-02-02T12:48:37","slug":"frontpage","status":"publish","type":"page","link":"https:\/\/niipit.dk\/skippers-gardiner\/","title":{"rendered":"Forside"},"content":{"rendered":"<hr class=\"wp-block-separator\" \/>\r\n\r\n\r\n<h1>Hos Skipper Gardiner kan du altid finde den bedste l\u00f8sning til dine gardiner<\/h1>\r\n<p>N\u00e5r du k\u00f8ber gardiner fra <span style=\"color: #000000;\"><a style=\"color: #000000;\" href=\"https:\/\/www.skippersgardiner.dk\/\" target=\"_blank\" rel=\"noopener\">Skippers Gardiner<\/a><\/span>, s\u00e5 f\u00e5r du altid gardiner af den h\u00f8jeste kvalitet som er tilpasset pr\u00e6cis dine behov. De hj\u00e6lper dig med at finde en l\u00f8sning som sikrer at du f\u00e5r den bedste oplevelse.<\/p>\r\n<p>Skippers Gardiner er grundlagt af Mikkel Skipper som har mere end 17 \u00e5rs erfaring indenfor branchen og kan anvende sin ekspertise og erfaring til, at sikre de bedste gardinl\u00f8sninger til b\u00e5de privat og erhverv.<\/p>\r\n<p>Der kan v\u00e6re mange \u00e5rsager til at f\u00e5 nye gardiner. Det kan eksempelvis v\u00e6re at du lige et flyttet ind i et nyt og dejligt hjem, hvilket g\u00f8r at du har brug for en god, professionel og holdbar gardinl\u00f8sning. Det kunne ogs\u00e5 v\u00e6re at dine eksisterende bare var slidte, gamle eller ikke opfyldte alle dine behov til gardinerne.<\/p>\r\n<p>For at sikre at kunderne altid f\u00e5r leveret et kvalitetsarbejde hver gang, s\u00e5 har de valgt altid at anvende dansk produceret arbejde, samt kun godkendte og velafpr\u00f8vede produkter og materialer fra alle deres leverand\u00f8rer. Hele id\u00e9grundlaget for Skippers Gardiner er at kunderne altid skal f\u00f8le sig velkomne og blive professionel behandlet. Derudover skal de altid f\u00e5 tilbudt den bedste l\u00f8sning som altid er veldokumenteret.<\/p>\r\n<p>Du kan altid f\u00e5 et bes\u00f8g af en gardinbus gratis og f\u00e5 opm\u00e5lt dine vinduer n\u00e5r du k\u00f8ber gardiner hos Skippers Gardiner. N\u00e5r deres gardinbus k\u00f8rer rundt i Jylland, s\u00e5 er den altid fyldt med forskellige varepr\u00f8ver i mange farver, samt kan du finde et stort udvalg af rullegardiner, plissegardiner og lamelgardiner. Kort fortalt betyder det alts\u00e5 at du f\u00e5r bes\u00f8g en gardinbutik p\u00e5 hjul.<\/p>\r\n<p>Herefter kan de hj\u00e6lpe dig med r\u00e5dgivning, opm\u00e5ling og give dig et uforpligtende tilbud som du kan t\u00e6nke over.<\/p>\r\n<p>Hvis du gerne vil h\u00f8re mere, s\u00e5 kan du l\u00e6se mere om Skippers Gardiner p\u00e5 hjemmesiden, samt finde vores kontaktoplysninger p\u00e5 hjemmesiden.<\/p>\r\n","protected":false},"excerpt":{"rendered":"<p>Hos Skipper Gardiner kan du altid finde den bedste l\u00f8sning til dine gardiner N\u00e5r du k\u00f8ber gardiner fra Skippers Gardiner, s\u00e5 f\u00e5r du altid gardiner af den h\u00f8jeste kvalitet som er tilpasset pr\u00e6cis dine behov. De hj\u00e6lper dig med at finde en l\u00f8sning som sikrer at du f\u00e5r den bedste oplevelse. Skippers Gardiner er grundlagt <a class=\"moretag btn btn-primary\" href=\"https:\/\/niipit.dk\/skippers-gardiner\/\">L\u00e6s mere<\/a><\/p>\n","protected":false},"author":1,"featured_media":5997,"parent":0,"menu_order":0,"comment_status":"closed","ping_status":"closed","template":"frontpagePremium.php","meta":{"_exactmetrics_skip_tracking":false,"_exactmetrics_sitenote_active":false,"_exactmetrics_sitenote_note":"","_exactmetrics_sitenote_category":0,"_monsterinsights_skip_tracking":false,"_monsterinsights_sitenote_active":false,"_monsterinsights_sitenote_note":"","_monsterinsights_sitenote_category":0,"footnotes":""},"class_list":["post-5064","page","type-page","status-publish","has-post-thumbnail","hentry"],"yoast_head":"<!-- This site is optimized with the Yoast SEO plugin v27.4 - https:\/\/yoast.com\/product\/yoast-seo-wordpress\/ -->\n<title>Skippers Gardiner<\/title>\n<meta name=\"description\" content=\"Skippers Gardiner\" \/>\n<meta name=\"robots\" content=\"index, follow, max-snippet:-1, max-image-preview:large, max-video-preview:-1\" \/>\n<link rel=\"canonical\" href=\"https:\/\/niipit.dk\/skippers-gardiner\/\" \/>\n<meta property=\"og:locale\" content=\"da_DK\" \/>\n<meta property=\"og:type\" content=\"article\" \/>\n<meta property=\"og:title\" content=\"Skippers Gardiner\" \/>\n<meta property=\"og:description\" content=\"Skippers Gardiner\" \/>\n<meta property=\"og:url\" content=\"https:\/\/niipit.dk\/skippers-gardiner\/\" \/>\n<meta property=\"og:site_name\" content=\"Skippers Gardiner\" \/>\n<meta property=\"article:modified_time\" content=\"2024-02-02T12:48:37+00:00\" \/>\n<meta property=\"og:image\" content=\"https:\/\/niipit.dk\/skippers-gardiner\/wp-content\/uploads\/sites\/726\/2024\/02\/skippers-gardiner.png\" \/>\n\t<meta property=\"og:image:width\" content=\"785\" \/>\n\t<meta property=\"og:image:height\" content=\"194\" \/>\n\t<meta property=\"og:image:type\" content=\"image\/png\" \/>\n<meta name=\"twitter:card\" content=\"summary_large_image\" \/>\n<meta name=\"twitter:label1\" content=\"Estimeret l\u00e6setid\" \/>\n\t<meta name=\"twitter:data1\" content=\"2 minutter\" \/>\n<script type=\"application\/ld+json\" class=\"yoast-schema-graph\">{\"@context\":\"https:\\\/\\\/schema.org\",\"@graph\":[{\"@type\":\"WebPage\",\"@id\":\"https:\\\/\\\/niipit.dk\\\/skippers-gardiner\\\/\",\"url\":\"https:\\\/\\\/niipit.dk\\\/skippers-gardiner\\\/\",\"name\":\"Skippers Gardiner\",\"isPartOf\":{\"@id\":\"https:\\\/\\\/niipit.dk\\\/skippers-gardiner\\\/#website\"},\"primaryImageOfPage\":{\"@id\":\"https:\\\/\\\/niipit.dk\\\/skippers-gardiner\\\/#primaryimage\"},\"image\":{\"@id\":\"https:\\\/\\\/niipit.dk\\\/skippers-gardiner\\\/#primaryimage\"},\"thumbnailUrl\":\"https:\\\/\\\/niipit.dk\\\/skippers-gardiner\\\/wp-content\\\/uploads\\\/sites\\\/726\\\/2024\\\/02\\\/skippers-gardiner.png\",\"datePublished\":\"2020-04-10T20:29:34+00:00\",\"dateModified\":\"2024-02-02T12:48:37+00:00\",\"description\":\"Skippers Gardiner\",\"breadcrumb\":{\"@id\":\"https:\\\/\\\/niipit.dk\\\/skippers-gardiner\\\/#breadcrumb\"},\"inLanguage\":\"da-DK\",\"potentialAction\":[{\"@type\":\"ReadAction\",\"target\":[\"https:\\\/\\\/niipit.dk\\\/skippers-gardiner\\\/\"]}]},{\"@type\":\"ImageObject\",\"inLanguage\":\"da-DK\",\"@id\":\"https:\\\/\\\/niipit.dk\\\/skippers-gardiner\\\/#primaryimage\",\"url\":\"https:\\\/\\\/niipit.dk\\\/skippers-gardiner\\\/wp-content\\\/uploads\\\/sites\\\/726\\\/2024\\\/02\\\/skippers-gardiner.png\",\"contentUrl\":\"https:\\\/\\\/niipit.dk\\\/skippers-gardiner\\\/wp-content\\\/uploads\\\/sites\\\/726\\\/2024\\\/02\\\/skippers-gardiner.png\",\"width\":785,\"height\":194,\"caption\":\"Skippers Gardiner\"},{\"@type\":\"BreadcrumbList\",\"@id\":\"https:\\\/\\\/niipit.dk\\\/skippers-gardiner\\\/#breadcrumb\",\"itemListElement\":[{\"@type\":\"ListItem\",\"position\":1,\"name\":\"Hjem\",\"item\":\"https:\\\/\\\/niipit.dk\\\/skippers-gardiner\\\/\"},{\"@type\":\"ListItem\",\"position\":2,\"name\":\"Forside\"}]},{\"@type\":\"WebSite\",\"@id\":\"https:\\\/\\\/niipit.dk\\\/skippers-gardiner\\\/#website\",\"url\":\"https:\\\/\\\/niipit.dk\\\/skippers-gardiner\\\/\",\"name\":\"Skippers Gardiner\",\"description\":\"Din lokale gardinbus\",\"potentialAction\":[{\"@type\":\"SearchAction\",\"target\":{\"@type\":\"EntryPoint\",\"urlTemplate\":\"https:\\\/\\\/niipit.dk\\\/skippers-gardiner\\\/?s={search_term_string}\"},\"query-input\":{\"@type\":\"PropertyValueSpecification\",\"valueRequired\":true,\"valueName\":\"search_term_string\"}}],\"inLanguage\":\"da-DK\"}]}<\/script>\n<!-- \/ Yoast SEO plugin. -->","yoast_head_json":{"title":"Skippers Gardiner","description":"Skippers Gardiner","robots":{"index":"index","follow":"follow","max-snippet":"max-snippet:-1","max-image-preview":"max-image-preview:large","max-video-preview":"max-video-preview:-1"},"canonical":"https:\/\/niipit.dk\/skippers-gardiner\/","og_locale":"da_DK","og_type":"article","og_title":"Skippers Gardiner","og_description":"Skippers Gardiner","og_url":"https:\/\/niipit.dk\/skippers-gardiner\/","og_site_name":"Skippers Gardiner","article_modified_time":"2024-02-02T12:48:37+00:00","og_image":[{"width":785,"height":194,"url":"https:\/\/niipit.dk\/skippers-gardiner\/wp-content\/uploads\/sites\/726\/2024\/02\/skippers-gardiner.png","type":"image\/png"}],"twitter_card":"summary_large_image","twitter_misc":{"Estimeret l\u00e6setid":"2 minutter"},"schema":{"@context":"https:\/\/schema.org","@graph":[{"@type":"WebPage","@id":"https:\/\/niipit.dk\/skippers-gardiner\/","url":"https:\/\/niipit.dk\/skippers-gardiner\/","name":"Skippers Gardiner","isPartOf":{"@id":"https:\/\/niipit.dk\/skippers-gardiner\/#website"},"primaryImageOfPage":{"@id":"https:\/\/niipit.dk\/skippers-gardiner\/#primaryimage"},"image":{"@id":"https:\/\/niipit.dk\/skippers-gardiner\/#primaryimage"},"thumbnailUrl":"https:\/\/niipit.dk\/skippers-gardiner\/wp-content\/uploads\/sites\/726\/2024\/02\/skippers-gardiner.png","datePublished":"2020-04-10T20:29:34+00:00","dateModified":"2024-02-02T12:48:37+00:00","description":"Skippers Gardiner","breadcrumb":{"@id":"https:\/\/niipit.dk\/skippers-gardiner\/#breadcrumb"},"inLanguage":"da-DK","potentialAction":[{"@type":"ReadAction","target":["https:\/\/niipit.dk\/skippers-gardiner\/"]}]},{"@type":"ImageObject","inLanguage":"da-DK","@id":"https:\/\/niipit.dk\/skippers-gardiner\/#primaryimage","url":"https:\/\/niipit.dk\/skippers-gardiner\/wp-content\/uploads\/sites\/726\/2024\/02\/skippers-gardiner.png","contentUrl":"https:\/\/niipit.dk\/skippers-gardiner\/wp-content\/uploads\/sites\/726\/2024\/02\/skippers-gardiner.png","width":785,"height":194,"caption":"Skippers Gardiner"},{"@type":"BreadcrumbList","@id":"https:\/\/niipit.dk\/skippers-gardiner\/#breadcrumb","itemListElement":[{"@type":"ListItem","position":1,"name":"Hjem","item":"https:\/\/niipit.dk\/skippers-gardiner\/"},{"@type":"ListItem","position":2,"name":"Forside"}]},{"@type":"WebSite","@id":"https:\/\/niipit.dk\/skippers-gardiner\/#website","url":"https:\/\/niipit.dk\/skippers-gardiner\/","name":"Skippers Gardiner","description":"Din lokale gardinbus","potentialAction":[{"@type":"SearchAction","target":{"@type":"EntryPoint","urlTemplate":"https:\/\/niipit.dk\/skippers-gardiner\/?s={search_term_string}"},"query-input":{"@type":"PropertyValueSpecification","valueRequired":true,"valueName":"search_term_string"}}],"inLanguage":"da-DK"}]}},"_links":{"self":[{"href":"https:\/\/niipit.dk\/skippers-gardiner\/wp-json\/wp\/v2\/pages\/5064","targetHints":{"allow":["GET"]}}],"collection":[{"href":"https:\/\/niipit.dk\/skippers-gardiner\/wp-json\/wp\/v2\/pages"}],"about":[{"href":"https:\/\/niipit.dk\/skippers-gardiner\/wp-json\/wp\/v2\/types\/page"}],"author":[{"embeddable":true,"href":"https:\/\/niipit.dk\/skippers-gardiner\/wp-json\/wp\/v2\/users\/1"}],"replies":[{"embeddable":true,"href":"https:\/\/niipit.dk\/skippers-gardiner\/wp-json\/wp\/v2\/comments?post=5064"}],"version-history":[{"count":2,"href":"https:\/\/niipit.dk\/skippers-gardiner\/wp-json\/wp\/v2\/pages\/5064\/revisions"}],"predecessor-version":[{"id":5992,"href":"https:\/\/niipit.dk\/skippers-gardiner\/wp-json\/wp\/v2\/pages\/5064\/revisions\/5992"}],"wp:featuredmedia":[{"embeddable":true,"href":"https:\/\/niipit.dk\/skippers-gardiner\/wp-json\/wp\/v2\/media\/5997"}],"wp:attachment":[{"href":"https:\/\/niipit.dk\/skippers-gardiner\/wp-json\/wp\/v2\/media?parent=5064"}],"curies":[{"name":"wp","href":"https:\/\/api.w.org\/{rel}","templated":true}]}}