{"id":5064,"date":"2020-04-10T22:29:34","date_gmt":"2020-04-10T20:29:34","guid":{"rendered":"https:\/\/niipit.dk\/seo-der-virker-shop\/?page_id=5064"},"modified":"2021-05-02T09:02:40","modified_gmt":"2021-05-02T07:02:40","slug":"frontpage","status":"publish","type":"page","link":"https:\/\/niipit.dk\/seo-der-virker\/","title":{"rendered":"Forside"},"content":{"rendered":"\n<hr class=\"wp-block-separator\"\/>\n\n\n\n<p><\/p>\n","protected":false},"excerpt":{"rendered":"","protected":false},"author":1,"featured_media":0,"parent":0,"menu_order":0,"comment_status":"closed","ping_status":"closed","template":"frontpagePremium.php","meta":{"_exactmetrics_skip_tracking":false,"_exactmetrics_sitenote_active":false,"_exactmetrics_sitenote_note":"","_exactmetrics_sitenote_category":0,"_monsterinsights_skip_tracking":false,"_monsterinsights_sitenote_active":false,"_monsterinsights_sitenote_note":"","_monsterinsights_sitenote_category":0,"footnotes":""},"class_list":["post-5064","page","type-page","status-publish","hentry"],"yoast_head":"<!-- This site is optimized with the Yoast SEO Premium plugin v16.3 (Yoast SEO v27.4) - https:\/\/yoast.com\/product\/yoast-seo-premium-wordpress\/ -->\n<title>Seo der virker Findes lige her. Mangler du kunder?<\/title>\n<meta name=\"description\" content=\"Med Seo der virker kan du tiltr\u00e6kke kunderne n\u00e5r de leder efter dig p\u00e5 Google. L\u00e6r hvordan du skal g\u00f8re og f\u00e5 kunder uden at betale for ads\" \/>\n<meta name=\"robots\" content=\"index, follow, max-snippet:-1, max-image-preview:large, max-video-preview:-1\" \/>\n<link rel=\"canonical\" href=\"https:\/\/niipit.dk\/seo-der-virker\/\" \/>\n<meta property=\"og:locale\" content=\"da_DK\" \/>\n<meta property=\"og:type\" content=\"article\" \/>\n<meta property=\"og:title\" content=\"Seo der virker Findes lige her. Mangler du kunder?\" \/>\n<meta property=\"og:description\" content=\"Med Seo der virker kan du tiltr\u00e6kke kunderne n\u00e5r de leder efter dig p\u00e5 Google. L\u00e6r hvordan du skal g\u00f8re og f\u00e5 kunder uden at betale for ads\" \/>\n<meta property=\"og:url\" content=\"https:\/\/niipit.dk\/seo-der-virker\/\" \/>\n<meta property=\"og:site_name\" content=\"Seo der virker\" \/>\n<meta property=\"article:modified_time\" content=\"2021-05-02T07:02:40+00:00\" \/>\n<meta name=\"twitter:card\" content=\"summary_large_image\" \/>\n<script type=\"application\/ld+json\" class=\"yoast-schema-graph\">{\"@context\":\"https:\\\/\\\/schema.org\",\"@graph\":[{\"@type\":\"WebPage\",\"@id\":\"https:\\\/\\\/niipit.dk\\\/seo-der-virker\\\/\",\"url\":\"https:\\\/\\\/niipit.dk\\\/seo-der-virker\\\/\",\"name\":\"Seo der virker Findes lige her. Mangler du kunder?\",\"isPartOf\":{\"@id\":\"https:\\\/\\\/niipit.dk\\\/seo-der-virker\\\/#website\"},\"datePublished\":\"2020-04-10T20:29:34+00:00\",\"dateModified\":\"2021-05-02T07:02:40+00:00\",\"description\":\"Med Seo der virker kan du tiltr\u00e6kke kunderne n\u00e5r de leder efter dig p\u00e5 Google. L\u00e6r hvordan du skal g\u00f8re og f\u00e5 kunder uden at betale for ads\",\"breadcrumb\":{\"@id\":\"https:\\\/\\\/niipit.dk\\\/seo-der-virker\\\/#breadcrumb\"},\"inLanguage\":\"da-DK\",\"potentialAction\":[{\"@type\":\"ReadAction\",\"target\":[\"https:\\\/\\\/niipit.dk\\\/seo-der-virker\\\/\"]}]},{\"@type\":\"BreadcrumbList\",\"@id\":\"https:\\\/\\\/niipit.dk\\\/seo-der-virker\\\/#breadcrumb\",\"itemListElement\":[{\"@type\":\"ListItem\",\"position\":1,\"name\":\"Hjem\",\"item\":\"https:\\\/\\\/niipit.dk\\\/seo-der-virker\\\/\"},{\"@type\":\"ListItem\",\"position\":2,\"name\":\"Forside\"}]},{\"@type\":\"WebSite\",\"@id\":\"https:\\\/\\\/niipit.dk\\\/seo-der-virker\\\/#website\",\"url\":\"https:\\\/\\\/niipit.dk\\\/seo-der-virker\\\/\",\"name\":\"Seo der virker\",\"description\":\"Bliv fundet p\u00e5 Google\",\"potentialAction\":[{\"@type\":\"SearchAction\",\"target\":{\"@type\":\"EntryPoint\",\"urlTemplate\":\"https:\\\/\\\/niipit.dk\\\/seo-der-virker\\\/?s={search_term_string}\"},\"query-input\":{\"@type\":\"PropertyValueSpecification\",\"valueRequired\":true,\"valueName\":\"search_term_string\"}}],\"inLanguage\":\"da-DK\"}]}<\/script>\n<!-- \/ Yoast SEO Premium plugin. -->","yoast_head_json":{"title":"Seo der virker Findes lige her. Mangler du kunder?","description":"Med Seo der virker kan du tiltr\u00e6kke kunderne n\u00e5r de leder efter dig p\u00e5 Google. L\u00e6r hvordan du skal g\u00f8re og f\u00e5 kunder uden at betale for ads","robots":{"index":"index","follow":"follow","max-snippet":"max-snippet:-1","max-image-preview":"max-image-preview:large","max-video-preview":"max-video-preview:-1"},"canonical":"https:\/\/niipit.dk\/seo-der-virker\/","og_locale":"da_DK","og_type":"article","og_title":"Seo der virker Findes lige her. Mangler du kunder?","og_description":"Med Seo der virker kan du tiltr\u00e6kke kunderne n\u00e5r de leder efter dig p\u00e5 Google. L\u00e6r hvordan du skal g\u00f8re og f\u00e5 kunder uden at betale for ads","og_url":"https:\/\/niipit.dk\/seo-der-virker\/","og_site_name":"Seo der virker","article_modified_time":"2021-05-02T07:02:40+00:00","twitter_card":"summary_large_image","schema":{"@context":"https:\/\/schema.org","@graph":[{"@type":"WebPage","@id":"https:\/\/niipit.dk\/seo-der-virker\/","url":"https:\/\/niipit.dk\/seo-der-virker\/","name":"Seo der virker Findes lige her. Mangler du kunder?","isPartOf":{"@id":"https:\/\/niipit.dk\/seo-der-virker\/#website"},"datePublished":"2020-04-10T20:29:34+00:00","dateModified":"2021-05-02T07:02:40+00:00","description":"Med Seo der virker kan du tiltr\u00e6kke kunderne n\u00e5r de leder efter dig p\u00e5 Google. L\u00e6r hvordan du skal g\u00f8re og f\u00e5 kunder uden at betale for ads","breadcrumb":{"@id":"https:\/\/niipit.dk\/seo-der-virker\/#breadcrumb"},"inLanguage":"da-DK","potentialAction":[{"@type":"ReadAction","target":["https:\/\/niipit.dk\/seo-der-virker\/"]}]},{"@type":"BreadcrumbList","@id":"https:\/\/niipit.dk\/seo-der-virker\/#breadcrumb","itemListElement":[{"@type":"ListItem","position":1,"name":"Hjem","item":"https:\/\/niipit.dk\/seo-der-virker\/"},{"@type":"ListItem","position":2,"name":"Forside"}]},{"@type":"WebSite","@id":"https:\/\/niipit.dk\/seo-der-virker\/#website","url":"https:\/\/niipit.dk\/seo-der-virker\/","name":"Seo der virker","description":"Bliv fundet p\u00e5 Google","potentialAction":[{"@type":"SearchAction","target":{"@type":"EntryPoint","urlTemplate":"https:\/\/niipit.dk\/seo-der-virker\/?s={search_term_string}"},"query-input":{"@type":"PropertyValueSpecification","valueRequired":true,"valueName":"search_term_string"}}],"inLanguage":"da-DK"}]}},"_links":{"self":[{"href":"https:\/\/niipit.dk\/seo-der-virker\/wp-json\/wp\/v2\/pages\/5064","targetHints":{"allow":["GET"]}}],"collection":[{"href":"https:\/\/niipit.dk\/seo-der-virker\/wp-json\/wp\/v2\/pages"}],"about":[{"href":"https:\/\/niipit.dk\/seo-der-virker\/wp-json\/wp\/v2\/types\/page"}],"author":[{"embeddable":true,"href":"https:\/\/niipit.dk\/seo-der-virker\/wp-json\/wp\/v2\/users\/1"}],"replies":[{"embeddable":true,"href":"https:\/\/niipit.dk\/seo-der-virker\/wp-json\/wp\/v2\/comments?post=5064"}],"version-history":[{"count":1,"href":"https:\/\/niipit.dk\/seo-der-virker\/wp-json\/wp\/v2\/pages\/5064\/revisions"}],"predecessor-version":[{"id":5984,"href":"https:\/\/niipit.dk\/seo-der-virker\/wp-json\/wp\/v2\/pages\/5064\/revisions\/5984"}],"wp:attachment":[{"href":"https:\/\/niipit.dk\/seo-der-virker\/wp-json\/wp\/v2\/media?parent=5064"}],"curies":[{"name":"wp","href":"https:\/\/api.w.org\/{rel}","templated":true}]}}