{"id":5729,"date":"2019-05-14T14:35:10","date_gmt":"2019-05-14T12:35:10","guid":{"rendered":"https:\/\/niipit.dk\/saxo\/?page_id=5729"},"modified":"2020-07-04T23:19:20","modified_gmt":"2020-07-04T21:19:20","slug":"video","status":"publish","type":"page","link":"https:\/\/niipit.dk\/saxo\/video\/","title":{"rendered":"Video"},"content":{"rendered":"\n<h1 class=\"wp-block-heading\">Se video fra Saxo<\/h1>\n\n\n\n<figure class=\"wp-block-embed-youtube wp-block-embed is-type-video is-provider-youtube wp-embed-aspect-4-3 wp-has-aspect-ratio\"><div class=\"wp-block-embed__wrapper\">\n<iframe loading=\"lazy\" title=\"Kirsten Birgit om sin nye bog &#039;Hertil og ikke l\u00e6ngere&#039;\" width=\"1170\" height=\"878\" src=\"https:\/\/www.youtube.com\/embed\/wZPBuPtGbpg?feature=oembed\" frameborder=\"0\" allow=\"accelerometer; autoplay; clipboard-write; encrypted-media; gyroscope; picture-in-picture\" allowfullscreen><\/iframe>\n<\/div><\/figure>\n\n\n\n<figure class=\"wp-block-embed-youtube wp-block-embed is-type-video is-provider-youtube wp-embed-aspect-16-9 wp-has-aspect-ratio\"><div class=\"wp-block-embed__wrapper\">\n<iframe loading=\"lazy\" title=\"M\u00e5nedens forfatter | November 2019: Sara Bl\u00e6del\" width=\"1170\" height=\"658\" src=\"https:\/\/www.youtube.com\/embed\/DjF88kQvKFg?feature=oembed\" frameborder=\"0\" allow=\"accelerometer; autoplay; clipboard-write; encrypted-media; gyroscope; picture-in-picture\" allowfullscreen><\/iframe>\n<\/div><\/figure>\n\n\n\n<figure class=\"wp-block-embed-youtube wp-block-embed is-type-video is-provider-youtube wp-embed-aspect-16-9 wp-has-aspect-ratio\"><div class=\"wp-block-embed__wrapper\">\n<iframe loading=\"lazy\" title=\"M\u00e5nedens forfatter | Oktober 2019: Liane Moriarty\" width=\"1170\" height=\"658\" src=\"https:\/\/www.youtube.com\/embed\/HClF0iPmt_E?feature=oembed\" frameborder=\"0\" allow=\"accelerometer; autoplay; clipboard-write; encrypted-media; gyroscope; picture-in-picture\" allowfullscreen><\/iframe>\n<\/div><\/figure>\n\n\n\n<figure class=\"wp-block-embed-youtube wp-block-embed is-type-video is-provider-youtube wp-embed-aspect-4-3 wp-has-aspect-ratio\"><div class=\"wp-block-embed__wrapper\">\n<iframe loading=\"lazy\" title=\"&#039;Hvor flodkrebsene synger&#039; af Delia Owens\" width=\"1170\" height=\"878\" src=\"https:\/\/www.youtube.com\/embed\/TlpVKdZmm5s?feature=oembed\" frameborder=\"0\" allow=\"accelerometer; autoplay; clipboard-write; encrypted-media; gyroscope; picture-in-picture\" allowfullscreen><\/iframe>\n<\/div><\/figure>\n\n\n\n<figure class=\"wp-block-embed-youtube wp-block-embed is-type-video is-provider-youtube wp-embed-aspect-16-9 wp-has-aspect-ratio\"><div class=\"wp-block-embed__wrapper\">\n<iframe loading=\"lazy\" title=\"M\u00e5nedens forfatter | September 2019: Tom Buk-Swienty\" width=\"1170\" height=\"658\" src=\"https:\/\/www.youtube.com\/embed\/RLSw8Ty-htg?feature=oembed\" frameborder=\"0\" allow=\"accelerometer; autoplay; clipboard-write; encrypted-media; gyroscope; picture-in-picture\" allowfullscreen><\/iframe>\n<\/div><\/figure>\n\n\n\n<figure class=\"wp-block-embed-youtube wp-block-embed is-type-video is-provider-youtube wp-embed-aspect-16-9 wp-has-aspect-ratio\"><div class=\"wp-block-embed__wrapper\">\n<iframe loading=\"lazy\" title=\"Tom Buk-Swienty om L\u00f8vinden - 1\" width=\"1170\" height=\"658\" src=\"https:\/\/www.youtube.com\/embed\/wy0wQ3gXKf8?feature=oembed\" frameborder=\"0\" allow=\"accelerometer; autoplay; clipboard-write; encrypted-media; gyroscope; picture-in-picture\" allowfullscreen><\/iframe>\n<\/div><\/figure>\n\n\n\n<figure class=\"wp-block-embed-youtube wp-block-embed is-type-video is-provider-youtube wp-embed-aspect-16-9 wp-has-aspect-ratio\"><div class=\"wp-block-embed__wrapper\">\n<iframe loading=\"lazy\" title=\"Tom Buk-Swienty om L\u00f8vinden - 2\" width=\"1170\" height=\"658\" src=\"https:\/\/www.youtube.com\/embed\/2qpVuuKbX80?feature=oembed\" frameborder=\"0\" allow=\"accelerometer; autoplay; clipboard-write; encrypted-media; gyroscope; picture-in-picture\" allowfullscreen><\/iframe>\n<\/div><\/figure>\n\n\n\n<figure class=\"wp-block-embed-youtube wp-block-embed is-type-video is-provider-youtube wp-embed-aspect-16-9 wp-has-aspect-ratio\"><div class=\"wp-block-embed__wrapper\">\n<iframe loading=\"lazy\" title=\"Tom Buk-Swienty om L\u00f8vinden - 3\" width=\"1170\" height=\"658\" src=\"https:\/\/www.youtube.com\/embed\/80iJYgAzSz4?feature=oembed\" frameborder=\"0\" allow=\"accelerometer; autoplay; clipboard-write; encrypted-media; gyroscope; picture-in-picture\" allowfullscreen><\/iframe>\n<\/div><\/figure>\n\n\n\n<figure class=\"wp-block-embed-youtube wp-block-embed is-type-video is-provider-youtube wp-embed-aspect-16-9 wp-has-aspect-ratio\"><div class=\"wp-block-embed__wrapper\">\n<iframe loading=\"lazy\" title=\"Tom Buk-Swienty om L\u00f8vinden - 4\" width=\"1170\" height=\"658\" src=\"https:\/\/www.youtube.com\/embed\/3_JEwYVxgc4?feature=oembed\" frameborder=\"0\" allow=\"accelerometer; autoplay; clipboard-write; encrypted-media; gyroscope; picture-in-picture\" allowfullscreen><\/iframe>\n<\/div><\/figure>\n\n\n\n<figure class=\"wp-block-embed-youtube wp-block-embed is-type-video is-provider-youtube wp-embed-aspect-4-3 wp-has-aspect-ratio\"><div class=\"wp-block-embed__wrapper\">\n<iframe loading=\"lazy\" title=\"Hvad er et menneske?\" width=\"1170\" height=\"878\" src=\"https:\/\/www.youtube.com\/embed\/ceXJ8y7BtS8?feature=oembed\" frameborder=\"0\" allow=\"accelerometer; autoplay; clipboard-write; encrypted-media; gyroscope; picture-in-picture\" allowfullscreen><\/iframe>\n<\/div><\/figure>\n\n\n\n<figure class=\"wp-block-embed-youtube wp-block-embed is-type-video is-provider-youtube wp-embed-aspect-16-9 wp-has-aspect-ratio\"><div class=\"wp-block-embed__wrapper\">\n<iframe loading=\"lazy\" title=\"Katrine Engberg om K\u00f8benhavn\" width=\"1170\" height=\"658\" src=\"https:\/\/www.youtube.com\/embed\/Qj0KQw4hZzg?feature=oembed\" frameborder=\"0\" allow=\"accelerometer; autoplay; clipboard-write; encrypted-media; gyroscope; picture-in-picture\" allowfullscreen><\/iframe>\n<\/div><\/figure>\n\n\n\n<figure class=\"wp-block-embed-youtube wp-block-embed is-type-video is-provider-youtube wp-embed-aspect-16-9 wp-has-aspect-ratio\"><div class=\"wp-block-embed__wrapper\">\n<iframe loading=\"lazy\" title=\"FILM 1 LANG HENDE DER M\u00c5 D\u00d8\" width=\"1170\" height=\"658\" src=\"https:\/\/www.youtube.com\/embed\/KwhcKf0SgwU?feature=oembed\" frameborder=\"0\" allow=\"accelerometer; autoplay; clipboard-write; encrypted-media; gyroscope; picture-in-picture\" allowfullscreen><\/iframe>\n<\/div><\/figure>\n\n\n\n<figure class=\"wp-block-embed-youtube wp-block-embed is-type-video is-provider-youtube wp-embed-aspect-16-9 wp-has-aspect-ratio\"><div class=\"wp-block-embed__wrapper\">\n<iframe loading=\"lazy\" title=\"S\u00e5dan giver du gamle b\u00f8ger nye l\u00e6sere\" width=\"1170\" height=\"658\" src=\"https:\/\/www.youtube.com\/embed\/EeS9PSocGoo?feature=oembed\" frameborder=\"0\" allow=\"accelerometer; autoplay; clipboard-write; encrypted-media; gyroscope; picture-in-picture\" allowfullscreen><\/iframe>\n<\/div><\/figure>\n","protected":false},"excerpt":{"rendered":"<p>Se video fra Saxo<\/p>\n","protected":false},"author":905,"featured_media":0,"parent":0,"menu_order":0,"comment_status":"closed","ping_status":"closed","template":"","meta":{"_exactmetrics_skip_tracking":false,"_exactmetrics_sitenote_active":false,"_exactmetrics_sitenote_note":"","_exactmetrics_sitenote_category":0,"_monsterinsights_skip_tracking":false,"_monsterinsights_sitenote_active":false,"_monsterinsights_sitenote_note":"","_monsterinsights_sitenote_category":0,"footnotes":""},"class_list":["post-5729","page","type-page","status-publish","hentry"],"yoast_head":"<!-- This site is optimized with the Yoast SEO plugin v27.2 - https:\/\/yoast.com\/product\/yoast-seo-wordpress\/ -->\n<title>Saxo Video - Se sp\u00e6ndende anbefalinger om b\u00f8ger<\/title>\n<meta name=\"description\" content=\"Saxo Video - Niipit - Dansk Kvalitets guide til webshops. Shop direkte med webshoppen - FIND TILBUD MED PRIS GARANTI HELT GRATIS\" \/>\n<meta name=\"robots\" content=\"index, follow, max-snippet:-1, max-image-preview:large, max-video-preview:-1\" \/>\n<link rel=\"canonical\" href=\"http:\/\/niipit.dk\/saxo\/video\/\" \/>\n<meta property=\"og:locale\" content=\"da_DK\" \/>\n<meta property=\"og:type\" content=\"article\" \/>\n<meta property=\"og:title\" content=\"Saxo Video - Se sp\u00e6ndende anbefalinger om b\u00f8ger\" \/>\n<meta property=\"og:description\" content=\"Saxo Video - Niipit - Dansk Kvalitets guide til webshops. Shop direkte med webshoppen - FIND TILBUD MED PRIS GARANTI HELT GRATIS\" \/>\n<meta property=\"og:url\" content=\"http:\/\/niipit.dk\/saxo\/video\/\" \/>\n<meta property=\"og:site_name\" content=\"SAXO\" \/>\n<meta property=\"article:modified_time\" content=\"2020-07-04T21:19:20+00:00\" \/>\n<meta name=\"twitter:card\" content=\"summary_large_image\" \/>\n<script type=\"application\/ld+json\" class=\"yoast-schema-graph\">{\"@context\":\"https:\/\/schema.org\",\"@graph\":[{\"@type\":\"WebPage\",\"@id\":\"http:\/\/niipit.dk\/saxo\/video\/\",\"url\":\"http:\/\/niipit.dk\/saxo\/video\/\",\"name\":\"Saxo Video - Se sp\u00e6ndende anbefalinger om b\u00f8ger\",\"isPartOf\":{\"@id\":\"https:\/\/niipit.dk\/saxo\/#website\"},\"datePublished\":\"2019-05-14T12:35:10+00:00\",\"dateModified\":\"2020-07-04T21:19:20+00:00\",\"description\":\"Saxo Video - Niipit - Dansk Kvalitets guide til webshops. Shop direkte med webshoppen - FIND TILBUD MED PRIS GARANTI HELT GRATIS\",\"breadcrumb\":{\"@id\":\"http:\/\/niipit.dk\/saxo\/video\/#breadcrumb\"},\"inLanguage\":\"da-DK\",\"potentialAction\":[{\"@type\":\"ReadAction\",\"target\":[\"http:\/\/niipit.dk\/saxo\/video\/\"]}]},{\"@type\":\"BreadcrumbList\",\"@id\":\"http:\/\/niipit.dk\/saxo\/video\/#breadcrumb\",\"itemListElement\":[{\"@type\":\"ListItem\",\"position\":1,\"name\":\"Hjem\",\"item\":\"https:\/\/niipit.dk\/saxo\/\"},{\"@type\":\"ListItem\",\"position\":2,\"name\":\"Video\"}]},{\"@type\":\"WebSite\",\"@id\":\"https:\/\/niipit.dk\/saxo\/#website\",\"url\":\"https:\/\/niipit.dk\/saxo\/\",\"name\":\"SAXO\",\"description\":\"L\u00e6s Lyt Lev\",\"potentialAction\":[{\"@type\":\"SearchAction\",\"target\":{\"@type\":\"EntryPoint\",\"urlTemplate\":\"https:\/\/niipit.dk\/saxo\/?s={search_term_string}\"},\"query-input\":{\"@type\":\"PropertyValueSpecification\",\"valueRequired\":true,\"valueName\":\"search_term_string\"}}],\"inLanguage\":\"da-DK\"}]}<\/script>\n<!-- \/ Yoast SEO plugin. -->","yoast_head_json":{"title":"Saxo Video - Se sp\u00e6ndende anbefalinger om b\u00f8ger","description":"Saxo Video - Niipit - Dansk Kvalitets guide til webshops. Shop direkte med webshoppen - FIND TILBUD MED PRIS GARANTI HELT GRATIS","robots":{"index":"index","follow":"follow","max-snippet":"max-snippet:-1","max-image-preview":"max-image-preview:large","max-video-preview":"max-video-preview:-1"},"canonical":"http:\/\/niipit.dk\/saxo\/video\/","og_locale":"da_DK","og_type":"article","og_title":"Saxo Video - Se sp\u00e6ndende anbefalinger om b\u00f8ger","og_description":"Saxo Video - Niipit - Dansk Kvalitets guide til webshops. Shop direkte med webshoppen - FIND TILBUD MED PRIS GARANTI HELT GRATIS","og_url":"http:\/\/niipit.dk\/saxo\/video\/","og_site_name":"SAXO","article_modified_time":"2020-07-04T21:19:20+00:00","twitter_card":"summary_large_image","schema":{"@context":"https:\/\/schema.org","@graph":[{"@type":"WebPage","@id":"http:\/\/niipit.dk\/saxo\/video\/","url":"http:\/\/niipit.dk\/saxo\/video\/","name":"Saxo Video - Se sp\u00e6ndende anbefalinger om b\u00f8ger","isPartOf":{"@id":"https:\/\/niipit.dk\/saxo\/#website"},"datePublished":"2019-05-14T12:35:10+00:00","dateModified":"2020-07-04T21:19:20+00:00","description":"Saxo Video - Niipit - Dansk Kvalitets guide til webshops. Shop direkte med webshoppen - FIND TILBUD MED PRIS GARANTI HELT GRATIS","breadcrumb":{"@id":"http:\/\/niipit.dk\/saxo\/video\/#breadcrumb"},"inLanguage":"da-DK","potentialAction":[{"@type":"ReadAction","target":["http:\/\/niipit.dk\/saxo\/video\/"]}]},{"@type":"BreadcrumbList","@id":"http:\/\/niipit.dk\/saxo\/video\/#breadcrumb","itemListElement":[{"@type":"ListItem","position":1,"name":"Hjem","item":"https:\/\/niipit.dk\/saxo\/"},{"@type":"ListItem","position":2,"name":"Video"}]},{"@type":"WebSite","@id":"https:\/\/niipit.dk\/saxo\/#website","url":"https:\/\/niipit.dk\/saxo\/","name":"SAXO","description":"L\u00e6s Lyt Lev","potentialAction":[{"@type":"SearchAction","target":{"@type":"EntryPoint","urlTemplate":"https:\/\/niipit.dk\/saxo\/?s={search_term_string}"},"query-input":{"@type":"PropertyValueSpecification","valueRequired":true,"valueName":"search_term_string"}}],"inLanguage":"da-DK"}]}},"_links":{"self":[{"href":"https:\/\/niipit.dk\/saxo\/wp-json\/wp\/v2\/pages\/5729","targetHints":{"allow":["GET"]}}],"collection":[{"href":"https:\/\/niipit.dk\/saxo\/wp-json\/wp\/v2\/pages"}],"about":[{"href":"https:\/\/niipit.dk\/saxo\/wp-json\/wp\/v2\/types\/page"}],"author":[{"embeddable":true,"href":"https:\/\/niipit.dk\/saxo\/wp-json\/wp\/v2\/users\/905"}],"replies":[{"embeddable":true,"href":"https:\/\/niipit.dk\/saxo\/wp-json\/wp\/v2\/comments?post=5729"}],"version-history":[{"count":0,"href":"https:\/\/niipit.dk\/saxo\/wp-json\/wp\/v2\/pages\/5729\/revisions"}],"wp:attachment":[{"href":"https:\/\/niipit.dk\/saxo\/wp-json\/wp\/v2\/media?parent=5729"}],"curies":[{"name":"wp","href":"https:\/\/api.w.org\/{rel}","templated":true}]}}