{"id":5399,"date":"2019-01-30T21:26:49","date_gmt":"2019-01-30T20:26:49","guid":{"rendered":"https:\/\/niipit.dk\/saxo\/?page_id=5399"},"modified":"2020-02-02T09:56:25","modified_gmt":"2020-02-02T08:56:25","slug":"anmeldelser","status":"publish","type":"page","link":"https:\/\/niipit.dk\/saxo\/anmeldelser\/","title":{"rendered":"Anmeldelser"},"content":{"rendered":"\n<h1 class=\"has-text-align-center wp-block-heading\">Anmeldelser Saxo<\/h1>\n","protected":false},"excerpt":{"rendered":"<p>Anmeldelser Saxo<\/p>\n","protected":false},"author":1,"featured_media":0,"parent":0,"menu_order":0,"comment_status":"closed","ping_status":"closed","template":"reviews.php","meta":{"_exactmetrics_skip_tracking":false,"_exactmetrics_sitenote_active":false,"_exactmetrics_sitenote_note":"","_exactmetrics_sitenote_category":0,"_monsterinsights_skip_tracking":false,"_monsterinsights_sitenote_active":false,"_monsterinsights_sitenote_note":"","_monsterinsights_sitenote_category":0,"footnotes":""},"class_list":["post-5399","page","type-page","status-publish","hentry"],"yoast_head":"<!-- This site is optimized with the Yoast SEO plugin v27.2 - https:\/\/yoast.com\/product\/yoast-seo-wordpress\/ -->\n<title>Saxo Anmeldelser - L\u00e6s hvad andre mener om at k\u00f8be b\u00f8ger online<\/title>\n<meta name=\"description\" content=\"Saxo Anmeldelser - Niipit - Dansk Kvalitets guide til webshops. Shop direkte med webshoppen - FIND TILBUD MED PRIS GARANTI HELT GRATIS\" \/>\n<meta name=\"robots\" content=\"index, follow, max-snippet:-1, max-image-preview:large, max-video-preview:-1\" \/>\n<link rel=\"canonical\" href=\"http:\/\/niipit.dk\/saxo\/anmeldelser\/\" \/>\n<meta property=\"og:locale\" content=\"da_DK\" \/>\n<meta property=\"og:type\" content=\"article\" \/>\n<meta property=\"og:title\" content=\"Saxo Anmeldelser - L\u00e6s hvad andre mener om at k\u00f8be b\u00f8ger online\" \/>\n<meta property=\"og:description\" content=\"Saxo Anmeldelser - Niipit - Dansk Kvalitets guide til webshops. Shop direkte med webshoppen - FIND TILBUD MED PRIS GARANTI HELT GRATIS\" \/>\n<meta property=\"og:url\" content=\"http:\/\/niipit.dk\/saxo\/anmeldelser\/\" \/>\n<meta property=\"og:site_name\" content=\"SAXO\" \/>\n<meta property=\"article:modified_time\" content=\"2020-02-02T08:56:25+00:00\" \/>\n<meta name=\"twitter:card\" content=\"summary_large_image\" \/>\n<script type=\"application\/ld+json\" class=\"yoast-schema-graph\">{\"@context\":\"https:\/\/schema.org\",\"@graph\":[{\"@type\":\"WebPage\",\"@id\":\"http:\/\/niipit.dk\/saxo\/anmeldelser\/\",\"url\":\"http:\/\/niipit.dk\/saxo\/anmeldelser\/\",\"name\":\"Saxo Anmeldelser - L\u00e6s hvad andre mener om at k\u00f8be b\u00f8ger online\",\"isPartOf\":{\"@id\":\"https:\/\/niipit.dk\/saxo\/#website\"},\"datePublished\":\"2019-01-30T20:26:49+00:00\",\"dateModified\":\"2020-02-02T08:56:25+00:00\",\"description\":\"Saxo Anmeldelser - Niipit - Dansk Kvalitets guide til webshops. Shop direkte med webshoppen - FIND TILBUD MED PRIS GARANTI HELT GRATIS\",\"breadcrumb\":{\"@id\":\"http:\/\/niipit.dk\/saxo\/anmeldelser\/#breadcrumb\"},\"inLanguage\":\"da-DK\",\"potentialAction\":[{\"@type\":\"ReadAction\",\"target\":[\"http:\/\/niipit.dk\/saxo\/anmeldelser\/\"]}]},{\"@type\":\"BreadcrumbList\",\"@id\":\"http:\/\/niipit.dk\/saxo\/anmeldelser\/#breadcrumb\",\"itemListElement\":[{\"@type\":\"ListItem\",\"position\":1,\"name\":\"Hjem\",\"item\":\"https:\/\/niipit.dk\/saxo\/\"},{\"@type\":\"ListItem\",\"position\":2,\"name\":\"Anmeldelser\"}]},{\"@type\":\"WebSite\",\"@id\":\"https:\/\/niipit.dk\/saxo\/#website\",\"url\":\"https:\/\/niipit.dk\/saxo\/\",\"name\":\"SAXO\",\"description\":\"L\u00e6s Lyt Lev\",\"potentialAction\":[{\"@type\":\"SearchAction\",\"target\":{\"@type\":\"EntryPoint\",\"urlTemplate\":\"https:\/\/niipit.dk\/saxo\/?s={search_term_string}\"},\"query-input\":{\"@type\":\"PropertyValueSpecification\",\"valueRequired\":true,\"valueName\":\"search_term_string\"}}],\"inLanguage\":\"da-DK\"}]}<\/script>\n<!-- \/ Yoast SEO plugin. -->","yoast_head_json":{"title":"Saxo Anmeldelser - L\u00e6s hvad andre mener om at k\u00f8be b\u00f8ger online","description":"Saxo Anmeldelser - Niipit - Dansk Kvalitets guide til webshops. Shop direkte med webshoppen - FIND TILBUD MED PRIS GARANTI HELT GRATIS","robots":{"index":"index","follow":"follow","max-snippet":"max-snippet:-1","max-image-preview":"max-image-preview:large","max-video-preview":"max-video-preview:-1"},"canonical":"http:\/\/niipit.dk\/saxo\/anmeldelser\/","og_locale":"da_DK","og_type":"article","og_title":"Saxo Anmeldelser - L\u00e6s hvad andre mener om at k\u00f8be b\u00f8ger online","og_description":"Saxo Anmeldelser - Niipit - Dansk Kvalitets guide til webshops. Shop direkte med webshoppen - FIND TILBUD MED PRIS GARANTI HELT GRATIS","og_url":"http:\/\/niipit.dk\/saxo\/anmeldelser\/","og_site_name":"SAXO","article_modified_time":"2020-02-02T08:56:25+00:00","twitter_card":"summary_large_image","schema":{"@context":"https:\/\/schema.org","@graph":[{"@type":"WebPage","@id":"http:\/\/niipit.dk\/saxo\/anmeldelser\/","url":"http:\/\/niipit.dk\/saxo\/anmeldelser\/","name":"Saxo Anmeldelser - L\u00e6s hvad andre mener om at k\u00f8be b\u00f8ger online","isPartOf":{"@id":"https:\/\/niipit.dk\/saxo\/#website"},"datePublished":"2019-01-30T20:26:49+00:00","dateModified":"2020-02-02T08:56:25+00:00","description":"Saxo Anmeldelser - Niipit - Dansk Kvalitets guide til webshops. Shop direkte med webshoppen - FIND TILBUD MED PRIS GARANTI HELT GRATIS","breadcrumb":{"@id":"http:\/\/niipit.dk\/saxo\/anmeldelser\/#breadcrumb"},"inLanguage":"da-DK","potentialAction":[{"@type":"ReadAction","target":["http:\/\/niipit.dk\/saxo\/anmeldelser\/"]}]},{"@type":"BreadcrumbList","@id":"http:\/\/niipit.dk\/saxo\/anmeldelser\/#breadcrumb","itemListElement":[{"@type":"ListItem","position":1,"name":"Hjem","item":"https:\/\/niipit.dk\/saxo\/"},{"@type":"ListItem","position":2,"name":"Anmeldelser"}]},{"@type":"WebSite","@id":"https:\/\/niipit.dk\/saxo\/#website","url":"https:\/\/niipit.dk\/saxo\/","name":"SAXO","description":"L\u00e6s Lyt Lev","potentialAction":[{"@type":"SearchAction","target":{"@type":"EntryPoint","urlTemplate":"https:\/\/niipit.dk\/saxo\/?s={search_term_string}"},"query-input":{"@type":"PropertyValueSpecification","valueRequired":true,"valueName":"search_term_string"}}],"inLanguage":"da-DK"}]}},"_links":{"self":[{"href":"https:\/\/niipit.dk\/saxo\/wp-json\/wp\/v2\/pages\/5399","targetHints":{"allow":["GET"]}}],"collection":[{"href":"https:\/\/niipit.dk\/saxo\/wp-json\/wp\/v2\/pages"}],"about":[{"href":"https:\/\/niipit.dk\/saxo\/wp-json\/wp\/v2\/types\/page"}],"author":[{"embeddable":true,"href":"https:\/\/niipit.dk\/saxo\/wp-json\/wp\/v2\/users\/1"}],"replies":[{"embeddable":true,"href":"https:\/\/niipit.dk\/saxo\/wp-json\/wp\/v2\/comments?post=5399"}],"version-history":[{"count":0,"href":"https:\/\/niipit.dk\/saxo\/wp-json\/wp\/v2\/pages\/5399\/revisions"}],"wp:attachment":[{"href":"https:\/\/niipit.dk\/saxo\/wp-json\/wp\/v2\/media?parent=5399"}],"curies":[{"name":"wp","href":"https:\/\/api.w.org\/{rel}","templated":true}]}}