{"id":5064,"date":"2018-08-10T22:29:34","date_gmt":"2018-08-10T20:29:34","guid":{"rendered":"https:\/\/niipit.dk\/saxo\/?page_id=5064"},"modified":"2020-01-02T04:28:23","modified_gmt":"2020-01-02T03:28:23","slug":"frontpage","status":"publish","type":"page","link":"https:\/\/niipit.dk\/saxo\/","title":{"rendered":"Forside"},"content":{"rendered":"\n<hr class=\"wp-block-separator\"\/>\n","protected":false},"excerpt":{"rendered":"","protected":false},"author":151,"featured_media":0,"parent":0,"menu_order":0,"comment_status":"closed","ping_status":"closed","template":"frontpagePremium.php","meta":{"_exactmetrics_skip_tracking":false,"_exactmetrics_sitenote_active":false,"_exactmetrics_sitenote_note":"","_exactmetrics_sitenote_category":0,"_monsterinsights_skip_tracking":false,"_monsterinsights_sitenote_active":false,"_monsterinsights_sitenote_note":"","_monsterinsights_sitenote_category":0,"footnotes":""},"class_list":["post-5064","page","type-page","status-publish","hentry"],"yoast_head":"<!-- This site is optimized with the Yoast SEO plugin v27.2 - https:\/\/yoast.com\/product\/yoast-seo-wordpress\/ -->\n<title>SAXO - Find E-b\u00f8ger - Lyd b\u00f8ger og papir b\u00f8ger her.<\/title>\n<meta name=\"description\" content=\"SAXO - Her finder du et k\u00e6mpe udvalg af papirsb\u00f8ger, eb\u00f8ger eller lydb\u00f8ger. Niipit er din online guide til underholdning. Kig her\" \/>\n<meta name=\"robots\" content=\"index, follow, max-snippet:-1, max-image-preview:large, max-video-preview:-1\" \/>\n<link rel=\"canonical\" href=\"https:\/\/niipit.dk\/saxo\/\" \/>\n<meta property=\"og:locale\" content=\"da_DK\" \/>\n<meta property=\"og:type\" content=\"article\" \/>\n<meta property=\"og:title\" content=\"SAXO - Find E-b\u00f8ger - Lyd b\u00f8ger og papir b\u00f8ger her.\" \/>\n<meta property=\"og:description\" content=\"SAXO - Her finder du et k\u00e6mpe udvalg af papirsb\u00f8ger, eb\u00f8ger eller lydb\u00f8ger. Niipit er din online guide til underholdning. Kig her\" \/>\n<meta property=\"og:url\" content=\"https:\/\/niipit.dk\/saxo\/\" \/>\n<meta property=\"og:site_name\" content=\"SAXO\" \/>\n<meta property=\"article:modified_time\" content=\"2020-01-02T03:28:23+00:00\" \/>\n<meta property=\"og:image\" content=\"https:\/\/niipit.dk\/saxo\/wp-content\/uploads\/sites\/368\/2019\/12\/Saco.com_.gif\" \/>\n\t<meta property=\"og:image:width\" content=\"300\" \/>\n\t<meta property=\"og:image:height\" content=\"250\" \/>\n\t<meta property=\"og:image:type\" content=\"image\/gif\" \/>\n<meta name=\"twitter:card\" content=\"summary_large_image\" \/>\n<script type=\"application\/ld+json\" class=\"yoast-schema-graph\">{\"@context\":\"https:\/\/schema.org\",\"@graph\":[{\"@type\":\"WebPage\",\"@id\":\"https:\/\/niipit.dk\/saxo\/\",\"url\":\"https:\/\/niipit.dk\/saxo\/\",\"name\":\"SAXO - Find E-b\u00f8ger - Lyd b\u00f8ger og papir b\u00f8ger her.\",\"isPartOf\":{\"@id\":\"https:\/\/niipit.dk\/saxo\/#website\"},\"datePublished\":\"2018-08-10T20:29:34+00:00\",\"dateModified\":\"2020-01-02T03:28:23+00:00\",\"description\":\"SAXO - Her finder du et k\u00e6mpe udvalg af papirsb\u00f8ger, eb\u00f8ger eller lydb\u00f8ger. Niipit er din online guide til underholdning. Kig her\",\"breadcrumb\":{\"@id\":\"https:\/\/niipit.dk\/saxo\/#breadcrumb\"},\"inLanguage\":\"da-DK\",\"potentialAction\":[{\"@type\":\"ReadAction\",\"target\":[\"https:\/\/niipit.dk\/saxo\/\"]}]},{\"@type\":\"BreadcrumbList\",\"@id\":\"https:\/\/niipit.dk\/saxo\/#breadcrumb\",\"itemListElement\":[{\"@type\":\"ListItem\",\"position\":1,\"name\":\"Hjem\",\"item\":\"https:\/\/niipit.dk\/saxo\/\"},{\"@type\":\"ListItem\",\"position\":2,\"name\":\"Forside\"}]},{\"@type\":\"WebSite\",\"@id\":\"https:\/\/niipit.dk\/saxo\/#website\",\"url\":\"https:\/\/niipit.dk\/saxo\/\",\"name\":\"SAXO\",\"description\":\"L\u00e6s Lyt Lev\",\"potentialAction\":[{\"@type\":\"SearchAction\",\"target\":{\"@type\":\"EntryPoint\",\"urlTemplate\":\"https:\/\/niipit.dk\/saxo\/?s={search_term_string}\"},\"query-input\":{\"@type\":\"PropertyValueSpecification\",\"valueRequired\":true,\"valueName\":\"search_term_string\"}}],\"inLanguage\":\"da-DK\"}]}<\/script>\n<!-- \/ Yoast SEO plugin. -->","yoast_head_json":{"title":"SAXO - Find E-b\u00f8ger - Lyd b\u00f8ger og papir b\u00f8ger her.","description":"SAXO - Her finder du et k\u00e6mpe udvalg af papirsb\u00f8ger, eb\u00f8ger eller lydb\u00f8ger. Niipit er din online guide til underholdning. Kig her","robots":{"index":"index","follow":"follow","max-snippet":"max-snippet:-1","max-image-preview":"max-image-preview:large","max-video-preview":"max-video-preview:-1"},"canonical":"https:\/\/niipit.dk\/saxo\/","og_locale":"da_DK","og_type":"article","og_title":"SAXO - Find E-b\u00f8ger - Lyd b\u00f8ger og papir b\u00f8ger her.","og_description":"SAXO - Her finder du et k\u00e6mpe udvalg af papirsb\u00f8ger, eb\u00f8ger eller lydb\u00f8ger. Niipit er din online guide til underholdning. Kig her","og_url":"https:\/\/niipit.dk\/saxo\/","og_site_name":"SAXO","article_modified_time":"2020-01-02T03:28:23+00:00","og_image":[{"width":300,"height":250,"url":"https:\/\/niipit.dk\/saxo\/wp-content\/uploads\/sites\/368\/2019\/12\/Saco.com_.gif","type":"image\/gif"}],"twitter_card":"summary_large_image","schema":{"@context":"https:\/\/schema.org","@graph":[{"@type":"WebPage","@id":"https:\/\/niipit.dk\/saxo\/","url":"https:\/\/niipit.dk\/saxo\/","name":"SAXO - Find E-b\u00f8ger - Lyd b\u00f8ger og papir b\u00f8ger her.","isPartOf":{"@id":"https:\/\/niipit.dk\/saxo\/#website"},"datePublished":"2018-08-10T20:29:34+00:00","dateModified":"2020-01-02T03:28:23+00:00","description":"SAXO - Her finder du et k\u00e6mpe udvalg af papirsb\u00f8ger, eb\u00f8ger eller lydb\u00f8ger. Niipit er din online guide til underholdning. Kig her","breadcrumb":{"@id":"https:\/\/niipit.dk\/saxo\/#breadcrumb"},"inLanguage":"da-DK","potentialAction":[{"@type":"ReadAction","target":["https:\/\/niipit.dk\/saxo\/"]}]},{"@type":"BreadcrumbList","@id":"https:\/\/niipit.dk\/saxo\/#breadcrumb","itemListElement":[{"@type":"ListItem","position":1,"name":"Hjem","item":"https:\/\/niipit.dk\/saxo\/"},{"@type":"ListItem","position":2,"name":"Forside"}]},{"@type":"WebSite","@id":"https:\/\/niipit.dk\/saxo\/#website","url":"https:\/\/niipit.dk\/saxo\/","name":"SAXO","description":"L\u00e6s Lyt Lev","potentialAction":[{"@type":"SearchAction","target":{"@type":"EntryPoint","urlTemplate":"https:\/\/niipit.dk\/saxo\/?s={search_term_string}"},"query-input":{"@type":"PropertyValueSpecification","valueRequired":true,"valueName":"search_term_string"}}],"inLanguage":"da-DK"}]}},"_links":{"self":[{"href":"https:\/\/niipit.dk\/saxo\/wp-json\/wp\/v2\/pages\/5064","targetHints":{"allow":["GET"]}}],"collection":[{"href":"https:\/\/niipit.dk\/saxo\/wp-json\/wp\/v2\/pages"}],"about":[{"href":"https:\/\/niipit.dk\/saxo\/wp-json\/wp\/v2\/types\/page"}],"author":[{"embeddable":true,"href":"https:\/\/niipit.dk\/saxo\/wp-json\/wp\/v2\/users\/151"}],"replies":[{"embeddable":true,"href":"https:\/\/niipit.dk\/saxo\/wp-json\/wp\/v2\/comments?post=5064"}],"version-history":[{"count":0,"href":"https:\/\/niipit.dk\/saxo\/wp-json\/wp\/v2\/pages\/5064\/revisions"}],"wp:attachment":[{"href":"https:\/\/niipit.dk\/saxo\/wp-json\/wp\/v2\/media?parent=5064"}],"curies":[{"name":"wp","href":"https:\/\/api.w.org\/{rel}","templated":true}]}}