{"id":5064,"date":"2018-08-10T22:29:34","date_gmt":"2018-08-10T20:29:34","guid":{"rendered":"https:\/\/niipit.dk\/saxosolution-shop\/?page_id=5064"},"modified":"2020-03-28T08:36:17","modified_gmt":"2020-03-28T07:36:17","slug":"frontpage","status":"publish","type":"page","link":"https:\/\/niipit.dk\/saxo-solution\/","title":{"rendered":"Forside"},"content":{"rendered":"\n<hr class=\"wp-block-separator\"\/>\n\n\n\n<h2 class=\"wp-block-heading\">Saxo Solution &#8211; Spansk Saxo naturskifer til tag og facade og Louvre smedejernstagvinduer<\/h2>\n\n\n\n<p>Saxo solution forhandler naturskifer til tag og facade fra Spanien, samt tagvinduer fra Frankrig. Vore produkter forhandles i Danmark, Norge og Sverige.<br>Vore kunder er professionelle, dvs. h\u00e5ndv\u00e6rkere og byggemarkeder, men ogs\u00e5 almindelige husejere, der bygger nyt, renoverer eller bygger til.<br>Indehaver af Saxo solution, Erik Johansen, har i mere end 20 \u00e5r arbejdet med naturskifer og er den i Denmark der har st\u00f8rst erfaring med skiferkvaliteter og opl\u00e6gningsteknik.<\/p>\n\n\n\n<h3 class=\"wp-block-heading\">Saxo naturskifer til tag og facade \u2013 den eneste med 50 \u00e5rs garanti<\/h3>\n\n\n\n<p>Vi forhandler naturskifer og tagvinduer, i den absolut bedste kvalitet og med en levetid og \u00e6stetik, som er helt unik i forhold til andre byggematerialer. Vores Saxo naturskifer regnes for den st\u00e6rkeste og mest holdbare skifer der findes.<\/p>\n\n\n\n<h3 class=\"wp-block-heading\">Naturskifer i bedste klasse<\/h3>\n\n\n\n<p>Saxo naturskifer leveres udelukkende som bedste klasse A kvalitet fra de bedste skiferbrud i Nordvest Spanien. Vore naturskifer er testet iht. den franske LNE norm og opfylder alle krav til byfornyelse.&nbsp;<br>Vi foretager l\u00f8bende inspektioner med de forskellige skiferbrud og holder meget t\u00e6t til vore leverand\u00f8rer.<\/p>\n\n\n\n<h3 class=\"wp-block-heading\">Louvre smedejernstagvinduer til historiske ejendomme og moderne byggeri<\/h3>\n\n\n\n<p>Louvre tagvinduer er designet med respekt for det 19. \u00e5rhundredes stilretning og bevarer ejendommen sj\u00e6l. De anvendes til fredede ejendomme og ny arkitektur og opfylder nutidens krav til isolering og komfort.<\/p>\n\n\n\n<p>Saxo garanterer for de absolut bedste kvaliteter p\u00e5 markedet og du kan f\u00e5 hj\u00e6lp og vejledning til projektering og udf\u00f8relse ved hver enkelt projekt.<\/p>\n","protected":false},"excerpt":{"rendered":"<p>Saxo Solution &#8211; Spansk Saxo naturskifer til tag og facade og Louvre smedejernstagvinduer Saxo solution forhandler naturskifer til tag og facade fra Spanien, samt tagvinduer fra Frankrig. Vore produkter forhandles i Danmark, Norge og Sverige.Vore kunder er professionelle, dvs. h\u00e5ndv\u00e6rkere og byggemarkeder, men ogs\u00e5 almindelige husejere, der bygger nyt, renoverer eller bygger til.Indehaver af Saxo <a class=\"moretag btn btn-primary\" href=\"https:\/\/niipit.dk\/saxo-solution\/\">L\u00e6s mere<\/a><\/p>\n","protected":false},"author":1,"featured_media":0,"parent":0,"menu_order":0,"comment_status":"closed","ping_status":"closed","template":"frontpagePremium.php","meta":{"_exactmetrics_skip_tracking":false,"_exactmetrics_sitenote_active":false,"_exactmetrics_sitenote_note":"","_exactmetrics_sitenote_category":0,"_monsterinsights_skip_tracking":false,"_monsterinsights_sitenote_active":false,"_monsterinsights_sitenote_note":"","_monsterinsights_sitenote_category":0,"footnotes":""},"class_list":["post-5064","page","type-page","status-publish","hentry"],"yoast_head":"<!-- This site is optimized with the Yoast SEO Premium plugin v16.3 (Yoast SEO v27.3) - https:\/\/yoast.com\/product\/yoast-seo-premium-wordpress\/ -->\n<title>Saxo solution - Naturskifer og tagvinduer\u200e i bedste kvalitet<\/title>\n<meta name=\"description\" content=\"Saxo solution er eksperter i naturskifer til tag og facadebekl\u00e6dning, samt tagvinduer til historiske og moderne ejendomme\" \/>\n<meta name=\"robots\" content=\"index, follow, max-snippet:-1, max-image-preview:large, max-video-preview:-1\" \/>\n<link rel=\"canonical\" href=\"https:\/\/niipit.dk\/saxo-solution\/\" \/>\n<meta property=\"og:locale\" content=\"da_DK\" \/>\n<meta property=\"og:type\" content=\"article\" \/>\n<meta property=\"og:title\" content=\"Saxo solution - Naturskifer og tagvinduer\u200e i bedste kvalitet\" \/>\n<meta property=\"og:description\" content=\"Saxo solution er eksperter i naturskifer til tag og facadebekl\u00e6dning, samt tagvinduer til historiske og moderne ejendomme\" \/>\n<meta property=\"og:url\" content=\"https:\/\/niipit.dk\/saxo-solution\/\" \/>\n<meta property=\"og:site_name\" content=\"Saxo Solution\" \/>\n<meta property=\"article:modified_time\" content=\"2020-03-28T07:36:17+00:00\" \/>\n<meta name=\"twitter:card\" content=\"summary_large_image\" \/>\n<meta name=\"twitter:label1\" content=\"Estimeret l\u00e6setid\" \/>\n\t<meta name=\"twitter:data1\" content=\"1 minut\" \/>\n<script type=\"application\/ld+json\" class=\"yoast-schema-graph\">{\"@context\":\"https:\\\/\\\/schema.org\",\"@graph\":[{\"@type\":\"WebPage\",\"@id\":\"https:\\\/\\\/niipit.dk\\\/saxo-solution\\\/\",\"url\":\"https:\\\/\\\/niipit.dk\\\/saxo-solution\\\/\",\"name\":\"Saxo solution - Naturskifer og tagvinduer\u200e i bedste kvalitet\",\"isPartOf\":{\"@id\":\"https:\\\/\\\/niipit.dk\\\/saxo-solution\\\/#website\"},\"datePublished\":\"2018-08-10T20:29:34+00:00\",\"dateModified\":\"2020-03-28T07:36:17+00:00\",\"description\":\"Saxo solution er eksperter i naturskifer til tag og facadebekl\u00e6dning, samt tagvinduer til historiske og moderne ejendomme\",\"breadcrumb\":{\"@id\":\"https:\\\/\\\/niipit.dk\\\/saxo-solution\\\/#breadcrumb\"},\"inLanguage\":\"da-DK\",\"potentialAction\":[{\"@type\":\"ReadAction\",\"target\":[\"https:\\\/\\\/niipit.dk\\\/saxo-solution\\\/\"]}]},{\"@type\":\"BreadcrumbList\",\"@id\":\"https:\\\/\\\/niipit.dk\\\/saxo-solution\\\/#breadcrumb\",\"itemListElement\":[{\"@type\":\"ListItem\",\"position\":1,\"name\":\"Hjem\",\"item\":\"https:\\\/\\\/niipit.dk\\\/saxo-solution\\\/\"},{\"@type\":\"ListItem\",\"position\":2,\"name\":\"Forside\"}]},{\"@type\":\"WebSite\",\"@id\":\"https:\\\/\\\/niipit.dk\\\/saxo-solution\\\/#website\",\"url\":\"https:\\\/\\\/niipit.dk\\\/saxo-solution\\\/\",\"name\":\"Saxo Solution\",\"description\":\"Naturskifer og tagvinduer fra Saxo solution\",\"potentialAction\":[{\"@type\":\"SearchAction\",\"target\":{\"@type\":\"EntryPoint\",\"urlTemplate\":\"https:\\\/\\\/niipit.dk\\\/saxo-solution\\\/?s={search_term_string}\"},\"query-input\":{\"@type\":\"PropertyValueSpecification\",\"valueRequired\":true,\"valueName\":\"search_term_string\"}}],\"inLanguage\":\"da-DK\"}]}<\/script>\n<!-- \/ Yoast SEO Premium plugin. -->","yoast_head_json":{"title":"Saxo solution - Naturskifer og tagvinduer\u200e i bedste kvalitet","description":"Saxo solution er eksperter i naturskifer til tag og facadebekl\u00e6dning, samt tagvinduer til historiske og moderne ejendomme","robots":{"index":"index","follow":"follow","max-snippet":"max-snippet:-1","max-image-preview":"max-image-preview:large","max-video-preview":"max-video-preview:-1"},"canonical":"https:\/\/niipit.dk\/saxo-solution\/","og_locale":"da_DK","og_type":"article","og_title":"Saxo solution - Naturskifer og tagvinduer\u200e i bedste kvalitet","og_description":"Saxo solution er eksperter i naturskifer til tag og facadebekl\u00e6dning, samt tagvinduer til historiske og moderne ejendomme","og_url":"https:\/\/niipit.dk\/saxo-solution\/","og_site_name":"Saxo Solution","article_modified_time":"2020-03-28T07:36:17+00:00","twitter_card":"summary_large_image","twitter_misc":{"Estimeret l\u00e6setid":"1 minut"},"schema":{"@context":"https:\/\/schema.org","@graph":[{"@type":"WebPage","@id":"https:\/\/niipit.dk\/saxo-solution\/","url":"https:\/\/niipit.dk\/saxo-solution\/","name":"Saxo solution - Naturskifer og tagvinduer\u200e i bedste kvalitet","isPartOf":{"@id":"https:\/\/niipit.dk\/saxo-solution\/#website"},"datePublished":"2018-08-10T20:29:34+00:00","dateModified":"2020-03-28T07:36:17+00:00","description":"Saxo solution er eksperter i naturskifer til tag og facadebekl\u00e6dning, samt tagvinduer til historiske og moderne ejendomme","breadcrumb":{"@id":"https:\/\/niipit.dk\/saxo-solution\/#breadcrumb"},"inLanguage":"da-DK","potentialAction":[{"@type":"ReadAction","target":["https:\/\/niipit.dk\/saxo-solution\/"]}]},{"@type":"BreadcrumbList","@id":"https:\/\/niipit.dk\/saxo-solution\/#breadcrumb","itemListElement":[{"@type":"ListItem","position":1,"name":"Hjem","item":"https:\/\/niipit.dk\/saxo-solution\/"},{"@type":"ListItem","position":2,"name":"Forside"}]},{"@type":"WebSite","@id":"https:\/\/niipit.dk\/saxo-solution\/#website","url":"https:\/\/niipit.dk\/saxo-solution\/","name":"Saxo Solution","description":"Naturskifer og tagvinduer fra Saxo solution","potentialAction":[{"@type":"SearchAction","target":{"@type":"EntryPoint","urlTemplate":"https:\/\/niipit.dk\/saxo-solution\/?s={search_term_string}"},"query-input":{"@type":"PropertyValueSpecification","valueRequired":true,"valueName":"search_term_string"}}],"inLanguage":"da-DK"}]}},"_links":{"self":[{"href":"https:\/\/niipit.dk\/saxo-solution\/wp-json\/wp\/v2\/pages\/5064","targetHints":{"allow":["GET"]}}],"collection":[{"href":"https:\/\/niipit.dk\/saxo-solution\/wp-json\/wp\/v2\/pages"}],"about":[{"href":"https:\/\/niipit.dk\/saxo-solution\/wp-json\/wp\/v2\/types\/page"}],"author":[{"embeddable":true,"href":"https:\/\/niipit.dk\/saxo-solution\/wp-json\/wp\/v2\/users\/1"}],"replies":[{"embeddable":true,"href":"https:\/\/niipit.dk\/saxo-solution\/wp-json\/wp\/v2\/comments?post=5064"}],"version-history":[{"count":0,"href":"https:\/\/niipit.dk\/saxo-solution\/wp-json\/wp\/v2\/pages\/5064\/revisions"}],"wp:attachment":[{"href":"https:\/\/niipit.dk\/saxo-solution\/wp-json\/wp\/v2\/media?parent=5064"}],"curies":[{"name":"wp","href":"https:\/\/api.w.org\/{rel}","templated":true}]}}