{"id":5064,"date":"2018-08-10T22:29:34","date_gmt":"2018-08-10T20:29:34","guid":{"rendered":"https:\/\/niipit.dk\/salon-hanel-shop\/?page_id=5064"},"modified":"2020-04-10T16:32:15","modified_gmt":"2020-04-10T14:32:15","slug":"frisoer-vojens","status":"publish","type":"page","link":"https:\/\/niipit.dk\/salon-hanel\/","title":{"rendered":"Forside"},"content":{"rendered":"\n<hr class=\"wp-block-separator\" \/>\n\n\n\n<h2 class=\"wp-block-heading\">Din personlige fris\u00f8r i Vojens<\/h2>\n\n\n\n<p>Salon H\u00e4nel er din dygtige og personlige fris\u00f8r i Vojens, Haderselv, R\u00f8dding <\/p>\n\n\n\n<ul class=\"wp-block-list\"><li>Dameklip<\/li><li>Herreklip<\/li><li>B\u00f8rneklip<\/li><li>Permanent<\/li><li>Farvning<\/li><li>Reflekser<\/li><li>Balayage<\/li><li>Make Up<\/li><li>Bryn &amp; Vipper<\/li><li>Retning af bryn med voks, pincet eller barber blad<\/li><li>Langh\u00e5rs ops\u00e6tning<\/li><li>Brudeops\u00e6tning<\/li><\/ul>\n\n\n\n<p>Som kunde hos Salon H\u00e4nel, er du altid i centrum! Vi er kvalitetsbevidste Uanset om du bare vil have det, som du plejer, eller om du vil have en st\u00f8rre forvandling. Vi bruger de bedste produkter p\u00e5 markedet ogs\u00e5 elsker vi at komme p\u00e5 kursus, s\u00e5 vi kan blive endnu bedre og f\u00e5 nye klippe\/farve teknikker.<\/p>\n\n\n\n<p>Vi lytter til DIG og dine \u00f8nsker og behov s\u00e5 vi er sikre p\u00e5, du g\u00e5r hjem med en frisure, du er glad for!<br><\/p>\n\n\n\n<p>Vi ser det som vores fornemste opgave at r\u00e5de og vejlede dig bedst muligt om klipning, farve, permanent, make-up og retning og farvning af bryn, vipper og ikke mindst de rette produkter til netop dit h\u00e5r !<br><br>Vi klarer ogs\u00e5 smukke h\u00e5rops\u00e6tninger til bryllup og andre store m\u00e6rkedage. <\/p>\n\n\n\n<h4 class=\"wp-block-heading\">Balayage<\/h4>\n\n\n\n<p>Er en bestemt farve teknik der bruges. Den tager lang tid at mestre, men vi har \u00f8vet os MEGET ! Dit h\u00e5r vil komme til at ligne det er blevet lysnet af solen, og man kan g\u00e5 l\u00e6ngere imellem farvningerne end reflekser, da det ikke kommer helt ned til h\u00e5rbunden.<\/p>\n\n\n\n<p> \u00d8nsker du at h\u00f8re mere, s\u00e5 ring til os.<\/p>\n\n\n\n<h4 class=\"wp-block-heading\">Hos H\u00e4nel klipper vi b\u00e5de damer, herrer og b\u00f8rn.<\/h4>\n\n\n\n<p>Du kan booke tid via online booking 24 timer i d\u00f8gnet!<\/p>\n\n\n\n<p> Du er selvf\u00f8lgelig ogs\u00e5 velkommen til at ringe til os for at f\u00e5 en tid. <\/p>\n\n\n\n<h4 class=\"wp-block-heading\"><\/h4>\n","protected":false},"excerpt":{"rendered":"<p>Din personlige fris\u00f8r i Vojens Salon H\u00e4nel er din dygtige og personlige fris\u00f8r i Vojens, Haderselv, R\u00f8dding Dameklip Herreklip B\u00f8rneklip Permanent Farvning Reflekser Balayage Make Up Bryn &amp; Vipper Retning af bryn med voks, pincet eller barber blad Langh\u00e5rs ops\u00e6tning Brudeops\u00e6tning Som kunde hos Salon H\u00e4nel, er du altid i centrum! Vi er kvalitetsbevidste Uanset <a class=\"moretag btn btn-primary\" href=\"https:\/\/niipit.dk\/salon-hanel\/\">L\u00e6s mere<\/a><\/p>\n","protected":false},"author":1099,"featured_media":0,"parent":0,"menu_order":0,"comment_status":"closed","ping_status":"closed","template":"frontpagePremium.php","meta":{"_exactmetrics_skip_tracking":false,"_exactmetrics_sitenote_active":false,"_exactmetrics_sitenote_note":"","_exactmetrics_sitenote_category":0,"_monsterinsights_skip_tracking":false,"_monsterinsights_sitenote_active":false,"_monsterinsights_sitenote_note":"","_monsterinsights_sitenote_category":0,"footnotes":""},"class_list":["post-5064","page","type-page","status-publish","hentry"],"yoast_head":"<!-- This site is optimized with the Yoast SEO Premium plugin v16.3 (Yoast SEO v27.3) - https:\/\/yoast.com\/product\/yoast-seo-premium-wordpress\/ -->\n<title>Fris\u00f8r Vojens Salon-Hanel - din personlige og kvalitetsbevidste fris\u00f8r<\/title>\n<meta name=\"description\" content=\"Din personlige og kvalitetsbevidste fris\u00f8r i Vojens. Dameklip Herreklip B\u00f8rneklip Permanent Farvning Reflekser Make Up Bryn &amp; Vipper Ops\u00e6tning\" \/>\n<meta name=\"robots\" content=\"index, follow, max-snippet:-1, max-image-preview:large, max-video-preview:-1\" \/>\n<link rel=\"canonical\" href=\"https:\/\/niipit.dk\/salon-hanel\/\" \/>\n<meta property=\"og:locale\" content=\"da_DK\" \/>\n<meta property=\"og:type\" content=\"article\" \/>\n<meta property=\"og:title\" content=\"Fris\u00f8r Vojens Salon-Hanel - din personlige og kvalitetsbevidste fris\u00f8r\" \/>\n<meta property=\"og:description\" content=\"Din personlige og kvalitetsbevidste fris\u00f8r i Vojens. Dameklip Herreklip B\u00f8rneklip Permanent Farvning Reflekser Make Up Bryn &amp; Vipper Ops\u00e6tning\" \/>\n<meta property=\"og:url\" content=\"https:\/\/niipit.dk\/salon-hanel\/\" \/>\n<meta property=\"og:site_name\" content=\"Salon-Hanel\" \/>\n<meta property=\"article:modified_time\" content=\"2020-04-10T14:32:15+00:00\" \/>\n<meta name=\"twitter:card\" content=\"summary_large_image\" \/>\n<meta name=\"twitter:label1\" content=\"Estimeret l\u00e6setid\" \/>\n\t<meta name=\"twitter:data1\" content=\"1 minut\" \/>\n<script type=\"application\/ld+json\" class=\"yoast-schema-graph\">{\"@context\":\"https:\\\/\\\/schema.org\",\"@graph\":[{\"@type\":\"WebPage\",\"@id\":\"https:\\\/\\\/niipit.dk\\\/salon-hanel\\\/\",\"url\":\"https:\\\/\\\/niipit.dk\\\/salon-hanel\\\/\",\"name\":\"Fris\u00f8r Vojens Salon-Hanel - din personlige og kvalitetsbevidste fris\u00f8r\",\"isPartOf\":{\"@id\":\"https:\\\/\\\/niipit.dk\\\/salon-hanel\\\/#website\"},\"datePublished\":\"2018-08-10T20:29:34+00:00\",\"dateModified\":\"2020-04-10T14:32:15+00:00\",\"description\":\"Din personlige og kvalitetsbevidste fris\u00f8r i Vojens. Dameklip Herreklip B\u00f8rneklip Permanent Farvning Reflekser Make Up Bryn & Vipper Ops\u00e6tning\",\"breadcrumb\":{\"@id\":\"https:\\\/\\\/niipit.dk\\\/salon-hanel\\\/#breadcrumb\"},\"inLanguage\":\"da-DK\",\"potentialAction\":[{\"@type\":\"ReadAction\",\"target\":[\"https:\\\/\\\/niipit.dk\\\/salon-hanel\\\/\"]}]},{\"@type\":\"BreadcrumbList\",\"@id\":\"https:\\\/\\\/niipit.dk\\\/salon-hanel\\\/#breadcrumb\",\"itemListElement\":[{\"@type\":\"ListItem\",\"position\":1,\"name\":\"Hjem\",\"item\":\"https:\\\/\\\/niipit.dk\\\/salon-hanel\\\/\"},{\"@type\":\"ListItem\",\"position\":2,\"name\":\"Forside\"}]},{\"@type\":\"WebSite\",\"@id\":\"https:\\\/\\\/niipit.dk\\\/salon-hanel\\\/#website\",\"url\":\"https:\\\/\\\/niipit.dk\\\/salon-hanel\\\/\",\"name\":\"Salon-Hanel\",\"description\":\"F\u00e5 din virksomhed p\u00e5 niipit\",\"potentialAction\":[{\"@type\":\"SearchAction\",\"target\":{\"@type\":\"EntryPoint\",\"urlTemplate\":\"https:\\\/\\\/niipit.dk\\\/salon-hanel\\\/?s={search_term_string}\"},\"query-input\":{\"@type\":\"PropertyValueSpecification\",\"valueRequired\":true,\"valueName\":\"search_term_string\"}}],\"inLanguage\":\"da-DK\"}]}<\/script>\n<!-- \/ Yoast SEO Premium plugin. -->","yoast_head_json":{"title":"Fris\u00f8r Vojens Salon-Hanel - din personlige og kvalitetsbevidste fris\u00f8r","description":"Din personlige og kvalitetsbevidste fris\u00f8r i Vojens. Dameklip Herreklip B\u00f8rneklip Permanent Farvning Reflekser Make Up Bryn & Vipper Ops\u00e6tning","robots":{"index":"index","follow":"follow","max-snippet":"max-snippet:-1","max-image-preview":"max-image-preview:large","max-video-preview":"max-video-preview:-1"},"canonical":"https:\/\/niipit.dk\/salon-hanel\/","og_locale":"da_DK","og_type":"article","og_title":"Fris\u00f8r Vojens Salon-Hanel - din personlige og kvalitetsbevidste fris\u00f8r","og_description":"Din personlige og kvalitetsbevidste fris\u00f8r i Vojens. Dameklip Herreklip B\u00f8rneklip Permanent Farvning Reflekser Make Up Bryn & Vipper Ops\u00e6tning","og_url":"https:\/\/niipit.dk\/salon-hanel\/","og_site_name":"Salon-Hanel","article_modified_time":"2020-04-10T14:32:15+00:00","twitter_card":"summary_large_image","twitter_misc":{"Estimeret l\u00e6setid":"1 minut"},"schema":{"@context":"https:\/\/schema.org","@graph":[{"@type":"WebPage","@id":"https:\/\/niipit.dk\/salon-hanel\/","url":"https:\/\/niipit.dk\/salon-hanel\/","name":"Fris\u00f8r Vojens Salon-Hanel - din personlige og kvalitetsbevidste fris\u00f8r","isPartOf":{"@id":"https:\/\/niipit.dk\/salon-hanel\/#website"},"datePublished":"2018-08-10T20:29:34+00:00","dateModified":"2020-04-10T14:32:15+00:00","description":"Din personlige og kvalitetsbevidste fris\u00f8r i Vojens. Dameklip Herreklip B\u00f8rneklip Permanent Farvning Reflekser Make Up Bryn & Vipper Ops\u00e6tning","breadcrumb":{"@id":"https:\/\/niipit.dk\/salon-hanel\/#breadcrumb"},"inLanguage":"da-DK","potentialAction":[{"@type":"ReadAction","target":["https:\/\/niipit.dk\/salon-hanel\/"]}]},{"@type":"BreadcrumbList","@id":"https:\/\/niipit.dk\/salon-hanel\/#breadcrumb","itemListElement":[{"@type":"ListItem","position":1,"name":"Hjem","item":"https:\/\/niipit.dk\/salon-hanel\/"},{"@type":"ListItem","position":2,"name":"Forside"}]},{"@type":"WebSite","@id":"https:\/\/niipit.dk\/salon-hanel\/#website","url":"https:\/\/niipit.dk\/salon-hanel\/","name":"Salon-Hanel","description":"F\u00e5 din virksomhed p\u00e5 niipit","potentialAction":[{"@type":"SearchAction","target":{"@type":"EntryPoint","urlTemplate":"https:\/\/niipit.dk\/salon-hanel\/?s={search_term_string}"},"query-input":{"@type":"PropertyValueSpecification","valueRequired":true,"valueName":"search_term_string"}}],"inLanguage":"da-DK"}]}},"_links":{"self":[{"href":"https:\/\/niipit.dk\/salon-hanel\/wp-json\/wp\/v2\/pages\/5064","targetHints":{"allow":["GET"]}}],"collection":[{"href":"https:\/\/niipit.dk\/salon-hanel\/wp-json\/wp\/v2\/pages"}],"about":[{"href":"https:\/\/niipit.dk\/salon-hanel\/wp-json\/wp\/v2\/types\/page"}],"author":[{"embeddable":true,"href":"https:\/\/niipit.dk\/salon-hanel\/wp-json\/wp\/v2\/users\/1099"}],"replies":[{"embeddable":true,"href":"https:\/\/niipit.dk\/salon-hanel\/wp-json\/wp\/v2\/comments?post=5064"}],"version-history":[{"count":0,"href":"https:\/\/niipit.dk\/salon-hanel\/wp-json\/wp\/v2\/pages\/5064\/revisions"}],"wp:attachment":[{"href":"https:\/\/niipit.dk\/salon-hanel\/wp-json\/wp\/v2\/media?parent=5064"}],"curies":[{"name":"wp","href":"https:\/\/api.w.org\/{rel}","templated":true}]}}