{"id":5064,"date":"2020-04-10T22:29:34","date_gmt":"2020-04-10T20:29:34","guid":{"rendered":"https:\/\/niipit.dk\/saigon-quan-shop\/?page_id=5064"},"modified":"2021-03-17T20:16:32","modified_gmt":"2021-03-17T19:16:32","slug":"frontpage","status":"publish","type":"page","link":"https:\/\/niipit.dk\/saigon-quan\/","title":{"rendered":"Forside"},"content":{"rendered":"\n<hr class=\"wp-block-separator\"\/>\n\n\n\n<h2 class=\"wp-block-heading\"><strong>S\u00c0IG\u00d2N QU\u00c1N<\/strong> p\u00e5 Godth\u00e5bsvej er lukket p\u00e5 ubestemt tid.<\/h2>\n\n\n\n<p>Desv\u00e6rre er <strong>S\u00c0IG\u00d2N QU\u00c1N<\/strong> lukket. Anmeldelserne rundt om p\u00e5 alverdens sider vidner om at kanon godt spisested der desv\u00e6rre er stoppet.<\/p>\n\n\n\n<p>Som g\u00e6st er det altid trist at se n\u00e5r gode spisesteder stopper og ikke videre f\u00f8res. <strong>S\u00c0IG\u00d2N QU\u00c1N<\/strong> var velbes\u00f8gt af b\u00e5de lokale og turister. <\/p>\n\n\n\n<p>De tidligere ejere \u00f8nskes alt vel og vi takker for mange gode m\u00e5ltider de har serveret til g\u00e6sterne igennem tiden.<\/p>\n\n\n\n<div class=\"wp-block-image\"><figure class=\"aligncenter size-large\"><img loading=\"lazy\" decoding=\"async\" width=\"626\" height=\"417\" src=\"https:\/\/niipit.dk\/saigon-quan\/wp-content\/uploads\/sites\/668\/2020\/10\/SAIGON-QUAN-restaurant.jpg\" alt=\"\" class=\"wp-image-5983\" srcset=\"https:\/\/niipit.dk\/saigon-quan\/wp-content\/uploads\/sites\/668\/2020\/10\/SAIGON-QUAN-restaurant.jpg 626w, https:\/\/niipit.dk\/saigon-quan\/wp-content\/uploads\/sites\/668\/2020\/10\/SAIGON-QUAN-restaurant-300x200.jpg 300w, https:\/\/niipit.dk\/saigon-quan\/wp-content\/uploads\/sites\/668\/2020\/10\/SAIGON-QUAN-restaurant-600x400.jpg 600w\" sizes=\"auto, (max-width: 626px) 100vw, 626px\" \/><\/figure><\/div>\n","protected":false},"excerpt":{"rendered":"<p>S\u00c0IG\u00d2N QU\u00c1N p\u00e5 Godth\u00e5bsvej er lukket p\u00e5 ubestemt tid. Desv\u00e6rre er S\u00c0IG\u00d2N QU\u00c1N lukket. Anmeldelserne rundt om p\u00e5 alverdens sider vidner om at kanon godt spisested der desv\u00e6rre er stoppet. Som g\u00e6st er det altid trist at se n\u00e5r gode spisesteder stopper og ikke videre f\u00f8res. S\u00c0IG\u00d2N QU\u00c1N var velbes\u00f8gt af b\u00e5de lokale og turister. <a class=\"moretag btn btn-primary\" href=\"https:\/\/niipit.dk\/saigon-quan\/\">L\u00e6s mere<\/a><\/p>\n","protected":false},"author":1,"featured_media":0,"parent":0,"menu_order":0,"comment_status":"closed","ping_status":"closed","template":"frontpagePremium.php","meta":{"_exactmetrics_skip_tracking":false,"_exactmetrics_sitenote_active":false,"_exactmetrics_sitenote_note":"","_exactmetrics_sitenote_category":0,"_monsterinsights_skip_tracking":false,"_monsterinsights_sitenote_active":false,"_monsterinsights_sitenote_note":"","_monsterinsights_sitenote_category":0,"footnotes":""},"class_list":["post-5064","page","type-page","status-publish","hentry"],"yoast_head":"<!-- This site is optimized with the Yoast SEO Premium plugin v16.3 (Yoast SEO v27.2) - https:\/\/yoast.com\/product\/yoast-seo-premium-wordpress\/ -->\n<title>S\u00c0IG\u00d2N QU\u00c1N GODTH\u00c5BSVEJ 48 FREDERIKSBERG 2000<\/title>\n<meta name=\"description\" content=\"S\u00c0IG\u00d2N QU\u00c1N - Er desv\u00e6rre lukket p\u00e5 ubestemt tid - Anmeldelserne rundt om p\u00e5 alverdens sider vidner om at kanon godt spisested.\" \/>\n<meta name=\"robots\" content=\"index, follow, max-snippet:-1, max-image-preview:large, max-video-preview:-1\" \/>\n<link rel=\"canonical\" href=\"http:\/\/niipit.dk\/saigon-quan\/\" \/>\n<meta property=\"og:locale\" content=\"da_DK\" \/>\n<meta property=\"og:type\" content=\"article\" \/>\n<meta property=\"og:title\" content=\"S\u00c0IG\u00d2N QU\u00c1N GODTH\u00c5BSVEJ 48 FREDERIKSBERG 2000\" \/>\n<meta property=\"og:description\" content=\"S\u00c0IG\u00d2N QU\u00c1N - Er desv\u00e6rre lukket p\u00e5 ubestemt tid - Anmeldelserne rundt om p\u00e5 alverdens sider vidner om at kanon godt spisested.\" \/>\n<meta property=\"og:url\" content=\"http:\/\/niipit.dk\/saigon-quan\/\" \/>\n<meta property=\"og:site_name\" content=\"Saigon Quan\" \/>\n<meta property=\"article:modified_time\" content=\"2021-03-17T19:16:32+00:00\" \/>\n<meta property=\"og:image\" content=\"https:\/\/niipit.dk\/saigon-quan\/wp-content\/uploads\/sites\/668\/2020\/10\/SAIGON-QUAN-restaurant.jpg\" \/>\n<meta name=\"twitter:card\" content=\"summary_large_image\" \/>\n<meta name=\"twitter:label1\" content=\"Estimeret l\u00e6setid\" \/>\n\t<meta name=\"twitter:data1\" content=\"1 minut\" \/>\n<script type=\"application\/ld+json\" class=\"yoast-schema-graph\">{\"@context\":\"https:\/\/schema.org\",\"@graph\":[{\"@type\":\"WebPage\",\"@id\":\"http:\/\/niipit.dk\/saigon-quan\/\",\"url\":\"http:\/\/niipit.dk\/saigon-quan\/\",\"name\":\"S\u00c0IG\u00d2N QU\u00c1N GODTH\u00c5BSVEJ 48 FREDERIKSBERG 2000\",\"isPartOf\":{\"@id\":\"http:\/\/niipit.dk\/saigon-quan\/#website\"},\"primaryImageOfPage\":{\"@id\":\"http:\/\/niipit.dk\/saigon-quan\/#primaryimage\"},\"image\":{\"@id\":\"http:\/\/niipit.dk\/saigon-quan\/#primaryimage\"},\"thumbnailUrl\":\"https:\/\/niipit.dk\/saigon-quan\/wp-content\/uploads\/sites\/668\/2020\/10\/SAIGON-QUAN-restaurant.jpg\",\"datePublished\":\"2020-04-10T20:29:34+00:00\",\"dateModified\":\"2021-03-17T19:16:32+00:00\",\"description\":\"S\u00c0IG\u00d2N QU\u00c1N - Er desv\u00e6rre lukket p\u00e5 ubestemt tid - Anmeldelserne rundt om p\u00e5 alverdens sider vidner om at kanon godt spisested.\",\"breadcrumb\":{\"@id\":\"http:\/\/niipit.dk\/saigon-quan\/#breadcrumb\"},\"inLanguage\":\"da-DK\",\"potentialAction\":[{\"@type\":\"ReadAction\",\"target\":[\"http:\/\/niipit.dk\/saigon-quan\/\"]}]},{\"@type\":\"ImageObject\",\"inLanguage\":\"da-DK\",\"@id\":\"http:\/\/niipit.dk\/saigon-quan\/#primaryimage\",\"url\":\"https:\/\/niipit.dk\/saigon-quan\/wp-content\/uploads\/sites\/668\/2020\/10\/SAIGON-QUAN-restaurant.jpg\",\"contentUrl\":\"https:\/\/niipit.dk\/saigon-quan\/wp-content\/uploads\/sites\/668\/2020\/10\/SAIGON-QUAN-restaurant.jpg\"},{\"@type\":\"BreadcrumbList\",\"@id\":\"http:\/\/niipit.dk\/saigon-quan\/#breadcrumb\",\"itemListElement\":[{\"@type\":\"ListItem\",\"position\":1,\"name\":\"Hjem\",\"item\":\"http:\/\/niipit.dk\/saigon-quan\/\"},{\"@type\":\"ListItem\",\"position\":2,\"name\":\"Forside\"}]},{\"@type\":\"WebSite\",\"@id\":\"http:\/\/niipit.dk\/saigon-quan\/#website\",\"url\":\"http:\/\/niipit.dk\/saigon-quan\/\",\"name\":\"Saigon Quan\",\"description\":\"Vietnamesisk mad\",\"potentialAction\":[{\"@type\":\"SearchAction\",\"target\":{\"@type\":\"EntryPoint\",\"urlTemplate\":\"http:\/\/niipit.dk\/saigon-quan\/?s={search_term_string}\"},\"query-input\":{\"@type\":\"PropertyValueSpecification\",\"valueRequired\":true,\"valueName\":\"search_term_string\"}}],\"inLanguage\":\"da-DK\"}]}<\/script>\n<!-- \/ Yoast SEO Premium plugin. -->","yoast_head_json":{"title":"S\u00c0IG\u00d2N QU\u00c1N GODTH\u00c5BSVEJ 48 FREDERIKSBERG 2000","description":"S\u00c0IG\u00d2N QU\u00c1N - Er desv\u00e6rre lukket p\u00e5 ubestemt tid - Anmeldelserne rundt om p\u00e5 alverdens sider vidner om at kanon godt spisested.","robots":{"index":"index","follow":"follow","max-snippet":"max-snippet:-1","max-image-preview":"max-image-preview:large","max-video-preview":"max-video-preview:-1"},"canonical":"http:\/\/niipit.dk\/saigon-quan\/","og_locale":"da_DK","og_type":"article","og_title":"S\u00c0IG\u00d2N QU\u00c1N GODTH\u00c5BSVEJ 48 FREDERIKSBERG 2000","og_description":"S\u00c0IG\u00d2N QU\u00c1N - Er desv\u00e6rre lukket p\u00e5 ubestemt tid - Anmeldelserne rundt om p\u00e5 alverdens sider vidner om at kanon godt spisested.","og_url":"http:\/\/niipit.dk\/saigon-quan\/","og_site_name":"Saigon Quan","article_modified_time":"2021-03-17T19:16:32+00:00","og_image":[{"url":"https:\/\/niipit.dk\/saigon-quan\/wp-content\/uploads\/sites\/668\/2020\/10\/SAIGON-QUAN-restaurant.jpg","type":"","width":"","height":""}],"twitter_card":"summary_large_image","twitter_misc":{"Estimeret l\u00e6setid":"1 minut"},"schema":{"@context":"https:\/\/schema.org","@graph":[{"@type":"WebPage","@id":"http:\/\/niipit.dk\/saigon-quan\/","url":"http:\/\/niipit.dk\/saigon-quan\/","name":"S\u00c0IG\u00d2N QU\u00c1N GODTH\u00c5BSVEJ 48 FREDERIKSBERG 2000","isPartOf":{"@id":"http:\/\/niipit.dk\/saigon-quan\/#website"},"primaryImageOfPage":{"@id":"http:\/\/niipit.dk\/saigon-quan\/#primaryimage"},"image":{"@id":"http:\/\/niipit.dk\/saigon-quan\/#primaryimage"},"thumbnailUrl":"https:\/\/niipit.dk\/saigon-quan\/wp-content\/uploads\/sites\/668\/2020\/10\/SAIGON-QUAN-restaurant.jpg","datePublished":"2020-04-10T20:29:34+00:00","dateModified":"2021-03-17T19:16:32+00:00","description":"S\u00c0IG\u00d2N QU\u00c1N - Er desv\u00e6rre lukket p\u00e5 ubestemt tid - Anmeldelserne rundt om p\u00e5 alverdens sider vidner om at kanon godt spisested.","breadcrumb":{"@id":"http:\/\/niipit.dk\/saigon-quan\/#breadcrumb"},"inLanguage":"da-DK","potentialAction":[{"@type":"ReadAction","target":["http:\/\/niipit.dk\/saigon-quan\/"]}]},{"@type":"ImageObject","inLanguage":"da-DK","@id":"http:\/\/niipit.dk\/saigon-quan\/#primaryimage","url":"https:\/\/niipit.dk\/saigon-quan\/wp-content\/uploads\/sites\/668\/2020\/10\/SAIGON-QUAN-restaurant.jpg","contentUrl":"https:\/\/niipit.dk\/saigon-quan\/wp-content\/uploads\/sites\/668\/2020\/10\/SAIGON-QUAN-restaurant.jpg"},{"@type":"BreadcrumbList","@id":"http:\/\/niipit.dk\/saigon-quan\/#breadcrumb","itemListElement":[{"@type":"ListItem","position":1,"name":"Hjem","item":"http:\/\/niipit.dk\/saigon-quan\/"},{"@type":"ListItem","position":2,"name":"Forside"}]},{"@type":"WebSite","@id":"http:\/\/niipit.dk\/saigon-quan\/#website","url":"http:\/\/niipit.dk\/saigon-quan\/","name":"Saigon Quan","description":"Vietnamesisk mad","potentialAction":[{"@type":"SearchAction","target":{"@type":"EntryPoint","urlTemplate":"http:\/\/niipit.dk\/saigon-quan\/?s={search_term_string}"},"query-input":{"@type":"PropertyValueSpecification","valueRequired":true,"valueName":"search_term_string"}}],"inLanguage":"da-DK"}]}},"_links":{"self":[{"href":"https:\/\/niipit.dk\/saigon-quan\/wp-json\/wp\/v2\/pages\/5064","targetHints":{"allow":["GET"]}}],"collection":[{"href":"https:\/\/niipit.dk\/saigon-quan\/wp-json\/wp\/v2\/pages"}],"about":[{"href":"https:\/\/niipit.dk\/saigon-quan\/wp-json\/wp\/v2\/types\/page"}],"author":[{"embeddable":true,"href":"https:\/\/niipit.dk\/saigon-quan\/wp-json\/wp\/v2\/users\/1"}],"replies":[{"embeddable":true,"href":"https:\/\/niipit.dk\/saigon-quan\/wp-json\/wp\/v2\/comments?post=5064"}],"version-history":[{"count":4,"href":"https:\/\/niipit.dk\/saigon-quan\/wp-json\/wp\/v2\/pages\/5064\/revisions"}],"predecessor-version":[{"id":5984,"href":"https:\/\/niipit.dk\/saigon-quan\/wp-json\/wp\/v2\/pages\/5064\/revisions\/5984"}],"wp:attachment":[{"href":"https:\/\/niipit.dk\/saigon-quan\/wp-json\/wp\/v2\/media?parent=5064"}],"curies":[{"name":"wp","href":"https:\/\/api.w.org\/{rel}","templated":true}]}}