{"id":5133,"date":"2018-08-15T22:08:09","date_gmt":"2018-08-15T20:08:09","guid":{"rendered":"https:\/\/niipit.dk\/nv2-QogM\/?page_id=5133"},"modified":"2020-03-23T20:03:39","modified_gmt":"2020-03-23T19:03:39","slug":"kontakt","status":"publish","type":"page","link":"https:\/\/niipit.dk\/rito\/kontakt\/","title":{"rendered":"Kontakt"},"content":{"rendered":"<div class=\"row justify-content-md-center\">\n<div class=\"col-xs-12 col-sm-12 col-md-6 col-lg-4\">\n<h2 style=\"text-align: center;\"><strong>Rito ApS \u00a0<\/strong><\/h2>\n<h3 style=\"text-align: center;\">Indehaver Dennis Drejer<br \/>Gyrovej 1<br \/>7800 Skive<br \/>Danmark<\/h3>\n<h3 style=\"text-align: center;\">E: Info@Ritol.dk<br \/>P: <a title=\"#\">+45 71 99 98 44<\/a><\/h3>\n<p>\u00a0<\/p>\n<p><strong>CVR nr. 25133803<\/strong><\/p>\n<h2 style=\"text-align: center;\"><strong>\u00c5bningstider Rito <br \/>( Kun afhentning \/ Ingen salg )\u00a0<br \/><\/strong><br \/>Mandag 9.00 til 15.00<br \/>Tirsdag 9.00 til 15.00<br \/>Onsdag 9.00 til 15.00<br \/>Torsdag 9.00 til 15.00<br \/>Fredag 9.00 til 15.00<\/h2>\n<\/div>\n<\/div>\n\n\n<figure class=\"wp-block-image\"><a href=\"https:\/\/www.partner-ads.com\/dk\/klikbanner.php?partnerid=22746&amp;bannerid=30292\"><img loading=\"lazy\" decoding=\"async\" width=\"1024\" height=\"370\" src=\"https:\/\/niipit.dk\/rito\/wp-content\/uploads\/sites\/307\/2019\/10\/Rito.dk--1024x370.png\" alt=\"Rito Garn og Hobby\" class=\"wp-image-5806\" srcset=\"https:\/\/niipit.dk\/rito\/wp-content\/uploads\/sites\/307\/2019\/10\/Rito.dk--1024x370.png 1024w, https:\/\/niipit.dk\/rito\/wp-content\/uploads\/sites\/307\/2019\/10\/Rito.dk--300x108.png 300w, https:\/\/niipit.dk\/rito\/wp-content\/uploads\/sites\/307\/2019\/10\/Rito.dk--768x278.png 768w, https:\/\/niipit.dk\/rito\/wp-content\/uploads\/sites\/307\/2019\/10\/Rito.dk--600x217.png 600w, https:\/\/niipit.dk\/rito\/wp-content\/uploads\/sites\/307\/2019\/10\/Rito.dk-.png 1845w\" sizes=\"auto, (max-width: 1024px) 100vw, 1024px\" \/><\/a><\/figure>\n\n\n\n<h4 class=\"has-text-align-center wp-block-heading\">Anmeldelser af Rito Garn og Hobby<\/h4>\n\n\n\n<p class=\"has-text-align-center\">Er du ogs\u00e5 en af dem der gerne vil tjekke en virksomhed f\u00f8r du handler hos dem. S\u00e5 kan du roligt tjekke Ritos anmeldelser her.<br>Vi er stolte af at kunne vise dig alle vores tilfredse kunder. <br>Vi har over 250 anmeldelser p\u00e5 Google <br>Vi har over 450 anmeldelser p\u00e5 Facebook<br>Vi har over 4500 anmeldelser p\u00e5 Trustpilot<br>Alle steder har vi over 4,7 stjerne ud af 5<\/p>\n\n\n\n<p class=\"has-text-align-center\">Husk at du f\u00e5r b\u00e5de Prisgaranti og 365 dages returret n\u00e5r du handler her i shoppen. <br>Det kan du l\u00e6se meget mere om p\u00e5 vores hjemmeside<\/p>\n\n\n\n<div class=\"wp-block-button aligncenter\"><a class=\"wp-block-button__link has-text-color has-very-dark-gray-color has-background has-luminous-vivid-orange-background-color\" href=\"https:\/\/www.partner-ads.com\/dk\/klikbanner.php?partnerid=22746&amp;bannerid=30292\">L\u00e6s mere<\/a><\/div>\n\n\n\n<p><\/p>\n","protected":false},"excerpt":{"rendered":"<p>Rito ApS \u00a0 Indehaver Dennis DrejerGyrovej 17800 SkiveDanmark E: Info@Ritol.dkP: +45 71 99 98 44 \u00a0 CVR nr. 25133803 \u00c5bningstider Rito ( Kun afhentning \/ Ingen salg )\u00a0Mandag 9.00 til 15.00Tirsdag 9.00 til 15.00Onsdag 9.00 til 15.00Torsdag 9.00 til 15.00Fredag 9.00 til 15.00 Anmeldelser af Rito Garn og Hobby Er du ogs\u00e5 en af dem <a class=\"moretag btn btn-primary\" href=\"https:\/\/niipit.dk\/rito\/kontakt\/\">L\u00e6s mere<\/a><\/p>\n","protected":false},"author":151,"featured_media":0,"parent":0,"menu_order":0,"comment_status":"closed","ping_status":"closed","template":"","meta":{"_exactmetrics_skip_tracking":false,"_exactmetrics_sitenote_active":false,"_exactmetrics_sitenote_note":"","_exactmetrics_sitenote_category":0,"_monsterinsights_skip_tracking":false,"_monsterinsights_sitenote_active":false,"_monsterinsights_sitenote_note":"","_monsterinsights_sitenote_category":0,"footnotes":""},"class_list":["post-5133","page","type-page","status-publish","hentry"],"yoast_head":"<!-- This site is optimized with the Yoast SEO Premium plugin v16.3 (Yoast SEO v27.4) - https:\/\/yoast.com\/product\/yoast-seo-premium-wordpress\/ -->\n<title>Kontakt Rito.dk Find kontakt informationer samt \u00c5bningstider<\/title>\n<meta name=\"description\" content=\"Kontakt Rito Her finder du alt fra kontakt oplysninger, \u00e5bningstider for support eller afhentning samt anmeldelser p\u00e5 Niipit.dk Se det hele her\" \/>\n<meta name=\"robots\" content=\"index, follow, max-snippet:-1, max-image-preview:large, max-video-preview:-1\" \/>\n<link rel=\"canonical\" href=\"https:\/\/niipit.dk\/rito\/kontakt\/\" \/>\n<meta property=\"og:locale\" content=\"da_DK\" \/>\n<meta property=\"og:type\" content=\"article\" \/>\n<meta property=\"og:title\" content=\"Kontakt Rito.dk Find kontakt informationer samt \u00c5bningstider\" \/>\n<meta property=\"og:description\" content=\"Kontakt Rito Her finder du alt fra kontakt oplysninger, \u00e5bningstider for support eller afhentning samt anmeldelser p\u00e5 Niipit.dk Se det hele her\" \/>\n<meta property=\"og:url\" content=\"https:\/\/niipit.dk\/rito\/kontakt\/\" \/>\n<meta property=\"og:site_name\" content=\"Rito.dk\" \/>\n<meta property=\"article:modified_time\" content=\"2020-03-23T19:03:39+00:00\" \/>\n<meta property=\"og:image\" content=\"https:\/\/niipit.dk\/rito\/wp-content\/uploads\/sites\/307\/2019\/10\/Rito.dk--1024x370.png\" \/>\n<meta name=\"twitter:card\" content=\"summary_large_image\" \/>\n<meta name=\"twitter:label1\" content=\"Estimeret l\u00e6setid\" \/>\n\t<meta name=\"twitter:data1\" content=\"1 minut\" \/>\n<script type=\"application\/ld+json\" class=\"yoast-schema-graph\">{\"@context\":\"https:\\\/\\\/schema.org\",\"@graph\":[{\"@type\":\"WebPage\",\"@id\":\"https:\\\/\\\/niipit.dk\\\/rito\\\/kontakt\\\/\",\"url\":\"https:\\\/\\\/niipit.dk\\\/rito\\\/kontakt\\\/\",\"name\":\"Kontakt Rito.dk Find kontakt informationer samt \u00c5bningstider\",\"isPartOf\":{\"@id\":\"http:\\\/\\\/niipit.dk\\\/rito\\\/#website\"},\"primaryImageOfPage\":{\"@id\":\"https:\\\/\\\/niipit.dk\\\/rito\\\/kontakt\\\/#primaryimage\"},\"image\":{\"@id\":\"https:\\\/\\\/niipit.dk\\\/rito\\\/kontakt\\\/#primaryimage\"},\"thumbnailUrl\":\"https:\\\/\\\/niipit.dk\\\/rito\\\/wp-content\\\/uploads\\\/sites\\\/307\\\/2019\\\/10\\\/Rito.dk--1024x370.png\",\"datePublished\":\"2018-08-15T20:08:09+00:00\",\"dateModified\":\"2020-03-23T19:03:39+00:00\",\"description\":\"Kontakt Rito Her finder du alt fra kontakt oplysninger, \u00e5bningstider for support eller afhentning samt anmeldelser p\u00e5 Niipit.dk Se det hele her\",\"breadcrumb\":{\"@id\":\"https:\\\/\\\/niipit.dk\\\/rito\\\/kontakt\\\/#breadcrumb\"},\"inLanguage\":\"da-DK\",\"potentialAction\":[{\"@type\":\"ReadAction\",\"target\":[\"https:\\\/\\\/niipit.dk\\\/rito\\\/kontakt\\\/\"]}]},{\"@type\":\"ImageObject\",\"inLanguage\":\"da-DK\",\"@id\":\"https:\\\/\\\/niipit.dk\\\/rito\\\/kontakt\\\/#primaryimage\",\"url\":\"https:\\\/\\\/niipit.dk\\\/rito\\\/wp-content\\\/uploads\\\/sites\\\/307\\\/2019\\\/10\\\/Rito.dk--1024x370.png\",\"contentUrl\":\"https:\\\/\\\/niipit.dk\\\/rito\\\/wp-content\\\/uploads\\\/sites\\\/307\\\/2019\\\/10\\\/Rito.dk--1024x370.png\"},{\"@type\":\"BreadcrumbList\",\"@id\":\"https:\\\/\\\/niipit.dk\\\/rito\\\/kontakt\\\/#breadcrumb\",\"itemListElement\":[{\"@type\":\"ListItem\",\"position\":1,\"name\":\"Hjem\",\"item\":\"http:\\\/\\\/niipit.dk\\\/rito\\\/\"},{\"@type\":\"ListItem\",\"position\":2,\"name\":\"Kontakt\"}]},{\"@type\":\"WebSite\",\"@id\":\"http:\\\/\\\/niipit.dk\\\/rito\\\/#website\",\"url\":\"http:\\\/\\\/niipit.dk\\\/rito\\\/\",\"name\":\"Rito.dk\",\"description\":\"Garn og Hobby\",\"potentialAction\":[{\"@type\":\"SearchAction\",\"target\":{\"@type\":\"EntryPoint\",\"urlTemplate\":\"http:\\\/\\\/niipit.dk\\\/rito\\\/?s={search_term_string}\"},\"query-input\":{\"@type\":\"PropertyValueSpecification\",\"valueRequired\":true,\"valueName\":\"search_term_string\"}}],\"inLanguage\":\"da-DK\"}]}<\/script>\n<!-- \/ Yoast SEO Premium plugin. -->","yoast_head_json":{"title":"Kontakt Rito.dk Find kontakt informationer samt \u00c5bningstider","description":"Kontakt Rito Her finder du alt fra kontakt oplysninger, \u00e5bningstider for support eller afhentning samt anmeldelser p\u00e5 Niipit.dk Se det hele her","robots":{"index":"index","follow":"follow","max-snippet":"max-snippet:-1","max-image-preview":"max-image-preview:large","max-video-preview":"max-video-preview:-1"},"canonical":"https:\/\/niipit.dk\/rito\/kontakt\/","og_locale":"da_DK","og_type":"article","og_title":"Kontakt Rito.dk Find kontakt informationer samt \u00c5bningstider","og_description":"Kontakt Rito Her finder du alt fra kontakt oplysninger, \u00e5bningstider for support eller afhentning samt anmeldelser p\u00e5 Niipit.dk Se det hele her","og_url":"https:\/\/niipit.dk\/rito\/kontakt\/","og_site_name":"Rito.dk","article_modified_time":"2020-03-23T19:03:39+00:00","og_image":[{"url":"https:\/\/niipit.dk\/rito\/wp-content\/uploads\/sites\/307\/2019\/10\/Rito.dk--1024x370.png","type":"","width":"","height":""}],"twitter_card":"summary_large_image","twitter_misc":{"Estimeret l\u00e6setid":"1 minut"},"schema":{"@context":"https:\/\/schema.org","@graph":[{"@type":"WebPage","@id":"https:\/\/niipit.dk\/rito\/kontakt\/","url":"https:\/\/niipit.dk\/rito\/kontakt\/","name":"Kontakt Rito.dk Find kontakt informationer samt \u00c5bningstider","isPartOf":{"@id":"http:\/\/niipit.dk\/rito\/#website"},"primaryImageOfPage":{"@id":"https:\/\/niipit.dk\/rito\/kontakt\/#primaryimage"},"image":{"@id":"https:\/\/niipit.dk\/rito\/kontakt\/#primaryimage"},"thumbnailUrl":"https:\/\/niipit.dk\/rito\/wp-content\/uploads\/sites\/307\/2019\/10\/Rito.dk--1024x370.png","datePublished":"2018-08-15T20:08:09+00:00","dateModified":"2020-03-23T19:03:39+00:00","description":"Kontakt Rito Her finder du alt fra kontakt oplysninger, \u00e5bningstider for support eller afhentning samt anmeldelser p\u00e5 Niipit.dk Se det hele her","breadcrumb":{"@id":"https:\/\/niipit.dk\/rito\/kontakt\/#breadcrumb"},"inLanguage":"da-DK","potentialAction":[{"@type":"ReadAction","target":["https:\/\/niipit.dk\/rito\/kontakt\/"]}]},{"@type":"ImageObject","inLanguage":"da-DK","@id":"https:\/\/niipit.dk\/rito\/kontakt\/#primaryimage","url":"https:\/\/niipit.dk\/rito\/wp-content\/uploads\/sites\/307\/2019\/10\/Rito.dk--1024x370.png","contentUrl":"https:\/\/niipit.dk\/rito\/wp-content\/uploads\/sites\/307\/2019\/10\/Rito.dk--1024x370.png"},{"@type":"BreadcrumbList","@id":"https:\/\/niipit.dk\/rito\/kontakt\/#breadcrumb","itemListElement":[{"@type":"ListItem","position":1,"name":"Hjem","item":"http:\/\/niipit.dk\/rito\/"},{"@type":"ListItem","position":2,"name":"Kontakt"}]},{"@type":"WebSite","@id":"http:\/\/niipit.dk\/rito\/#website","url":"http:\/\/niipit.dk\/rito\/","name":"Rito.dk","description":"Garn og Hobby","potentialAction":[{"@type":"SearchAction","target":{"@type":"EntryPoint","urlTemplate":"http:\/\/niipit.dk\/rito\/?s={search_term_string}"},"query-input":{"@type":"PropertyValueSpecification","valueRequired":true,"valueName":"search_term_string"}}],"inLanguage":"da-DK"}]}},"_links":{"self":[{"href":"https:\/\/niipit.dk\/rito\/wp-json\/wp\/v2\/pages\/5133","targetHints":{"allow":["GET"]}}],"collection":[{"href":"https:\/\/niipit.dk\/rito\/wp-json\/wp\/v2\/pages"}],"about":[{"href":"https:\/\/niipit.dk\/rito\/wp-json\/wp\/v2\/types\/page"}],"author":[{"embeddable":true,"href":"https:\/\/niipit.dk\/rito\/wp-json\/wp\/v2\/users\/151"}],"replies":[{"embeddable":true,"href":"https:\/\/niipit.dk\/rito\/wp-json\/wp\/v2\/comments?post=5133"}],"version-history":[{"count":0,"href":"https:\/\/niipit.dk\/rito\/wp-json\/wp\/v2\/pages\/5133\/revisions"}],"wp:attachment":[{"href":"https:\/\/niipit.dk\/rito\/wp-json\/wp\/v2\/media?parent=5133"}],"curies":[{"name":"wp","href":"https:\/\/api.w.org\/{rel}","templated":true}]}}