{"id":5064,"date":"2020-04-10T22:29:34","date_gmt":"2020-04-10T20:29:34","guid":{"rendered":"https:\/\/niipit.dk\/rideskolen-shop\/?page_id=5064"},"modified":"2020-12-27T12:21:36","modified_gmt":"2020-12-27T11:21:36","slug":"frontpage","status":"publish","type":"page","link":"https:\/\/niipit.dk\/rideskolen\/","title":{"rendered":"Rideskolen"},"content":{"rendered":"\n<hr class=\"wp-block-separator\"\/>\n\n\n\n<h2 class=\"wp-block-heading\" id=\"h-hvad-er-rideskolen\">Hvad er Rideskolen?<\/h2>\n\n\n\n<p>Mellem 1909 og 1932 var Rideskolen en del af den danske milit\u00e6re manege. P\u00e5 den tid l\u00e5 skolen p\u00e5 Kong Georgs Vej p\u00e5&nbsp;<a href=\"https:\/\/da.wikipedia.org\/wiki\/Frederiksberg\" target=\"_blank\" rel=\"noreferrer noopener\">Frederiksberg<\/a>. I 1923 flyttede noget af skolen til <a href=\"https:\/\/da.wikipedia.org\/wiki\/Gr%C3%B8nnegades_Kaserne\" target=\"_blank\" rel=\"noreferrer noopener\">Gr\u00f8nnegades Kaserne<\/a>&nbsp;i&nbsp;<a href=\"https:\/\/da.wikipedia.org\/wiki\/N%C3%A6stved\" target=\"_blank\" rel=\"noreferrer noopener\">N\u00e6stved<\/a>. <\/p>\n\n\n\n<p>Ikke mange ved det men rideskolen har v\u00e6ret  under kongens befaling helt tilbage til 1867 men faktisk findes der optegnelser der viser at siden 1772 har skolen uddannet ridel\u00e6rer, beriddere der skulle bruges i rytteriet og feltartilleriet. Den gang hed det noget s\u00e5 fint som <a href=\"https:\/\/da.wikipedia.org\/wiki\/Det_Biovidenskabelige_Fakultet_for_F%C3%B8devarer,_Veterin%C3%A6rmedicin_og_Naturressourcer\">Den kongelige Veterin\u00e6rskole<\/a>.<\/p>\n\n\n\n<p>I respekt for den royale historie der ligger bag navner Rideskolen v\u00e6lger vi her fra <a href=\"https:\/\/niipit.dk\/markedsplads\/blog-universet-forside\/\">Niipits team<\/a> at beholde siden og bruge den til at fort\u00e6lle om historien gennem tiden.<\/p>\n\n\n\n<h3 class=\"wp-block-heading\" id=\"h-hold-je-med-rideskolen-og-f-lg-opdateringerne-der-kommer\">Hold \u00f8je med rideskolen og f\u00f8lg opdateringerne der kommer.<\/h3>\n\n\n\n<p>Siden er sidst opdateret 27 December 2020<\/p>\n","protected":false},"excerpt":{"rendered":"<p>Hvad er Rideskolen? Mellem 1909 og 1932 var Rideskolen en del af den danske milit\u00e6re manege. P\u00e5 den tid l\u00e5 skolen p\u00e5 Kong Georgs Vej p\u00e5&nbsp;Frederiksberg. I 1923 flyttede noget af skolen til Gr\u00f8nnegades Kaserne&nbsp;i&nbsp;N\u00e6stved. Ikke mange ved det men rideskolen har v\u00e6ret under kongens befaling helt tilbage til 1867 men faktisk findes der optegnelser <a class=\"moretag btn btn-primary\" href=\"https:\/\/niipit.dk\/rideskolen\/\">L\u00e6s mere<\/a><\/p>\n","protected":false},"author":1,"featured_media":0,"parent":0,"menu_order":0,"comment_status":"closed","ping_status":"closed","template":"frontpagePremium.php","meta":{"_exactmetrics_skip_tracking":false,"_exactmetrics_sitenote_active":false,"_exactmetrics_sitenote_note":"","_exactmetrics_sitenote_category":0,"_monsterinsights_skip_tracking":false,"_monsterinsights_sitenote_active":false,"_monsterinsights_sitenote_note":"","_monsterinsights_sitenote_category":0,"footnotes":""},"class_list":["post-5064","page","type-page","status-publish","hentry"],"yoast_head":"<!-- This site is optimized with the Yoast SEO Premium plugin v16.3 (Yoast SEO v27.3) - https:\/\/yoast.com\/product\/yoast-seo-premium-wordpress\/ -->\n<title>Rideskolens historie gennem tiden - Vidste du at...<\/title>\n<meta name=\"description\" content=\"Rideskolen har v\u00e6ret en del af den Danske kongelige manege og at historien g\u00e5r tilbage til \u00e5r 1772? Vi fort\u00e6ller historien her\" \/>\n<meta name=\"robots\" content=\"index, follow, max-snippet:-1, max-image-preview:large, max-video-preview:-1\" \/>\n<link rel=\"canonical\" href=\"https:\/\/niipit.dk\/rideskolen\/\" \/>\n<meta property=\"og:locale\" content=\"da_DK\" \/>\n<meta property=\"og:type\" content=\"article\" \/>\n<meta property=\"og:title\" content=\"Rideskolens historie gennem tiden - Vidste du at...\" \/>\n<meta property=\"og:description\" content=\"Rideskolen har v\u00e6ret en del af den Danske kongelige manege og at historien g\u00e5r tilbage til \u00e5r 1772? Vi fort\u00e6ller historien her\" \/>\n<meta property=\"og:url\" content=\"https:\/\/niipit.dk\/rideskolen\/\" \/>\n<meta property=\"og:site_name\" content=\"Rideskolen\" \/>\n<meta property=\"article:modified_time\" content=\"2020-12-27T11:21:36+00:00\" \/>\n<meta name=\"twitter:card\" content=\"summary_large_image\" \/>\n<meta name=\"twitter:label1\" content=\"Estimeret l\u00e6setid\" \/>\n\t<meta name=\"twitter:data1\" content=\"1 minut\" \/>\n<script type=\"application\/ld+json\" class=\"yoast-schema-graph\">{\"@context\":\"https:\\\/\\\/schema.org\",\"@graph\":[{\"@type\":\"WebPage\",\"@id\":\"https:\\\/\\\/niipit.dk\\\/rideskolen\\\/\",\"url\":\"https:\\\/\\\/niipit.dk\\\/rideskolen\\\/\",\"name\":\"Rideskolens historie gennem tiden - Vidste du at...\",\"isPartOf\":{\"@id\":\"https:\\\/\\\/niipit.dk\\\/rideskolen\\\/#website\"},\"datePublished\":\"2020-04-10T20:29:34+00:00\",\"dateModified\":\"2020-12-27T11:21:36+00:00\",\"description\":\"Rideskolen har v\u00e6ret en del af den Danske kongelige manege og at historien g\u00e5r tilbage til \u00e5r 1772? Vi fort\u00e6ller historien her\",\"breadcrumb\":{\"@id\":\"https:\\\/\\\/niipit.dk\\\/rideskolen\\\/#breadcrumb\"},\"inLanguage\":\"da-DK\",\"potentialAction\":[{\"@type\":\"ReadAction\",\"target\":[\"https:\\\/\\\/niipit.dk\\\/rideskolen\\\/\"]}]},{\"@type\":\"BreadcrumbList\",\"@id\":\"https:\\\/\\\/niipit.dk\\\/rideskolen\\\/#breadcrumb\",\"itemListElement\":[{\"@type\":\"ListItem\",\"position\":1,\"name\":\"Hjem\",\"item\":\"https:\\\/\\\/niipit.dk\\\/rideskolen\\\/\"},{\"@type\":\"ListItem\",\"position\":2,\"name\":\"Rideskolen\"}]},{\"@type\":\"WebSite\",\"@id\":\"https:\\\/\\\/niipit.dk\\\/rideskolen\\\/#website\",\"url\":\"https:\\\/\\\/niipit.dk\\\/rideskolen\\\/\",\"name\":\"Rideskolen\",\"description\":\"Danmark\",\"potentialAction\":[{\"@type\":\"SearchAction\",\"target\":{\"@type\":\"EntryPoint\",\"urlTemplate\":\"https:\\\/\\\/niipit.dk\\\/rideskolen\\\/?s={search_term_string}\"},\"query-input\":{\"@type\":\"PropertyValueSpecification\",\"valueRequired\":true,\"valueName\":\"search_term_string\"}}],\"inLanguage\":\"da-DK\"}]}<\/script>\n<!-- \/ Yoast SEO Premium plugin. -->","yoast_head_json":{"title":"Rideskolens historie gennem tiden - Vidste du at...","description":"Rideskolen har v\u00e6ret en del af den Danske kongelige manege og at historien g\u00e5r tilbage til \u00e5r 1772? Vi fort\u00e6ller historien her","robots":{"index":"index","follow":"follow","max-snippet":"max-snippet:-1","max-image-preview":"max-image-preview:large","max-video-preview":"max-video-preview:-1"},"canonical":"https:\/\/niipit.dk\/rideskolen\/","og_locale":"da_DK","og_type":"article","og_title":"Rideskolens historie gennem tiden - Vidste du at...","og_description":"Rideskolen har v\u00e6ret en del af den Danske kongelige manege og at historien g\u00e5r tilbage til \u00e5r 1772? Vi fort\u00e6ller historien her","og_url":"https:\/\/niipit.dk\/rideskolen\/","og_site_name":"Rideskolen","article_modified_time":"2020-12-27T11:21:36+00:00","twitter_card":"summary_large_image","twitter_misc":{"Estimeret l\u00e6setid":"1 minut"},"schema":{"@context":"https:\/\/schema.org","@graph":[{"@type":"WebPage","@id":"https:\/\/niipit.dk\/rideskolen\/","url":"https:\/\/niipit.dk\/rideskolen\/","name":"Rideskolens historie gennem tiden - Vidste du at...","isPartOf":{"@id":"https:\/\/niipit.dk\/rideskolen\/#website"},"datePublished":"2020-04-10T20:29:34+00:00","dateModified":"2020-12-27T11:21:36+00:00","description":"Rideskolen har v\u00e6ret en del af den Danske kongelige manege og at historien g\u00e5r tilbage til \u00e5r 1772? Vi fort\u00e6ller historien her","breadcrumb":{"@id":"https:\/\/niipit.dk\/rideskolen\/#breadcrumb"},"inLanguage":"da-DK","potentialAction":[{"@type":"ReadAction","target":["https:\/\/niipit.dk\/rideskolen\/"]}]},{"@type":"BreadcrumbList","@id":"https:\/\/niipit.dk\/rideskolen\/#breadcrumb","itemListElement":[{"@type":"ListItem","position":1,"name":"Hjem","item":"https:\/\/niipit.dk\/rideskolen\/"},{"@type":"ListItem","position":2,"name":"Rideskolen"}]},{"@type":"WebSite","@id":"https:\/\/niipit.dk\/rideskolen\/#website","url":"https:\/\/niipit.dk\/rideskolen\/","name":"Rideskolen","description":"Danmark","potentialAction":[{"@type":"SearchAction","target":{"@type":"EntryPoint","urlTemplate":"https:\/\/niipit.dk\/rideskolen\/?s={search_term_string}"},"query-input":{"@type":"PropertyValueSpecification","valueRequired":true,"valueName":"search_term_string"}}],"inLanguage":"da-DK"}]}},"_links":{"self":[{"href":"https:\/\/niipit.dk\/rideskolen\/wp-json\/wp\/v2\/pages\/5064","targetHints":{"allow":["GET"]}}],"collection":[{"href":"https:\/\/niipit.dk\/rideskolen\/wp-json\/wp\/v2\/pages"}],"about":[{"href":"https:\/\/niipit.dk\/rideskolen\/wp-json\/wp\/v2\/types\/page"}],"author":[{"embeddable":true,"href":"https:\/\/niipit.dk\/rideskolen\/wp-json\/wp\/v2\/users\/1"}],"replies":[{"embeddable":true,"href":"https:\/\/niipit.dk\/rideskolen\/wp-json\/wp\/v2\/comments?post=5064"}],"version-history":[{"count":3,"href":"https:\/\/niipit.dk\/rideskolen\/wp-json\/wp\/v2\/pages\/5064\/revisions"}],"predecessor-version":[{"id":5985,"href":"https:\/\/niipit.dk\/rideskolen\/wp-json\/wp\/v2\/pages\/5064\/revisions\/5985"}],"wp:attachment":[{"href":"https:\/\/niipit.dk\/rideskolen\/wp-json\/wp\/v2\/media?parent=5064"}],"curies":[{"name":"wp","href":"https:\/\/api.w.org\/{rel}","templated":true}]}}