{"id":5064,"date":"2020-04-10T22:29:34","date_gmt":"2020-04-10T20:29:34","guid":{"rendered":"https:\/\/niipit.dk\/poolpartner-shop\/?page_id=5064"},"modified":"2022-01-16T19:36:38","modified_gmt":"2022-01-16T18:36:38","slug":"frontpage","status":"publish","type":"page","link":"https:\/\/niipit.dk\/poolpartner\/","title":{"rendered":"Forside"},"content":{"rendered":"\n<hr class=\"wp-block-separator\"\/>\n\n\n\n<h1 class=\"wp-block-heading\" id=\"h-skab-et-samlingssted-i-haven-med-en-pool\">Skab et samlingssted i haven med en pool<\/h1>\n\n\n\n<h2 class=\"wp-block-heading\" id=\"h-med-en-pool-fra-din-pool-partner-f-r-du-den-pool-du-altid-har-dr-mt-om\">Med en pool fra Din Pool Partner f\u00e5r du den pool, du altid har dr\u00f8mt om<\/h2>\n\n\n\n<p>Mange forbinder en pool med luksus og varme himmelstr\u00f8g. Som oftest er det noget, vi stifter bekendtskab med p\u00e5 ferier, men hjemme i det danske land h\u00f8rer det stadig til sj\u00e6ldenhederne at se en pool i en villahave. Det er noget, <a href=\"https:\/\/www.poolpartner.dk\/\" target=\"_blank\" rel=\"noreferrer noopener\">Din Pool Partner<\/a> gerne vil lave om p\u00e5.<\/p>\n\n\n\n<h3 class=\"wp-block-heading\">Sjov, leg og afslapning for hele familien<\/h3>\n\n\n\n<p>Med en pool fra Din Pool Partner skaber du et uderum, der tiltr\u00e6kker b\u00f8rn som voksne. B\u00f8rnene kan lege i poolen og br\u00e6nde noget af alt deres energi af, imens du tager en slapper eller l\u00e6ser en god bog ved poolkanten. Poolen kan ogs\u00e5 bruges til motion af b\u00e5de b\u00f8rn, voksne, gravide og seniorer.<\/p>\n\n\n\n<h3 class=\"wp-block-heading\">Brug Din Pool Partner som sparringspartner igennem hele forl\u00f8bet<\/h3>\n\n\n\n<p>Din Pool Partner har mange \u00e5rs erfaring med at samle og etablere pools i danskernes haver. De leverer b\u00e5de plast- og betonpools i forskellige st\u00f8rrelser, farver og former. Hvilken pool du skal v\u00e6lge, afh\u00e6nger af dine behov. Her kan Din Pool Partner ogs\u00e5 v\u00e6re behj\u00e6lpelige. Med deres kyndige r\u00e5dgivning kan I sammen afd\u00e6kke hvilke behov du har, samt hvilke muligheder din have rummer.<br>Din Pool Partner kan agere r\u00e5dgiver og sparringspartner under hele forl\u00f8bet, s\u00e5 du kan v\u00e6re sikker p\u00e5, at alting forl\u00f8ber, som det skal. Etablering og installering af poolen st\u00e5r Din Pool Partner ogs\u00e5 for, s\u00e5 kontakt dem allerede i dag, hvis du dr\u00f8mmer om en pool derhjemme.<\/p>\n","protected":false},"excerpt":{"rendered":"<p>Skab et samlingssted i haven med en pool Med en pool fra Din Pool Partner f\u00e5r du den pool, du altid har dr\u00f8mt om Mange forbinder en pool med luksus og varme himmelstr\u00f8g. Som oftest er det noget, vi stifter bekendtskab med p\u00e5 ferier, men hjemme i det danske land h\u00f8rer det stadig til sj\u00e6ldenhederne <a class=\"moretag btn btn-primary\" href=\"https:\/\/niipit.dk\/poolpartner\/\">L\u00e6s mere<\/a><\/p>\n","protected":false},"author":1,"featured_media":0,"parent":0,"menu_order":0,"comment_status":"closed","ping_status":"closed","template":"frontpagePremium.php","meta":{"_exactmetrics_skip_tracking":false,"_exactmetrics_sitenote_active":false,"_exactmetrics_sitenote_note":"","_exactmetrics_sitenote_category":0,"_monsterinsights_skip_tracking":false,"_monsterinsights_sitenote_active":false,"_monsterinsights_sitenote_note":"","_monsterinsights_sitenote_category":0,"footnotes":""},"class_list":["post-5064","page","type-page","status-publish","hentry"],"yoast_head":"<!-- This site is optimized with the Yoast SEO Premium plugin v16.3 (Yoast SEO v27.3) - https:\/\/yoast.com\/product\/yoast-seo-premium-wordpress\/ -->\n<title>Din Pool Partner | Bestil en luksus pool til hjemmet<\/title>\n<meta name=\"description\" content=\"Benyt Din Pool Partner som din pool leverand\u00f8r til dit n\u00e6ste projekt. Vi har altid tid til en snak om dine swimmingpool dr\u00f8mme\" \/>\n<meta name=\"robots\" content=\"index, follow, max-snippet:-1, max-image-preview:large, max-video-preview:-1\" \/>\n<link rel=\"canonical\" href=\"https:\/\/niipit.dk\/poolpartner\/\" \/>\n<meta property=\"og:locale\" content=\"da_DK\" \/>\n<meta property=\"og:type\" content=\"article\" \/>\n<meta property=\"og:title\" content=\"Din Pool Partner | Bestil en luksus pool til hjemmet\" \/>\n<meta property=\"og:description\" content=\"Benyt Din Pool Partner som din pool leverand\u00f8r til dit n\u00e6ste projekt. Vi har altid tid til en snak om dine swimmingpool dr\u00f8mme\" \/>\n<meta property=\"og:url\" content=\"https:\/\/niipit.dk\/poolpartner\/\" \/>\n<meta property=\"og:site_name\" content=\"PoolPartner\" \/>\n<meta property=\"article:modified_time\" content=\"2022-01-16T18:36:38+00:00\" \/>\n<meta name=\"twitter:card\" content=\"summary_large_image\" \/>\n<meta name=\"twitter:label1\" content=\"Estimeret l\u00e6setid\" \/>\n\t<meta name=\"twitter:data1\" content=\"2 minutter\" \/>\n<script type=\"application\/ld+json\" class=\"yoast-schema-graph\">{\"@context\":\"https:\\\/\\\/schema.org\",\"@graph\":[{\"@type\":\"WebPage\",\"@id\":\"https:\\\/\\\/niipit.dk\\\/poolpartner\\\/\",\"url\":\"https:\\\/\\\/niipit.dk\\\/poolpartner\\\/\",\"name\":\"Din Pool Partner | Bestil en luksus pool til hjemmet\",\"isPartOf\":{\"@id\":\"https:\\\/\\\/niipit.dk\\\/poolpartner\\\/#website\"},\"datePublished\":\"2020-04-10T20:29:34+00:00\",\"dateModified\":\"2022-01-16T18:36:38+00:00\",\"description\":\"Benyt Din Pool Partner som din pool leverand\u00f8r til dit n\u00e6ste projekt. Vi har altid tid til en snak om dine swimmingpool dr\u00f8mme\",\"breadcrumb\":{\"@id\":\"https:\\\/\\\/niipit.dk\\\/poolpartner\\\/#breadcrumb\"},\"inLanguage\":\"da-DK\",\"potentialAction\":[{\"@type\":\"ReadAction\",\"target\":[\"https:\\\/\\\/niipit.dk\\\/poolpartner\\\/\"]}]},{\"@type\":\"BreadcrumbList\",\"@id\":\"https:\\\/\\\/niipit.dk\\\/poolpartner\\\/#breadcrumb\",\"itemListElement\":[{\"@type\":\"ListItem\",\"position\":1,\"name\":\"Hjem\",\"item\":\"https:\\\/\\\/niipit.dk\\\/poolpartner\\\/\"},{\"@type\":\"ListItem\",\"position\":2,\"name\":\"Forside\"}]},{\"@type\":\"WebSite\",\"@id\":\"https:\\\/\\\/niipit.dk\\\/poolpartner\\\/#website\",\"url\":\"https:\\\/\\\/niipit.dk\\\/poolpartner\\\/\",\"name\":\"PoolPartner\",\"description\":\"Bliv set online med Niipit\",\"potentialAction\":[{\"@type\":\"SearchAction\",\"target\":{\"@type\":\"EntryPoint\",\"urlTemplate\":\"https:\\\/\\\/niipit.dk\\\/poolpartner\\\/?s={search_term_string}\"},\"query-input\":{\"@type\":\"PropertyValueSpecification\",\"valueRequired\":true,\"valueName\":\"search_term_string\"}}],\"inLanguage\":\"da-DK\"}]}<\/script>\n<!-- \/ Yoast SEO Premium plugin. -->","yoast_head_json":{"title":"Din Pool Partner | Bestil en luksus pool til hjemmet","description":"Benyt Din Pool Partner som din pool leverand\u00f8r til dit n\u00e6ste projekt. Vi har altid tid til en snak om dine swimmingpool dr\u00f8mme","robots":{"index":"index","follow":"follow","max-snippet":"max-snippet:-1","max-image-preview":"max-image-preview:large","max-video-preview":"max-video-preview:-1"},"canonical":"https:\/\/niipit.dk\/poolpartner\/","og_locale":"da_DK","og_type":"article","og_title":"Din Pool Partner | Bestil en luksus pool til hjemmet","og_description":"Benyt Din Pool Partner som din pool leverand\u00f8r til dit n\u00e6ste projekt. Vi har altid tid til en snak om dine swimmingpool dr\u00f8mme","og_url":"https:\/\/niipit.dk\/poolpartner\/","og_site_name":"PoolPartner","article_modified_time":"2022-01-16T18:36:38+00:00","twitter_card":"summary_large_image","twitter_misc":{"Estimeret l\u00e6setid":"2 minutter"},"schema":{"@context":"https:\/\/schema.org","@graph":[{"@type":"WebPage","@id":"https:\/\/niipit.dk\/poolpartner\/","url":"https:\/\/niipit.dk\/poolpartner\/","name":"Din Pool Partner | Bestil en luksus pool til hjemmet","isPartOf":{"@id":"https:\/\/niipit.dk\/poolpartner\/#website"},"datePublished":"2020-04-10T20:29:34+00:00","dateModified":"2022-01-16T18:36:38+00:00","description":"Benyt Din Pool Partner som din pool leverand\u00f8r til dit n\u00e6ste projekt. Vi har altid tid til en snak om dine swimmingpool dr\u00f8mme","breadcrumb":{"@id":"https:\/\/niipit.dk\/poolpartner\/#breadcrumb"},"inLanguage":"da-DK","potentialAction":[{"@type":"ReadAction","target":["https:\/\/niipit.dk\/poolpartner\/"]}]},{"@type":"BreadcrumbList","@id":"https:\/\/niipit.dk\/poolpartner\/#breadcrumb","itemListElement":[{"@type":"ListItem","position":1,"name":"Hjem","item":"https:\/\/niipit.dk\/poolpartner\/"},{"@type":"ListItem","position":2,"name":"Forside"}]},{"@type":"WebSite","@id":"https:\/\/niipit.dk\/poolpartner\/#website","url":"https:\/\/niipit.dk\/poolpartner\/","name":"PoolPartner","description":"Bliv set online med Niipit","potentialAction":[{"@type":"SearchAction","target":{"@type":"EntryPoint","urlTemplate":"https:\/\/niipit.dk\/poolpartner\/?s={search_term_string}"},"query-input":{"@type":"PropertyValueSpecification","valueRequired":true,"valueName":"search_term_string"}}],"inLanguage":"da-DK"}]}},"_links":{"self":[{"href":"https:\/\/niipit.dk\/poolpartner\/wp-json\/wp\/v2\/pages\/5064","targetHints":{"allow":["GET"]}}],"collection":[{"href":"https:\/\/niipit.dk\/poolpartner\/wp-json\/wp\/v2\/pages"}],"about":[{"href":"https:\/\/niipit.dk\/poolpartner\/wp-json\/wp\/v2\/types\/page"}],"author":[{"embeddable":true,"href":"https:\/\/niipit.dk\/poolpartner\/wp-json\/wp\/v2\/users\/1"}],"replies":[{"embeddable":true,"href":"https:\/\/niipit.dk\/poolpartner\/wp-json\/wp\/v2\/comments?post=5064"}],"version-history":[{"count":2,"href":"https:\/\/niipit.dk\/poolpartner\/wp-json\/wp\/v2\/pages\/5064\/revisions"}],"predecessor-version":[{"id":5991,"href":"https:\/\/niipit.dk\/poolpartner\/wp-json\/wp\/v2\/pages\/5064\/revisions\/5991"}],"wp:attachment":[{"href":"https:\/\/niipit.dk\/poolpartner\/wp-json\/wp\/v2\/media?parent=5064"}],"curies":[{"name":"wp","href":"https:\/\/api.w.org\/{rel}","templated":true}]}}