{"id":5105,"date":"2018-08-15T22:02:47","date_gmt":"2018-08-15T20:02:47","guid":{"rendered":"https:\/\/niipit.dk\/nv2-QogM\/?page_id=5105"},"modified":"2019-05-15T12:12:05","modified_gmt":"2019-05-15T10:12:05","slug":"om","status":"publish","type":"page","link":"https:\/\/niipit.dk\/pixojet\/om\/","title":{"rendered":"Om"},"content":{"rendered":"<div class=\"thrv_wrapper thrv_heading\" data-tag=\"h1\" data-css=\"tve-u-163a601a1f4\">\n<h1 data-css=\"tve-u-163a60192ea\">BrandAvenue.dk<\/h1>\n<p>7 st\u00e6rke iv\u00e6rks\u00e6ttere s\u00f8rger dagligt for at du som kunde f\u00e5r den bedste kundeservice, de bedste vare, kan se de bedste billeder og beskrivelserne af varerne bliver lavet ud fra at vi selv har haft varen i h\u00e5nden og beskrevet den som vi ser og f\u00f8ler varen i vores h\u00e6nder.<\/p>\n<p>Iv\u00e6rks\u00e6tteri l\u00f8ber i alle vores \u00e5re og det g\u00f8r at vi netop br\u00e6nder for shoppen BrandAvenue.dk Vi g\u00f8r alle den ekstra indsats der giver dig den bedste oplevelse n\u00e5r du handler hos os.<\/p>\n<p>Vores udvalg g\u00f8r os anderledes da vi b\u00e5de g\u00e5r efter kvalitets vare, gode priser til dig som kunde, stort relevant udvalg.<\/p>\n<p>Uanset om du vil fork\u00e6le dig selv, finde en v\u00e6rtindegave, skal bruge gaven der lige er lidt ekstra god, eller du er ude efter l\u00e6kkerier til en hygge weekend s\u00e5 g\u00e5r du ikke forg\u00e6ves hos BrandAvenue.<\/p>\n<\/div>\n<div class=\"thrv_wrapper thrv_text_element tve_empty_dropzone\" data-css=\"tve-u-163a60acbcb\">\n<div class=\"thrv_wrapper thrv_text_element tve_empty_dropzone\" data-css=\"tve-u-163a3bcdd15\">\n<p data-css=\"tve-u-163a3bcdd13\">\n<\/div>\n<\/div>\n","protected":false},"excerpt":{"rendered":"<p>BrandAvenue.dk 7 st\u00e6rke iv\u00e6rks\u00e6ttere s\u00f8rger dagligt for at du som kunde f\u00e5r den bedste kundeservice, de bedste vare, kan se de bedste billeder og beskrivelserne af varerne bliver lavet ud fra at vi selv har haft varen i h\u00e5nden og beskrevet den som vi ser og f\u00f8ler varen i vores h\u00e6nder. Iv\u00e6rks\u00e6tteri l\u00f8ber i alle <a class=\"moretag btn btn-primary\" href=\"https:\/\/niipit.dk\/pixojet\/om\/\">L\u00e6s mere<\/a><\/p>\n","protected":false},"author":151,"featured_media":0,"parent":0,"menu_order":0,"comment_status":"closed","ping_status":"closed","template":"","meta":{"_exactmetrics_skip_tracking":false,"_exactmetrics_sitenote_active":false,"_exactmetrics_sitenote_note":"","_exactmetrics_sitenote_category":0,"_monsterinsights_skip_tracking":false,"_monsterinsights_sitenote_active":false,"_monsterinsights_sitenote_note":"","_monsterinsights_sitenote_category":0,"footnotes":""},"class_list":["post-5105","page","type-page","status-publish","hentry"],"yoast_head":"<!-- This site is optimized with the Yoast SEO plugin v27.3 - https:\/\/yoast.com\/product\/yoast-seo-wordpress\/ -->\n<title>Om - Pixojet<\/title>\n<meta name=\"robots\" content=\"index, follow, max-snippet:-1, max-image-preview:large, max-video-preview:-1\" \/>\n<link rel=\"canonical\" href=\"https:\/\/niipit.dk\/pixojet\/om\/\" \/>\n<meta property=\"og:locale\" content=\"da_DK\" \/>\n<meta property=\"og:type\" content=\"article\" \/>\n<meta property=\"og:title\" content=\"Om - Pixojet\" \/>\n<meta property=\"og:description\" content=\"BrandAvenue.dk 7 st\u00e6rke iv\u00e6rks\u00e6ttere s\u00f8rger dagligt for at du som kunde f\u00e5r den bedste kundeservice, de bedste vare, kan se de bedste billeder og beskrivelserne af varerne bliver lavet ud fra at vi selv har haft varen i h\u00e5nden og beskrevet den som vi ser og f\u00f8ler varen i vores h\u00e6nder. Iv\u00e6rks\u00e6tteri l\u00f8ber i alle L\u00e6s mere\" \/>\n<meta property=\"og:url\" content=\"https:\/\/niipit.dk\/pixojet\/om\/\" \/>\n<meta property=\"og:site_name\" content=\"Pixojet\" \/>\n<meta property=\"article:modified_time\" content=\"2019-05-15T10:12:05+00:00\" \/>\n<meta name=\"twitter:card\" content=\"summary_large_image\" \/>\n<meta name=\"twitter:label1\" content=\"Estimeret l\u00e6setid\" \/>\n\t<meta name=\"twitter:data1\" content=\"1 minut\" \/>\n<script type=\"application\/ld+json\" class=\"yoast-schema-graph\">{\"@context\":\"https:\\\/\\\/schema.org\",\"@graph\":[{\"@type\":\"WebPage\",\"@id\":\"https:\\\/\\\/niipit.dk\\\/pixojet\\\/om\\\/\",\"url\":\"https:\\\/\\\/niipit.dk\\\/pixojet\\\/om\\\/\",\"name\":\"Om - Pixojet\",\"isPartOf\":{\"@id\":\"https:\\\/\\\/niipit.dk\\\/pixojet\\\/#website\"},\"datePublished\":\"2018-08-15T20:02:47+00:00\",\"dateModified\":\"2019-05-15T10:12:05+00:00\",\"breadcrumb\":{\"@id\":\"https:\\\/\\\/niipit.dk\\\/pixojet\\\/om\\\/#breadcrumb\"},\"inLanguage\":\"da-DK\",\"potentialAction\":[{\"@type\":\"ReadAction\",\"target\":[\"https:\\\/\\\/niipit.dk\\\/pixojet\\\/om\\\/\"]}]},{\"@type\":\"BreadcrumbList\",\"@id\":\"https:\\\/\\\/niipit.dk\\\/pixojet\\\/om\\\/#breadcrumb\",\"itemListElement\":[{\"@type\":\"ListItem\",\"position\":1,\"name\":\"Hjem\",\"item\":\"https:\\\/\\\/niipit.dk\\\/pixojet\\\/\"},{\"@type\":\"ListItem\",\"position\":2,\"name\":\"Om\"}]},{\"@type\":\"WebSite\",\"@id\":\"https:\\\/\\\/niipit.dk\\\/pixojet\\\/#website\",\"url\":\"https:\\\/\\\/niipit.dk\\\/pixojet\\\/\",\"name\":\"Pixojet\",\"description\":\"BL\u00c6KPATRONER, TONERE OG TILBEH\u00d8R\",\"potentialAction\":[{\"@type\":\"SearchAction\",\"target\":{\"@type\":\"EntryPoint\",\"urlTemplate\":\"https:\\\/\\\/niipit.dk\\\/pixojet\\\/?s={search_term_string}\"},\"query-input\":{\"@type\":\"PropertyValueSpecification\",\"valueRequired\":true,\"valueName\":\"search_term_string\"}}],\"inLanguage\":\"da-DK\"}]}<\/script>\n<!-- \/ Yoast SEO plugin. -->","yoast_head_json":{"title":"Om - Pixojet","robots":{"index":"index","follow":"follow","max-snippet":"max-snippet:-1","max-image-preview":"max-image-preview:large","max-video-preview":"max-video-preview:-1"},"canonical":"https:\/\/niipit.dk\/pixojet\/om\/","og_locale":"da_DK","og_type":"article","og_title":"Om - Pixojet","og_description":"BrandAvenue.dk 7 st\u00e6rke iv\u00e6rks\u00e6ttere s\u00f8rger dagligt for at du som kunde f\u00e5r den bedste kundeservice, de bedste vare, kan se de bedste billeder og beskrivelserne af varerne bliver lavet ud fra at vi selv har haft varen i h\u00e5nden og beskrevet den som vi ser og f\u00f8ler varen i vores h\u00e6nder. Iv\u00e6rks\u00e6tteri l\u00f8ber i alle L\u00e6s mere","og_url":"https:\/\/niipit.dk\/pixojet\/om\/","og_site_name":"Pixojet","article_modified_time":"2019-05-15T10:12:05+00:00","twitter_card":"summary_large_image","twitter_misc":{"Estimeret l\u00e6setid":"1 minut"},"schema":{"@context":"https:\/\/schema.org","@graph":[{"@type":"WebPage","@id":"https:\/\/niipit.dk\/pixojet\/om\/","url":"https:\/\/niipit.dk\/pixojet\/om\/","name":"Om - Pixojet","isPartOf":{"@id":"https:\/\/niipit.dk\/pixojet\/#website"},"datePublished":"2018-08-15T20:02:47+00:00","dateModified":"2019-05-15T10:12:05+00:00","breadcrumb":{"@id":"https:\/\/niipit.dk\/pixojet\/om\/#breadcrumb"},"inLanguage":"da-DK","potentialAction":[{"@type":"ReadAction","target":["https:\/\/niipit.dk\/pixojet\/om\/"]}]},{"@type":"BreadcrumbList","@id":"https:\/\/niipit.dk\/pixojet\/om\/#breadcrumb","itemListElement":[{"@type":"ListItem","position":1,"name":"Hjem","item":"https:\/\/niipit.dk\/pixojet\/"},{"@type":"ListItem","position":2,"name":"Om"}]},{"@type":"WebSite","@id":"https:\/\/niipit.dk\/pixojet\/#website","url":"https:\/\/niipit.dk\/pixojet\/","name":"Pixojet","description":"BL\u00c6KPATRONER, TONERE OG TILBEH\u00d8R","potentialAction":[{"@type":"SearchAction","target":{"@type":"EntryPoint","urlTemplate":"https:\/\/niipit.dk\/pixojet\/?s={search_term_string}"},"query-input":{"@type":"PropertyValueSpecification","valueRequired":true,"valueName":"search_term_string"}}],"inLanguage":"da-DK"}]}},"_links":{"self":[{"href":"https:\/\/niipit.dk\/pixojet\/wp-json\/wp\/v2\/pages\/5105","targetHints":{"allow":["GET"]}}],"collection":[{"href":"https:\/\/niipit.dk\/pixojet\/wp-json\/wp\/v2\/pages"}],"about":[{"href":"https:\/\/niipit.dk\/pixojet\/wp-json\/wp\/v2\/types\/page"}],"author":[{"embeddable":true,"href":"https:\/\/niipit.dk\/pixojet\/wp-json\/wp\/v2\/users\/151"}],"replies":[{"embeddable":true,"href":"https:\/\/niipit.dk\/pixojet\/wp-json\/wp\/v2\/comments?post=5105"}],"version-history":[{"count":0,"href":"https:\/\/niipit.dk\/pixojet\/wp-json\/wp\/v2\/pages\/5105\/revisions"}],"wp:attachment":[{"href":"https:\/\/niipit.dk\/pixojet\/wp-json\/wp\/v2\/media?parent=5105"}],"curies":[{"name":"wp","href":"https:\/\/api.w.org\/{rel}","templated":true}]}}