{"id":5761,"date":"2019-08-23T10:54:35","date_gmt":"2019-08-23T08:54:35","guid":{"rendered":"https:\/\/niipit.dk\/osteraadalen-hundeskov\/?page_id=5761"},"modified":"2019-08-24T22:39:16","modified_gmt":"2019-08-24T20:39:16","slug":"om-hundeskoven","status":"publish","type":"page","link":"https:\/\/niipit.dk\/osteraadalen-hundeskov\/om-hundeskoven\/","title":{"rendered":"Om hundeskoven"},"content":{"rendered":"\n<p style=\"text-align:center\">Der findes en  Facebook gruppe hvor du kan lave hundelegeaftaler<\/p>\n\n\n\n<p style=\"text-align:center\"><a href=\"https:\/\/www.facebook.com\/groups\/1673303719655612\/\"><\/a><a href=\"https:\/\/www.facebook.com\/groups\/375684842546258\/\">Bes\u00f8g Facebook Gruppen her <\/a><\/p>\n\n\n\n<p>Over 3 ha skov til at boltre sig p\u00e5. Opdelt til b\u00e5de store og sm\u00e5 hunde.  Hundeskoven er en del af \u00d8ster\u00e5dalen omr\u00e5det.<br>Hundeskoven har flere indgange rundt omkring og der er ligeledes gode parkeringsforhold ved indk\u00f8rsel via &#8220;Over k\u00e6ret&#8221;.<br>Skoven er indhegnet og der er masser af muligheder. Sidst vi var der var omr\u00e5det k\u00f8restolsvenligt, og gangbesv\u00e6ret kan ogs\u00e5 komme her. Der er tr\u00e6nings muligheder. Alt i alt en rigtig perle der er v\u00e6rd at bes\u00f8ge. (Huske at holde omr\u00e5det p\u00e6nt rent)<br><\/p>\n","protected":false},"excerpt":{"rendered":"<p>Der findes en Facebook gruppe hvor du kan lave hundelegeaftaler Bes\u00f8g Facebook Gruppen her Over 3 ha skov til at boltre sig p\u00e5. Opdelt til b\u00e5de store og sm\u00e5 hunde. Hundeskoven er en del af \u00d8ster\u00e5dalen omr\u00e5det.Hundeskoven har flere indgange rundt omkring og der er ligeledes gode parkeringsforhold ved indk\u00f8rsel via &#8220;Over k\u00e6ret&#8221;.Skoven er indhegnet <a class=\"moretag btn btn-primary\" href=\"https:\/\/niipit.dk\/osteraadalen-hundeskov\/om-hundeskoven\/\">L\u00e6s mere<\/a><\/p>\n","protected":false},"author":151,"featured_media":0,"parent":0,"menu_order":0,"comment_status":"closed","ping_status":"closed","template":"","meta":{"_exactmetrics_skip_tracking":false,"_exactmetrics_sitenote_active":false,"_exactmetrics_sitenote_note":"","_exactmetrics_sitenote_category":0,"_monsterinsights_skip_tracking":false,"_monsterinsights_sitenote_active":false,"_monsterinsights_sitenote_note":"","_monsterinsights_sitenote_category":0,"footnotes":""},"class_list":["post-5761","page","type-page","status-publish","hentry"],"yoast_head":"<!-- This site is optimized with the Yoast SEO Premium plugin v16.3 (Yoast SEO v27.3) - https:\/\/yoast.com\/product\/yoast-seo-premium-wordpress\/ -->\n<title>\u00d8ster\u00e5dalen Hundeskov - Niipit Danmarks St\u00f8rse Online Markedsplads<\/title>\n<meta name=\"description\" content=\"Frejlev hundeskov en del af Dragstrup skov ved Aalborg. Se rutevejledning, billeder og faciliteter her p\u00e5 Niipit Vores Dyr. Find mange hundeskove her\" \/>\n<meta name=\"robots\" content=\"index, follow, max-snippet:-1, max-image-preview:large, max-video-preview:-1\" \/>\n<link rel=\"canonical\" href=\"https:\/\/niipit.dk\/osteraadalen-hundeskov\/om-hundeskoven\/\" \/>\n<meta property=\"og:locale\" content=\"da_DK\" \/>\n<meta property=\"og:type\" content=\"article\" \/>\n<meta property=\"og:title\" content=\"\u00d8ster\u00e5dalen Hundeskov - Niipit Danmarks St\u00f8rse Online Markedsplads\" \/>\n<meta property=\"og:description\" content=\"Frejlev hundeskov en del af Dragstrup skov ved Aalborg. Se rutevejledning, billeder og faciliteter her p\u00e5 Niipit Vores Dyr. Find mange hundeskove her\" \/>\n<meta property=\"og:url\" content=\"https:\/\/niipit.dk\/osteraadalen-hundeskov\/om-hundeskoven\/\" \/>\n<meta property=\"og:site_name\" content=\"\u00d8ster\u00e5dalen Hundeskov\" \/>\n<meta property=\"article:modified_time\" content=\"2019-08-24T20:39:16+00:00\" \/>\n<meta name=\"twitter:card\" content=\"summary_large_image\" \/>\n<meta name=\"twitter:label1\" content=\"Estimeret l\u00e6setid\" \/>\n\t<meta name=\"twitter:data1\" content=\"1 minut\" \/>\n<script type=\"application\/ld+json\" class=\"yoast-schema-graph\">{\"@context\":\"https:\\\/\\\/schema.org\",\"@graph\":[{\"@type\":\"WebPage\",\"@id\":\"https:\\\/\\\/niipit.dk\\\/osteraadalen-hundeskov\\\/om-hundeskoven\\\/\",\"url\":\"https:\\\/\\\/niipit.dk\\\/osteraadalen-hundeskov\\\/om-hundeskoven\\\/\",\"name\":\"\u00d8ster\u00e5dalen Hundeskov - Niipit Danmarks St\u00f8rse Online Markedsplads\",\"isPartOf\":{\"@id\":\"https:\\\/\\\/niipit.dk\\\/osteraadalen-hundeskov\\\/#website\"},\"datePublished\":\"2019-08-23T08:54:35+00:00\",\"dateModified\":\"2019-08-24T20:39:16+00:00\",\"description\":\"Frejlev hundeskov en del af Dragstrup skov ved Aalborg. Se rutevejledning, billeder og faciliteter her p\u00e5 Niipit Vores Dyr. Find mange hundeskove her\",\"breadcrumb\":{\"@id\":\"https:\\\/\\\/niipit.dk\\\/osteraadalen-hundeskov\\\/om-hundeskoven\\\/#breadcrumb\"},\"inLanguage\":\"da-DK\",\"potentialAction\":[{\"@type\":\"ReadAction\",\"target\":[\"https:\\\/\\\/niipit.dk\\\/osteraadalen-hundeskov\\\/om-hundeskoven\\\/\"]}]},{\"@type\":\"BreadcrumbList\",\"@id\":\"https:\\\/\\\/niipit.dk\\\/osteraadalen-hundeskov\\\/om-hundeskoven\\\/#breadcrumb\",\"itemListElement\":[{\"@type\":\"ListItem\",\"position\":1,\"name\":\"Hjem\",\"item\":\"https:\\\/\\\/niipit.dk\\\/osteraadalen-hundeskov\\\/\"},{\"@type\":\"ListItem\",\"position\":2,\"name\":\"Om hundeskoven\"}]},{\"@type\":\"WebSite\",\"@id\":\"https:\\\/\\\/niipit.dk\\\/osteraadalen-hundeskov\\\/#website\",\"url\":\"https:\\\/\\\/niipit.dk\\\/osteraadalen-hundeskov\\\/\",\"name\":\"\u00d8ster\u00e5dalen Hundeskov\",\"description\":\"F\u00e5 din virksomhed p\u00e5 niipit\",\"potentialAction\":[{\"@type\":\"SearchAction\",\"target\":{\"@type\":\"EntryPoint\",\"urlTemplate\":\"https:\\\/\\\/niipit.dk\\\/osteraadalen-hundeskov\\\/?s={search_term_string}\"},\"query-input\":{\"@type\":\"PropertyValueSpecification\",\"valueRequired\":true,\"valueName\":\"search_term_string\"}}],\"inLanguage\":\"da-DK\"}]}<\/script>\n<!-- \/ Yoast SEO Premium plugin. -->","yoast_head_json":{"title":"\u00d8ster\u00e5dalen Hundeskov - Niipit Danmarks St\u00f8rse Online Markedsplads","description":"Frejlev hundeskov en del af Dragstrup skov ved Aalborg. Se rutevejledning, billeder og faciliteter her p\u00e5 Niipit Vores Dyr. Find mange hundeskove her","robots":{"index":"index","follow":"follow","max-snippet":"max-snippet:-1","max-image-preview":"max-image-preview:large","max-video-preview":"max-video-preview:-1"},"canonical":"https:\/\/niipit.dk\/osteraadalen-hundeskov\/om-hundeskoven\/","og_locale":"da_DK","og_type":"article","og_title":"\u00d8ster\u00e5dalen Hundeskov - Niipit Danmarks St\u00f8rse Online Markedsplads","og_description":"Frejlev hundeskov en del af Dragstrup skov ved Aalborg. Se rutevejledning, billeder og faciliteter her p\u00e5 Niipit Vores Dyr. Find mange hundeskove her","og_url":"https:\/\/niipit.dk\/osteraadalen-hundeskov\/om-hundeskoven\/","og_site_name":"\u00d8ster\u00e5dalen Hundeskov","article_modified_time":"2019-08-24T20:39:16+00:00","twitter_card":"summary_large_image","twitter_misc":{"Estimeret l\u00e6setid":"1 minut"},"schema":{"@context":"https:\/\/schema.org","@graph":[{"@type":"WebPage","@id":"https:\/\/niipit.dk\/osteraadalen-hundeskov\/om-hundeskoven\/","url":"https:\/\/niipit.dk\/osteraadalen-hundeskov\/om-hundeskoven\/","name":"\u00d8ster\u00e5dalen Hundeskov - Niipit Danmarks St\u00f8rse Online Markedsplads","isPartOf":{"@id":"https:\/\/niipit.dk\/osteraadalen-hundeskov\/#website"},"datePublished":"2019-08-23T08:54:35+00:00","dateModified":"2019-08-24T20:39:16+00:00","description":"Frejlev hundeskov en del af Dragstrup skov ved Aalborg. Se rutevejledning, billeder og faciliteter her p\u00e5 Niipit Vores Dyr. Find mange hundeskove her","breadcrumb":{"@id":"https:\/\/niipit.dk\/osteraadalen-hundeskov\/om-hundeskoven\/#breadcrumb"},"inLanguage":"da-DK","potentialAction":[{"@type":"ReadAction","target":["https:\/\/niipit.dk\/osteraadalen-hundeskov\/om-hundeskoven\/"]}]},{"@type":"BreadcrumbList","@id":"https:\/\/niipit.dk\/osteraadalen-hundeskov\/om-hundeskoven\/#breadcrumb","itemListElement":[{"@type":"ListItem","position":1,"name":"Hjem","item":"https:\/\/niipit.dk\/osteraadalen-hundeskov\/"},{"@type":"ListItem","position":2,"name":"Om hundeskoven"}]},{"@type":"WebSite","@id":"https:\/\/niipit.dk\/osteraadalen-hundeskov\/#website","url":"https:\/\/niipit.dk\/osteraadalen-hundeskov\/","name":"\u00d8ster\u00e5dalen Hundeskov","description":"F\u00e5 din virksomhed p\u00e5 niipit","potentialAction":[{"@type":"SearchAction","target":{"@type":"EntryPoint","urlTemplate":"https:\/\/niipit.dk\/osteraadalen-hundeskov\/?s={search_term_string}"},"query-input":{"@type":"PropertyValueSpecification","valueRequired":true,"valueName":"search_term_string"}}],"inLanguage":"da-DK"}]}},"_links":{"self":[{"href":"https:\/\/niipit.dk\/osteraadalen-hundeskov\/wp-json\/wp\/v2\/pages\/5761","targetHints":{"allow":["GET"]}}],"collection":[{"href":"https:\/\/niipit.dk\/osteraadalen-hundeskov\/wp-json\/wp\/v2\/pages"}],"about":[{"href":"https:\/\/niipit.dk\/osteraadalen-hundeskov\/wp-json\/wp\/v2\/types\/page"}],"author":[{"embeddable":true,"href":"https:\/\/niipit.dk\/osteraadalen-hundeskov\/wp-json\/wp\/v2\/users\/151"}],"replies":[{"embeddable":true,"href":"https:\/\/niipit.dk\/osteraadalen-hundeskov\/wp-json\/wp\/v2\/comments?post=5761"}],"version-history":[{"count":0,"href":"https:\/\/niipit.dk\/osteraadalen-hundeskov\/wp-json\/wp\/v2\/pages\/5761\/revisions"}],"wp:attachment":[{"href":"https:\/\/niipit.dk\/osteraadalen-hundeskov\/wp-json\/wp\/v2\/media?parent=5761"}],"curies":[{"name":"wp","href":"https:\/\/api.w.org\/{rel}","templated":true}]}}