{"id":5064,"date":"2020-06-05T22:29:34","date_gmt":"2020-06-05T20:29:34","guid":{"rendered":"https:\/\/niipit.dk\/norh-sikring-shop\/?page_id=5064"},"modified":"2021-05-02T08:34:33","modified_gmt":"2021-05-02T06:34:33","slug":"frontpage","status":"publish","type":"page","link":"https:\/\/niipit.dk\/norh-sikring\/","title":{"rendered":"Din l\u00e5sesmed i Stork\u00f8benhavn"},"content":{"rendered":"\n<hr class=\"wp-block-separator\"\/>\n\n\n\n<h1 class=\"wp-block-heading\" id=\"h-din-l-sesmed-i-stork-benhavn\">Din l\u00e5sesmed i Stork\u00f8benhavn<\/h1>\n\n\n\n<h2 class=\"wp-block-heading\" id=\"h-norh-sikring-din-l-sesmed-i-stork-benhavn-for-private-og-erhverv\">Norh Sikring |\u00a0Din l\u00e5sesmed i Stork\u00f8benhavn for private og erhverv<\/h2>\n\n\n\n<p>Norh Sikring, din l\u00e5sesmed i Stork\u00f8benhavn. Vi sover aldrig &#8211; T\u00f8v ikke med at ringe n\u00e5r du mangler en l\u00e5sesmed eller en elektriker. Vi k\u00f8re ud hele d\u00f8gnet i kele k\u00f8benhavn.<\/p>\n\n\n\n<p>Norh Sikring er din l\u00e5sesmed uanset om du er privat eller erhverv. Vi er beliggende p\u00e5 Vesterbro, men uanset hvor i Stor K\u00f8benhavn du bor s\u00e5 k\u00f8rer vi ud til din n\u00e5r du har brug for det. Vi har D\u00f8gnService s\u00e5 vi er aldrig l\u00e6ngere v\u00e6k end et telefonopkald. St\u00e5r du uden n\u00f8gle og kan ikke komme ind s\u00e5 ringer du bare til os s\u00e5 kommer vi hurtigst muligt.<\/p>\n\n\n\n<h3 class=\"wp-block-heading\" id=\"h-hvis-du-har-haft-indbrud-og-har-brug-behov-for-akut-assistance-til-at-f-skiftet-din-l-s-s-klare-vi-ogs-det-hele-d-gnet\">Hvis du har haft indbrud og har brug behov for akut assistance til at f\u00e5 skiftet din l\u00e5s s\u00e5 klare vi ogs\u00e5 det, hele d\u00f8gnet. <\/h3>\n\n\n\n<p>Skal du have kodet dine l\u00e5se om s\u00e5 ringer du bare. Vi kan b\u00e5de komme ud og kode din l\u00e5s om eller vi kan skifte den ud s\u00e5 du f\u00e5r et helt nyt s\u00e6t n\u00f8gler. Mangler du en ekstra n\u00f8gle s\u00e5 klare vi ogs\u00e5 det i en fart. <\/p>\n\n\n\n<h2 class=\"wp-block-heading\" id=\"h-elektronisk-l-s\">Elektronisk l\u00e5s<\/h2>\n\n\n\n<p>Hvis du har en elektronisk l\u00e5s der driller dig eller en ny du skal have monteret s\u00e5 kan vi sagtens hj\u00e6lpe dig. Vi har autoriseret elektriker i firmaet der for g\u00e5r du ikke forg\u00e6ves n\u00e5r du ringer til os. <\/p>\n\n\n\n<p>Vores biler er altid lige i n\u00e6rheden n\u00e5r du har brug for det.<\/p>\n\n\n\n<h3 class=\"wp-block-heading\" id=\"h-vi-k-rer-prim-rt-i-stork-benhavn-men-kan-ogs-tage-kunder-p-hele-sj-lland\">Vi k\u00f8rer prim\u00e6rt i Stork\u00f8benhavn, men kan ogs\u00e5 tage kunder p\u00e5 hele Sj\u00e6lland.<\/h3>\n\n\n\n<div class=\"wp-block-image\"><figure class=\"aligncenter size-large\"><a href=\"https:\/\/niipit.dk\/norh-sikring\/\"><img loading=\"lazy\" decoding=\"async\" width=\"768\" height=\"226\" src=\"https:\/\/niipit.dk\/norh-sikring\/wp-content\/uploads\/sites\/642\/2020\/06\/Norh-Sikring-Logo.png\" alt=\"Norh Sikring - Din l\u00e5sesmed i stork\u00f8benhavn\" class=\"wp-image-5989\" srcset=\"https:\/\/niipit.dk\/norh-sikring\/wp-content\/uploads\/sites\/642\/2020\/06\/Norh-Sikring-Logo.png 768w, https:\/\/niipit.dk\/norh-sikring\/wp-content\/uploads\/sites\/642\/2020\/06\/Norh-Sikring-Logo-300x88.png 300w, https:\/\/niipit.dk\/norh-sikring\/wp-content\/uploads\/sites\/642\/2020\/06\/Norh-Sikring-Logo-600x177.png 600w\" sizes=\"auto, (max-width: 768px) 100vw, 768px\" \/><\/a><\/figure><\/div>\n\n\n\n<p><a href=\"https:\/\/www.facebook.com\/NorhDK\/\">F\u00f8lg os gerne p\u00e5 Facebook og se nyheder <\/a><\/p>\n","protected":false},"excerpt":{"rendered":"<p>Din l\u00e5sesmed i Stork\u00f8benhavn Norh Sikring |\u00a0Din l\u00e5sesmed i Stork\u00f8benhavn for private og erhverv Norh Sikring, din l\u00e5sesmed i Stork\u00f8benhavn. Vi sover aldrig &#8211; T\u00f8v ikke med at ringe n\u00e5r du mangler en l\u00e5sesmed eller en elektriker. Vi k\u00f8re ud hele d\u00f8gnet i kele k\u00f8benhavn. Norh Sikring er din l\u00e5sesmed uanset om du er privat <a class=\"moretag btn btn-primary\" href=\"https:\/\/niipit.dk\/norh-sikring\/\">L\u00e6s mere<\/a><\/p>\n","protected":false},"author":1,"featured_media":0,"parent":0,"menu_order":0,"comment_status":"closed","ping_status":"closed","template":"frontpagePremium.php","meta":{"_exactmetrics_skip_tracking":false,"_exactmetrics_sitenote_active":false,"_exactmetrics_sitenote_note":"","_exactmetrics_sitenote_category":0,"_monsterinsights_skip_tracking":false,"_monsterinsights_sitenote_active":false,"_monsterinsights_sitenote_note":"","_monsterinsights_sitenote_category":0,"footnotes":""},"class_list":["post-5064","page","type-page","status-publish","hentry"],"yoast_head":"<!-- This site is optimized with the Yoast SEO Premium plugin v16.3 (Yoast SEO v27.3) - https:\/\/yoast.com\/product\/yoast-seo-premium-wordpress\/ -->\n<title>Norh Sikring. | K\u00f8re hele d\u00f8gnet i k\u00f8benhavn | +45 22 22 28 68<\/title>\n<meta name=\"description\" content=\"Norh Sikring. k\u00f8re til private og erhverv | Vores biler er altid i dit n\u00e6romr\u00e5de | D\u00f8gn\u00e5ben 24\/7 | Ring \u260f +45 22 22 28 68 n\u00e5r du har brug for en l\u00e5sesmed \u27a2\u27a2\" \/>\n<meta name=\"robots\" content=\"index, follow, max-snippet:-1, max-image-preview:large, max-video-preview:-1\" \/>\n<link rel=\"canonical\" href=\"https:\/\/niipit.dk\/norh-sikring\/\" \/>\n<meta property=\"og:locale\" content=\"da_DK\" \/>\n<meta property=\"og:type\" content=\"article\" \/>\n<meta property=\"og:title\" content=\"Norh Sikring. | K\u00f8re hele d\u00f8gnet i k\u00f8benhavn | +45 22 22 28 68\" \/>\n<meta property=\"og:description\" content=\"Norh Sikring. k\u00f8re til private og erhverv | Vores biler er altid i dit n\u00e6romr\u00e5de | D\u00f8gn\u00e5ben 24\/7 | Ring \u260f +45 22 22 28 68 n\u00e5r du har brug for en l\u00e5sesmed \u27a2\u27a2\" \/>\n<meta property=\"og:url\" content=\"https:\/\/niipit.dk\/norh-sikring\/\" \/>\n<meta property=\"og:site_name\" content=\"Norh Sikring.\" \/>\n<meta property=\"article:modified_time\" content=\"2021-05-02T06:34:33+00:00\" \/>\n<meta property=\"og:image\" content=\"https:\/\/niipit.dk\/norh-sikring\/wp-content\/uploads\/sites\/642\/2020\/06\/L\u00e5seservice-North-Sikring-Stork\u00f8benhavn.png\" \/>\n\t<meta property=\"og:image:width\" content=\"500\" \/>\n\t<meta property=\"og:image:height\" content=\"500\" \/>\n\t<meta property=\"og:image:type\" content=\"image\/png\" \/>\n<meta name=\"twitter:card\" content=\"summary_large_image\" \/>\n<meta name=\"twitter:label1\" content=\"Estimeret l\u00e6setid\" \/>\n\t<meta name=\"twitter:data1\" content=\"2 minutter\" \/>\n<script type=\"application\/ld+json\" class=\"yoast-schema-graph\">{\"@context\":\"https:\\\/\\\/schema.org\",\"@graph\":[{\"@type\":\"WebPage\",\"@id\":\"https:\\\/\\\/niipit.dk\\\/norh-sikring\\\/\",\"url\":\"https:\\\/\\\/niipit.dk\\\/norh-sikring\\\/\",\"name\":\"Norh Sikring. | K\u00f8re hele d\u00f8gnet i k\u00f8benhavn | +45 22 22 28 68\",\"isPartOf\":{\"@id\":\"https:\\\/\\\/niipit.dk\\\/norh-sikring\\\/#website\"},\"primaryImageOfPage\":{\"@id\":\"https:\\\/\\\/niipit.dk\\\/norh-sikring\\\/#primaryimage\"},\"image\":{\"@id\":\"https:\\\/\\\/niipit.dk\\\/norh-sikring\\\/#primaryimage\"},\"thumbnailUrl\":\"https:\\\/\\\/niipit.dk\\\/norh-sikring\\\/wp-content\\\/uploads\\\/sites\\\/642\\\/2020\\\/06\\\/Norh-Sikring-Logo.png\",\"datePublished\":\"2020-06-05T20:29:34+00:00\",\"dateModified\":\"2021-05-02T06:34:33+00:00\",\"description\":\"Norh Sikring. k\u00f8re til private og erhverv | Vores biler er altid i dit n\u00e6romr\u00e5de | D\u00f8gn\u00e5ben 24\\\/7 | Ring \u260f +45 22 22 28 68 n\u00e5r du har brug for en l\u00e5sesmed \u27a2\u27a2\",\"breadcrumb\":{\"@id\":\"https:\\\/\\\/niipit.dk\\\/norh-sikring\\\/#breadcrumb\"},\"inLanguage\":\"da-DK\",\"potentialAction\":[{\"@type\":\"ReadAction\",\"target\":[\"https:\\\/\\\/niipit.dk\\\/norh-sikring\\\/\"]}]},{\"@type\":\"ImageObject\",\"inLanguage\":\"da-DK\",\"@id\":\"https:\\\/\\\/niipit.dk\\\/norh-sikring\\\/#primaryimage\",\"url\":\"https:\\\/\\\/niipit.dk\\\/norh-sikring\\\/wp-content\\\/uploads\\\/sites\\\/642\\\/2020\\\/06\\\/Norh-Sikring-Logo.png\",\"contentUrl\":\"https:\\\/\\\/niipit.dk\\\/norh-sikring\\\/wp-content\\\/uploads\\\/sites\\\/642\\\/2020\\\/06\\\/Norh-Sikring-Logo.png\"},{\"@type\":\"BreadcrumbList\",\"@id\":\"https:\\\/\\\/niipit.dk\\\/norh-sikring\\\/#breadcrumb\",\"itemListElement\":[{\"@type\":\"ListItem\",\"position\":1,\"name\":\"Hjem\",\"item\":\"https:\\\/\\\/niipit.dk\\\/norh-sikring\\\/\"},{\"@type\":\"ListItem\",\"position\":2,\"name\":\"Din l\u00e5sesmed i Stork\u00f8benhavn\"}]},{\"@type\":\"WebSite\",\"@id\":\"https:\\\/\\\/niipit.dk\\\/norh-sikring\\\/#website\",\"url\":\"https:\\\/\\\/niipit.dk\\\/norh-sikring\\\/\",\"name\":\"Norh Sikring.\",\"description\":\"L\u00e5sesmed K\u00f8benhavn\",\"potentialAction\":[{\"@type\":\"SearchAction\",\"target\":{\"@type\":\"EntryPoint\",\"urlTemplate\":\"https:\\\/\\\/niipit.dk\\\/norh-sikring\\\/?s={search_term_string}\"},\"query-input\":{\"@type\":\"PropertyValueSpecification\",\"valueRequired\":true,\"valueName\":\"search_term_string\"}}],\"inLanguage\":\"da-DK\"}]}<\/script>\n<!-- \/ Yoast SEO Premium plugin. -->","yoast_head_json":{"title":"Norh Sikring. | K\u00f8re hele d\u00f8gnet i k\u00f8benhavn | +45 22 22 28 68","description":"Norh Sikring. k\u00f8re til private og erhverv | Vores biler er altid i dit n\u00e6romr\u00e5de | D\u00f8gn\u00e5ben 24\/7 | Ring \u260f +45 22 22 28 68 n\u00e5r du har brug for en l\u00e5sesmed \u27a2\u27a2","robots":{"index":"index","follow":"follow","max-snippet":"max-snippet:-1","max-image-preview":"max-image-preview:large","max-video-preview":"max-video-preview:-1"},"canonical":"https:\/\/niipit.dk\/norh-sikring\/","og_locale":"da_DK","og_type":"article","og_title":"Norh Sikring. | K\u00f8re hele d\u00f8gnet i k\u00f8benhavn | +45 22 22 28 68","og_description":"Norh Sikring. k\u00f8re til private og erhverv | Vores biler er altid i dit n\u00e6romr\u00e5de | D\u00f8gn\u00e5ben 24\/7 | Ring \u260f +45 22 22 28 68 n\u00e5r du har brug for en l\u00e5sesmed \u27a2\u27a2","og_url":"https:\/\/niipit.dk\/norh-sikring\/","og_site_name":"Norh Sikring.","article_modified_time":"2021-05-02T06:34:33+00:00","og_image":[{"width":500,"height":500,"url":"https:\/\/niipit.dk\/norh-sikring\/wp-content\/uploads\/sites\/642\/2020\/06\/L\u00e5seservice-North-Sikring-Stork\u00f8benhavn.png","type":"image\/png"}],"twitter_card":"summary_large_image","twitter_misc":{"Estimeret l\u00e6setid":"2 minutter"},"schema":{"@context":"https:\/\/schema.org","@graph":[{"@type":"WebPage","@id":"https:\/\/niipit.dk\/norh-sikring\/","url":"https:\/\/niipit.dk\/norh-sikring\/","name":"Norh Sikring. | K\u00f8re hele d\u00f8gnet i k\u00f8benhavn | +45 22 22 28 68","isPartOf":{"@id":"https:\/\/niipit.dk\/norh-sikring\/#website"},"primaryImageOfPage":{"@id":"https:\/\/niipit.dk\/norh-sikring\/#primaryimage"},"image":{"@id":"https:\/\/niipit.dk\/norh-sikring\/#primaryimage"},"thumbnailUrl":"https:\/\/niipit.dk\/norh-sikring\/wp-content\/uploads\/sites\/642\/2020\/06\/Norh-Sikring-Logo.png","datePublished":"2020-06-05T20:29:34+00:00","dateModified":"2021-05-02T06:34:33+00:00","description":"Norh Sikring. k\u00f8re til private og erhverv | Vores biler er altid i dit n\u00e6romr\u00e5de | D\u00f8gn\u00e5ben 24\/7 | Ring \u260f +45 22 22 28 68 n\u00e5r du har brug for en l\u00e5sesmed \u27a2\u27a2","breadcrumb":{"@id":"https:\/\/niipit.dk\/norh-sikring\/#breadcrumb"},"inLanguage":"da-DK","potentialAction":[{"@type":"ReadAction","target":["https:\/\/niipit.dk\/norh-sikring\/"]}]},{"@type":"ImageObject","inLanguage":"da-DK","@id":"https:\/\/niipit.dk\/norh-sikring\/#primaryimage","url":"https:\/\/niipit.dk\/norh-sikring\/wp-content\/uploads\/sites\/642\/2020\/06\/Norh-Sikring-Logo.png","contentUrl":"https:\/\/niipit.dk\/norh-sikring\/wp-content\/uploads\/sites\/642\/2020\/06\/Norh-Sikring-Logo.png"},{"@type":"BreadcrumbList","@id":"https:\/\/niipit.dk\/norh-sikring\/#breadcrumb","itemListElement":[{"@type":"ListItem","position":1,"name":"Hjem","item":"https:\/\/niipit.dk\/norh-sikring\/"},{"@type":"ListItem","position":2,"name":"Din l\u00e5sesmed i Stork\u00f8benhavn"}]},{"@type":"WebSite","@id":"https:\/\/niipit.dk\/norh-sikring\/#website","url":"https:\/\/niipit.dk\/norh-sikring\/","name":"Norh Sikring.","description":"L\u00e5sesmed K\u00f8benhavn","potentialAction":[{"@type":"SearchAction","target":{"@type":"EntryPoint","urlTemplate":"https:\/\/niipit.dk\/norh-sikring\/?s={search_term_string}"},"query-input":{"@type":"PropertyValueSpecification","valueRequired":true,"valueName":"search_term_string"}}],"inLanguage":"da-DK"}]}},"_links":{"self":[{"href":"https:\/\/niipit.dk\/norh-sikring\/wp-json\/wp\/v2\/pages\/5064","targetHints":{"allow":["GET"]}}],"collection":[{"href":"https:\/\/niipit.dk\/norh-sikring\/wp-json\/wp\/v2\/pages"}],"about":[{"href":"https:\/\/niipit.dk\/norh-sikring\/wp-json\/wp\/v2\/types\/page"}],"author":[{"embeddable":true,"href":"https:\/\/niipit.dk\/norh-sikring\/wp-json\/wp\/v2\/users\/1"}],"replies":[{"embeddable":true,"href":"https:\/\/niipit.dk\/norh-sikring\/wp-json\/wp\/v2\/comments?post=5064"}],"version-history":[{"count":1,"href":"https:\/\/niipit.dk\/norh-sikring\/wp-json\/wp\/v2\/pages\/5064\/revisions"}],"predecessor-version":[{"id":5998,"href":"https:\/\/niipit.dk\/norh-sikring\/wp-json\/wp\/v2\/pages\/5064\/revisions\/5998"}],"wp:attachment":[{"href":"https:\/\/niipit.dk\/norh-sikring\/wp-json\/wp\/v2\/media?parent=5064"}],"curies":[{"name":"wp","href":"https:\/\/api.w.org\/{rel}","templated":true}]}}