{"id":5064,"date":"2020-06-05T22:29:34","date_gmt":"2020-06-05T20:29:34","guid":{"rendered":"https:\/\/niipit.dk\/norh-entreprise-shop\/?page_id=5064"},"modified":"2020-09-03T09:29:58","modified_gmt":"2020-09-03T07:29:58","slug":"autoriseret-elektriker-i-koebenhavn","status":"publish","type":"page","link":"https:\/\/niipit.dk\/norh-entreprise\/","title":{"rendered":"Norh Entreprise, d\u00f8gn\u00e5ben autoriseret elektriker i K\u00f8benhavn"},"content":{"rendered":"\n<hr class=\"wp-block-separator\"\/>\n\n\n\n<h2 class=\"wp-block-heading\">Norh Entreprise |&nbsp;Din autoriseret elektriker i Stork\u00f8benhavn for private og erhverv<\/h2>\n\n\n\n<h2 class=\"wp-block-heading\">Norh Entreprise, d\u00f8gn\u00e5ben autoriseret elektriker i K\u00f8benhavn<\/h2>\n\n\n\n<p>Efter flere \u00e5r i elektrikerbranchen ser vi et st\u00f8rre behov fra vores kunder for akut service og hj\u00e6lp, fra en autoriseret elektriker i K\u00f8benhavn. Derfor tilbyder vi som f\u00e5 elektrikere i Stork\u00f8benhavn vagtservice, der er \u00e5ben 24\/7 &#8211; hele \u00e5ret rundt. Hvilket betyder at vi k\u00f8rer ud og hj\u00e6lper p\u00e5 selveste juleaften.&nbsp;<\/p>\n\n\n\n<p>P\u00e5 vagtudkald kan vi hj\u00e6lpe med akutte problemer som kortslutninger, problemer med sikringer og lignende udfordringer, der kr\u00e6ver service p\u00e5 kort tid.<\/p>\n\n\n\n<h2 class=\"wp-block-heading\">Hos Norh Entreprise er det altid gratis at f\u00e5 tilbud via mail og telefon<\/h2>\n\n\n\n<p>Hvis du gerne vil vide en pris f\u00f8r du beslutter dig for at f\u00e5 udf\u00f8rt en ydelse, s\u00e5 kan du nemt og sikkert p\u00e5 vores hjemmeside indhente et tilbud, p\u00e5 en elektriker opgaver. Drejer det sig om st\u00f8rre opgaver kan vi ogs\u00e5 aftale at vi kommer ud og tager et kig gratis.&nbsp;<\/p>\n\n\n\n<p>P\u00e5 denne m\u00e5de kan du v\u00e6re sikker p\u00e5, at arbejdet udf\u00f8res i henhold til tilbud og forventninger, og du ved, hvilke priser du har at g\u00f8re med. I de fleste tilf\u00e6lde vil der ogs\u00e5 v\u00e6re sp\u00f8rgsm\u00e5l, og ikke mindst forslag til forskellige typer af l\u00f8sninger, f.eks. Hvordan k\u00f8kkeninstallationerne skal se ud.<\/p>\n\n\n\n<h2 class=\"wp-block-heading\">Vi forhandler kvalitetsprodukter fra AO og Solar<\/h2>\n\n\n\n<p>Som elektriker vil vi altid v\u00e6re i stand til at levere kvalitetsprodukter til dig som kunde. Derfor har vi valgt de bedste produkter p\u00e5 markedet. Vores sortiment inkluderer de mest kende m\u00e6rker der findes p\u00e5 markedet og forhandler hos Solar og AO.<\/p>\n\n\n\n<h2 class=\"wp-block-heading\">Et stort udvalg af elektriker ydelser i Stork\u00f8benhavn<\/h2>\n\n\n\n<p>Der er mange spillere, der leverer elektriske ydelser i Stork\u00f8benhavn. En god m\u00e5de at finde ud af, om en elektriker er professionel, er at tjekke autorisationsregisteret inde p\u00e5 sikkerhed styrelsens hjemmeside. Her finder du alle virksomheder, der har tilladelse til at udf\u00f8re el-arbejde i Danmark.&nbsp;<\/p>\n\n\n\n<p>Her finder du ogs\u00e5 informationer om hvilken type af el-arbejde virksomheden m\u00e5 udf\u00f8re. Det er ulovligt for virksomheder at udf\u00f8re el-arbejde uden at v\u00e6re autoriserede. Og det er faktisk dit ansvar at kontrollere, at virksomheden findes i autorisationsregisteret.<\/p>\n\n\n\n<h3 class=\"wp-block-heading\">Vi k\u00f8rer prim\u00e6rt i Stork\u00f8benhavn, men kan ogs\u00e5 tage kunder p\u00e5 hele Sj\u00e6lland.<\/h3>\n\n\n\n<div class=\"wp-block-image\"><figure class=\"aligncenter size-full\"><a href=\"https:\/\/niipit.dk\/norh-sikring\/\"><img loading=\"lazy\" decoding=\"async\" width=\"964\" height=\"360\" src=\"https:\/\/niipit.dk\/norh-entreprise\/wp-content\/uploads\/sites\/644\/2020\/06\/Norh-entreprise.png\" alt=\"Norh Entreprise d\u00f8gn\u00e5ben autoriseret elektriker i K\u00f8benhavn\" class=\"wp-image-5999\" srcset=\"https:\/\/niipit.dk\/norh-entreprise\/wp-content\/uploads\/sites\/644\/2020\/06\/Norh-entreprise.png 964w, https:\/\/niipit.dk\/norh-entreprise\/wp-content\/uploads\/sites\/644\/2020\/06\/Norh-entreprise-300x112.png 300w, https:\/\/niipit.dk\/norh-entreprise\/wp-content\/uploads\/sites\/644\/2020\/06\/Norh-entreprise-768x287.png 768w, https:\/\/niipit.dk\/norh-entreprise\/wp-content\/uploads\/sites\/644\/2020\/06\/Norh-entreprise-600x224.png 600w\" sizes=\"auto, (max-width: 964px) 100vw, 964px\" \/><\/a><\/figure><\/div>\n\n\n\n<p>Hvis du skal bruge en elektriker p\u00e5 Sj\u00e6lland og \u00f8nsker at have l\u00f8st en af ovenst\u00e5ende opgaver s\u00e5 kan du altid kontakte os. Hvis du ringer til os s\u00e5 vil du kunne forvente en tydelig kommunikation og professionel service lige meget hvorn\u00e5r du ringer til os. Er dit \u00e6rinde af akut karakt\u00e6r s\u00e5 har vi afdelinger i hele Stork\u00f8benhavn, derfor er vi sj\u00e6lden mere end 30 minutter v\u00e6k fra dig i Stork\u00f8benhavn. Vi gl\u00e6der os til at h\u00f8re fra dig.&nbsp;<\/p>\n\n\n\n<p>Du kan l\u00e6se mere om vores arbejde <a rel=\"noreferrer noopener\" href=\"https:\/\/www.norhentreprise.dk\/\" target=\"_blank\">her<\/a><\/p>\n\n\n\n<p>Adresse: Sankt J\u00f8rgens all\u00e9 6 kl 1615 K\u00f8benhavn V Cvr. 40323279<\/p>\n\n\n\n<p>Mail: info@norh.eu<\/p>\n","protected":false},"excerpt":{"rendered":"<p>Norh Entreprise |&nbsp;Din autoriseret elektriker i Stork\u00f8benhavn for private og erhverv Norh Entreprise, d\u00f8gn\u00e5ben autoriseret elektriker i K\u00f8benhavn Efter flere \u00e5r i elektrikerbranchen ser vi et st\u00f8rre behov fra vores kunder for akut service og hj\u00e6lp, fra en autoriseret elektriker i K\u00f8benhavn. Derfor tilbyder vi som f\u00e5 elektrikere i Stork\u00f8benhavn vagtservice, der er \u00e5ben 24\/7 <a class=\"moretag btn btn-primary\" href=\"https:\/\/niipit.dk\/norh-entreprise\/\">L\u00e6s mere<\/a><\/p>\n","protected":false},"author":1,"featured_media":0,"parent":0,"menu_order":0,"comment_status":"closed","ping_status":"closed","template":"frontpagePremium.php","meta":{"_exactmetrics_skip_tracking":false,"_exactmetrics_sitenote_active":false,"_exactmetrics_sitenote_note":"","_exactmetrics_sitenote_category":0,"_monsterinsights_skip_tracking":false,"_monsterinsights_sitenote_active":false,"_monsterinsights_sitenote_note":"","_monsterinsights_sitenote_category":0,"footnotes":""},"class_list":["post-5064","page","type-page","status-publish","hentry"],"yoast_head":"<!-- This site is optimized with the Yoast SEO Premium plugin v16.3 (Yoast SEO v27.4) - https:\/\/yoast.com\/product\/yoast-seo-premium-wordpress\/ -->\n<title>Norh Entreprise | Hele d\u00f8gnet i k\u00f8benhavn | +45 22 22 28 68<\/title>\n<meta name=\"description\" content=\"Norh Entreprise til private og erhverv | Vores biler er altid n\u00e6r dig | D\u00f8gn\u00e5ben 24\/7 | Ring \u260f +45 22 22 28 68 \u27a2\u27a2\" \/>\n<meta name=\"robots\" content=\"index, follow, max-snippet:-1, max-image-preview:large, max-video-preview:-1\" \/>\n<link rel=\"canonical\" href=\"https:\/\/niipit.dk\/norh-entreprise\/\" \/>\n<meta property=\"og:locale\" content=\"da_DK\" \/>\n<meta property=\"og:type\" content=\"article\" \/>\n<meta property=\"og:title\" content=\"Norh Entreprise | Hele d\u00f8gnet i k\u00f8benhavn | +45 22 22 28 68\" \/>\n<meta property=\"og:description\" content=\"Norh Entreprise til private og erhverv | Vores biler er altid n\u00e6r dig | D\u00f8gn\u00e5ben 24\/7 | Ring \u260f +45 22 22 28 68 \u27a2\u27a2\" \/>\n<meta property=\"og:url\" content=\"https:\/\/niipit.dk\/norh-entreprise\/\" \/>\n<meta property=\"og:site_name\" content=\"Norh Entreprise\" \/>\n<meta property=\"article:modified_time\" content=\"2020-09-03T07:29:58+00:00\" \/>\n<meta property=\"og:image\" content=\"https:\/\/niipit.dk\/norh-entreprise\/wp-content\/uploads\/sites\/644\/2020\/06\/Norh-Sikring-banner.png\" \/>\n\t<meta property=\"og:image:width\" content=\"820\" \/>\n\t<meta property=\"og:image:height\" content=\"312\" \/>\n\t<meta property=\"og:image:type\" content=\"image\/png\" \/>\n<meta name=\"twitter:card\" content=\"summary_large_image\" \/>\n<meta name=\"twitter:label1\" content=\"Estimeret l\u00e6setid\" \/>\n\t<meta name=\"twitter:data1\" content=\"3 minutter\" \/>\n<script type=\"application\/ld+json\" class=\"yoast-schema-graph\">{\"@context\":\"https:\\\/\\\/schema.org\",\"@graph\":[{\"@type\":\"WebPage\",\"@id\":\"https:\\\/\\\/niipit.dk\\\/norh-entreprise\\\/\",\"url\":\"https:\\\/\\\/niipit.dk\\\/norh-entreprise\\\/\",\"name\":\"Norh Entreprise | Hele d\u00f8gnet i k\u00f8benhavn | +45 22 22 28 68\",\"isPartOf\":{\"@id\":\"https:\\\/\\\/niipit.dk\\\/norh-entreprise\\\/#website\"},\"primaryImageOfPage\":{\"@id\":\"https:\\\/\\\/niipit.dk\\\/norh-entreprise\\\/#primaryimage\"},\"image\":{\"@id\":\"https:\\\/\\\/niipit.dk\\\/norh-entreprise\\\/#primaryimage\"},\"thumbnailUrl\":\"https:\\\/\\\/niipit.dk\\\/norh-entreprise\\\/wp-content\\\/uploads\\\/sites\\\/644\\\/2020\\\/06\\\/Norh-entreprise.png\",\"datePublished\":\"2020-06-05T20:29:34+00:00\",\"dateModified\":\"2020-09-03T07:29:58+00:00\",\"description\":\"Norh Entreprise til private og erhverv | Vores biler er altid n\u00e6r dig | D\u00f8gn\u00e5ben 24\\\/7 | Ring \u260f +45 22 22 28 68 \u27a2\u27a2\",\"breadcrumb\":{\"@id\":\"https:\\\/\\\/niipit.dk\\\/norh-entreprise\\\/#breadcrumb\"},\"inLanguage\":\"da-DK\",\"potentialAction\":[{\"@type\":\"ReadAction\",\"target\":[\"https:\\\/\\\/niipit.dk\\\/norh-entreprise\\\/\"]}]},{\"@type\":\"ImageObject\",\"inLanguage\":\"da-DK\",\"@id\":\"https:\\\/\\\/niipit.dk\\\/norh-entreprise\\\/#primaryimage\",\"url\":\"https:\\\/\\\/niipit.dk\\\/norh-entreprise\\\/wp-content\\\/uploads\\\/sites\\\/644\\\/2020\\\/06\\\/Norh-entreprise.png\",\"contentUrl\":\"https:\\\/\\\/niipit.dk\\\/norh-entreprise\\\/wp-content\\\/uploads\\\/sites\\\/644\\\/2020\\\/06\\\/Norh-entreprise.png\"},{\"@type\":\"BreadcrumbList\",\"@id\":\"https:\\\/\\\/niipit.dk\\\/norh-entreprise\\\/#breadcrumb\",\"itemListElement\":[{\"@type\":\"ListItem\",\"position\":1,\"name\":\"Hjem\",\"item\":\"https:\\\/\\\/niipit.dk\\\/norh-entreprise\\\/\"},{\"@type\":\"ListItem\",\"position\":2,\"name\":\"Norh Entreprise, d\u00f8gn\u00e5ben autoriseret elektriker i K\u00f8benhavn\"}]},{\"@type\":\"WebSite\",\"@id\":\"https:\\\/\\\/niipit.dk\\\/norh-entreprise\\\/#website\",\"url\":\"https:\\\/\\\/niipit.dk\\\/norh-entreprise\\\/\",\"name\":\"Norh Entreprise\",\"description\":\"D\u00f8gn\u00e5ben autoriseret elektriker i K\u00f8benhavn\",\"potentialAction\":[{\"@type\":\"SearchAction\",\"target\":{\"@type\":\"EntryPoint\",\"urlTemplate\":\"https:\\\/\\\/niipit.dk\\\/norh-entreprise\\\/?s={search_term_string}\"},\"query-input\":{\"@type\":\"PropertyValueSpecification\",\"valueRequired\":true,\"valueName\":\"search_term_string\"}}],\"inLanguage\":\"da-DK\"}]}<\/script>\n<!-- \/ Yoast SEO Premium plugin. -->","yoast_head_json":{"title":"Norh Entreprise | Hele d\u00f8gnet i k\u00f8benhavn | +45 22 22 28 68","description":"Norh Entreprise til private og erhverv | Vores biler er altid n\u00e6r dig | D\u00f8gn\u00e5ben 24\/7 | Ring \u260f +45 22 22 28 68 \u27a2\u27a2","robots":{"index":"index","follow":"follow","max-snippet":"max-snippet:-1","max-image-preview":"max-image-preview:large","max-video-preview":"max-video-preview:-1"},"canonical":"https:\/\/niipit.dk\/norh-entreprise\/","og_locale":"da_DK","og_type":"article","og_title":"Norh Entreprise | Hele d\u00f8gnet i k\u00f8benhavn | +45 22 22 28 68","og_description":"Norh Entreprise til private og erhverv | Vores biler er altid n\u00e6r dig | D\u00f8gn\u00e5ben 24\/7 | Ring \u260f +45 22 22 28 68 \u27a2\u27a2","og_url":"https:\/\/niipit.dk\/norh-entreprise\/","og_site_name":"Norh Entreprise","article_modified_time":"2020-09-03T07:29:58+00:00","og_image":[{"width":820,"height":312,"url":"https:\/\/niipit.dk\/norh-entreprise\/wp-content\/uploads\/sites\/644\/2020\/06\/Norh-Sikring-banner.png","type":"image\/png"}],"twitter_card":"summary_large_image","twitter_misc":{"Estimeret l\u00e6setid":"3 minutter"},"schema":{"@context":"https:\/\/schema.org","@graph":[{"@type":"WebPage","@id":"https:\/\/niipit.dk\/norh-entreprise\/","url":"https:\/\/niipit.dk\/norh-entreprise\/","name":"Norh Entreprise | Hele d\u00f8gnet i k\u00f8benhavn | +45 22 22 28 68","isPartOf":{"@id":"https:\/\/niipit.dk\/norh-entreprise\/#website"},"primaryImageOfPage":{"@id":"https:\/\/niipit.dk\/norh-entreprise\/#primaryimage"},"image":{"@id":"https:\/\/niipit.dk\/norh-entreprise\/#primaryimage"},"thumbnailUrl":"https:\/\/niipit.dk\/norh-entreprise\/wp-content\/uploads\/sites\/644\/2020\/06\/Norh-entreprise.png","datePublished":"2020-06-05T20:29:34+00:00","dateModified":"2020-09-03T07:29:58+00:00","description":"Norh Entreprise til private og erhverv | Vores biler er altid n\u00e6r dig | D\u00f8gn\u00e5ben 24\/7 | Ring \u260f +45 22 22 28 68 \u27a2\u27a2","breadcrumb":{"@id":"https:\/\/niipit.dk\/norh-entreprise\/#breadcrumb"},"inLanguage":"da-DK","potentialAction":[{"@type":"ReadAction","target":["https:\/\/niipit.dk\/norh-entreprise\/"]}]},{"@type":"ImageObject","inLanguage":"da-DK","@id":"https:\/\/niipit.dk\/norh-entreprise\/#primaryimage","url":"https:\/\/niipit.dk\/norh-entreprise\/wp-content\/uploads\/sites\/644\/2020\/06\/Norh-entreprise.png","contentUrl":"https:\/\/niipit.dk\/norh-entreprise\/wp-content\/uploads\/sites\/644\/2020\/06\/Norh-entreprise.png"},{"@type":"BreadcrumbList","@id":"https:\/\/niipit.dk\/norh-entreprise\/#breadcrumb","itemListElement":[{"@type":"ListItem","position":1,"name":"Hjem","item":"https:\/\/niipit.dk\/norh-entreprise\/"},{"@type":"ListItem","position":2,"name":"Norh Entreprise, d\u00f8gn\u00e5ben autoriseret elektriker i K\u00f8benhavn"}]},{"@type":"WebSite","@id":"https:\/\/niipit.dk\/norh-entreprise\/#website","url":"https:\/\/niipit.dk\/norh-entreprise\/","name":"Norh Entreprise","description":"D\u00f8gn\u00e5ben autoriseret elektriker i K\u00f8benhavn","potentialAction":[{"@type":"SearchAction","target":{"@type":"EntryPoint","urlTemplate":"https:\/\/niipit.dk\/norh-entreprise\/?s={search_term_string}"},"query-input":{"@type":"PropertyValueSpecification","valueRequired":true,"valueName":"search_term_string"}}],"inLanguage":"da-DK"}]}},"_links":{"self":[{"href":"https:\/\/niipit.dk\/norh-entreprise\/wp-json\/wp\/v2\/pages\/5064","targetHints":{"allow":["GET"]}}],"collection":[{"href":"https:\/\/niipit.dk\/norh-entreprise\/wp-json\/wp\/v2\/pages"}],"about":[{"href":"https:\/\/niipit.dk\/norh-entreprise\/wp-json\/wp\/v2\/types\/page"}],"author":[{"embeddable":true,"href":"https:\/\/niipit.dk\/norh-entreprise\/wp-json\/wp\/v2\/users\/1"}],"replies":[{"embeddable":true,"href":"https:\/\/niipit.dk\/norh-entreprise\/wp-json\/wp\/v2\/comments?post=5064"}],"version-history":[{"count":0,"href":"https:\/\/niipit.dk\/norh-entreprise\/wp-json\/wp\/v2\/pages\/5064\/revisions"}],"wp:attachment":[{"href":"https:\/\/niipit.dk\/norh-entreprise\/wp-json\/wp\/v2\/media?parent=5064"}],"curies":[{"name":"wp","href":"https:\/\/api.w.org\/{rel}","templated":true}]}}