{"id":6934,"date":"2019-12-15T17:06:59","date_gmt":"2019-12-15T16:06:59","guid":{"rendered":"https:\/\/niipit.dk\/niipit-b4b-shop\/?post_type=product&#038;p=6934"},"modified":"2019-12-30T01:18:19","modified_gmt":"2019-12-30T00:18:19","slug":"plakat-omraade-12-maaneder","status":"publish","type":"product","link":"https:\/\/niipit.dk\/niipit-b4b-shop\/produkt\/plakat-omraade-12-maaneder\/","title":{"rendered":"Plakat omr\u00e5de 12 m\u00e5neder"},"content":{"rendered":"<h1>PLAKAT omr\u00e5de i 12 m\u00e5neder<\/h1>\n<p>N\u00e5r du har en Premium virksomhedsprofil s\u00e5 kan du tilk\u00f8be adgang til PLAKAT omr\u00e5det i 12 m\u00e5neder.<\/p>\n<p>I dette omr\u00e5de kan du vise dine plakater sammen med alle andre der har plakater online i omr\u00e5det. Vi ser at folk gerne sidder og kigger p\u00e5 plakater i det omr\u00e5de.<\/p>\n<p>I PLAKAT omr\u00e5det kan du vise de varer \/ ydelser som du har p\u00e5 til salg.<br \/>\nEn varer m\u00e5 kun ligge her Hvis du har den til salg.<\/p>\n","protected":false},"excerpt":{"rendered":"<p>PLAKAT omr\u00e5de i 12 m\u00e5neder N\u00e5r du har en Premium virksomhedsprofil s\u00e5 kan du tilk\u00f8be adgang til PLAKAT omr\u00e5det i 12 m\u00e5neder. I dette omr\u00e5de kan du vise dine plakater sammen med alle andre der har plakater online i omr\u00e5det. Vi ser at folk gerne sidder og kigger p\u00e5 plakater i det omr\u00e5de. I PLAKAT <a class=\"moretag btn btn-primary\" href=\"https:\/\/niipit.dk\/niipit-b4b-shop\/produkt\/plakat-omraade-12-maaneder\/\">L\u00e6s mere<\/a><\/p>\n","protected":false},"featured_media":6970,"template":"","meta":{"_exactmetrics_skip_tracking":false,"_exactmetrics_sitenote_active":false,"_exactmetrics_sitenote_note":"","_exactmetrics_sitenote_category":0,"_monsterinsights_skip_tracking":false,"_monsterinsights_sitenote_active":false,"_monsterinsights_sitenote_note":"","_monsterinsights_sitenote_category":0},"product_brand":[],"product_cat":[2178],"product_tag":[],"shoptype":[],"class_list":{"0":"post-6934","1":"product","2":"type-product","3":"status-publish","4":"has-post-thumbnail","6":"product_cat-tilkoeb","8":"first","9":"instock","10":"shipping-taxable","11":"product-type-external"},"yoast_head":"<!-- This site is optimized with the Yoast SEO Premium plugin v16.3 (Yoast SEO v27.4) - https:\/\/yoast.com\/product\/yoast-seo-premium-wordpress\/ -->\n<title>Plakater - S\u00e6lger du plakater og vil du ses? S\u00e5 kig her<\/title>\n<meta name=\"description\" content=\"Plakat omr\u00e5det er for dig der s\u00e6lger plakater og gerne vil ses af flere kunder uden at du skal afregne % til alle andre for salg L\u00e6s mere om Niipit Plakater\" \/>\n<meta name=\"robots\" content=\"index, follow, max-snippet:-1, max-image-preview:large, max-video-preview:-1\" \/>\n<link rel=\"canonical\" href=\"https:\/\/niipit.dk\/niipit-b4b-shop\/produkt\/plakat-omraade-12-maaneder\/\" \/>\n<meta property=\"og:locale\" content=\"da_DK\" \/>\n<meta property=\"og:type\" content=\"article\" \/>\n<meta property=\"og:title\" content=\"Plakater - S\u00e6lger du plakater og vil du ses? S\u00e5 kig her\" \/>\n<meta property=\"og:description\" content=\"Plakat omr\u00e5det er for dig der s\u00e6lger plakater og gerne vil ses af flere kunder uden at du skal afregne % til alle andre for salg L\u00e6s mere om Niipit Plakater\" \/>\n<meta property=\"og:url\" content=\"https:\/\/niipit.dk\/niipit-b4b-shop\/produkt\/plakat-omraade-12-maaneder\/\" \/>\n<meta property=\"og:site_name\" content=\"Niipit B4B Shop\" \/>\n<meta property=\"article:modified_time\" content=\"2019-12-30T00:18:19+00:00\" \/>\n<meta property=\"og:image\" content=\"https:\/\/niipit.dk\/niipit-b4b-shop\/wp-content\/uploads\/sites\/316\/2019\/12\/Niipit-Tilbud-med-Prisgaranti.png\" \/>\n\t<meta property=\"og:image:width\" content=\"500\" \/>\n\t<meta property=\"og:image:height\" content=\"418\" \/>\n\t<meta property=\"og:image:type\" content=\"image\/png\" \/>\n<meta name=\"twitter:card\" content=\"summary_large_image\" \/>\n<script type=\"application\/ld+json\" class=\"yoast-schema-graph\">{\"@context\":\"https:\\\/\\\/schema.org\",\"@graph\":[{\"@type\":\"WebPage\",\"@id\":\"https:\\\/\\\/niipit.dk\\\/niipit-b4b-shop\\\/produkt\\\/plakat-omraade-12-maaneder\\\/\",\"url\":\"https:\\\/\\\/niipit.dk\\\/niipit-b4b-shop\\\/produkt\\\/plakat-omraade-12-maaneder\\\/\",\"name\":\"Plakater - S\u00e6lger du plakater og vil du ses? S\u00e5 kig her\",\"isPartOf\":{\"@id\":\"http:\\\/\\\/niipit.dk\\\/niipit-b4b-shop\\\/#website\"},\"primaryImageOfPage\":{\"@id\":\"https:\\\/\\\/niipit.dk\\\/niipit-b4b-shop\\\/produkt\\\/plakat-omraade-12-maaneder\\\/#primaryimage\"},\"image\":{\"@id\":\"https:\\\/\\\/niipit.dk\\\/niipit-b4b-shop\\\/produkt\\\/plakat-omraade-12-maaneder\\\/#primaryimage\"},\"thumbnailUrl\":\"https:\\\/\\\/niipit.dk\\\/niipit-b4b-shop\\\/wp-content\\\/uploads\\\/sites\\\/316\\\/2019\\\/12\\\/Niipit-Plakater.png\",\"datePublished\":\"2019-12-15T16:06:59+00:00\",\"dateModified\":\"2019-12-30T00:18:19+00:00\",\"description\":\"Plakat omr\u00e5det er for dig der s\u00e6lger plakater og gerne vil ses af flere kunder uden at du skal afregne % til alle andre for salg L\u00e6s mere om Niipit Plakater\",\"breadcrumb\":{\"@id\":\"https:\\\/\\\/niipit.dk\\\/niipit-b4b-shop\\\/produkt\\\/plakat-omraade-12-maaneder\\\/#breadcrumb\"},\"inLanguage\":\"da-DK\",\"potentialAction\":[{\"@type\":\"ReadAction\",\"target\":[\"https:\\\/\\\/niipit.dk\\\/niipit-b4b-shop\\\/produkt\\\/plakat-omraade-12-maaneder\\\/\"]}]},{\"@type\":\"ImageObject\",\"inLanguage\":\"da-DK\",\"@id\":\"https:\\\/\\\/niipit.dk\\\/niipit-b4b-shop\\\/produkt\\\/plakat-omraade-12-maaneder\\\/#primaryimage\",\"url\":\"https:\\\/\\\/niipit.dk\\\/niipit-b4b-shop\\\/wp-content\\\/uploads\\\/sites\\\/316\\\/2019\\\/12\\\/Niipit-Plakater.png\",\"contentUrl\":\"https:\\\/\\\/niipit.dk\\\/niipit-b4b-shop\\\/wp-content\\\/uploads\\\/sites\\\/316\\\/2019\\\/12\\\/Niipit-Plakater.png\",\"width\":450,\"height\":372,\"caption\":\"Niipit Plakater\"},{\"@type\":\"BreadcrumbList\",\"@id\":\"https:\\\/\\\/niipit.dk\\\/niipit-b4b-shop\\\/produkt\\\/plakat-omraade-12-maaneder\\\/#breadcrumb\",\"itemListElement\":[{\"@type\":\"ListItem\",\"position\":1,\"name\":\"Hjem\",\"item\":\"https:\\\/\\\/niipit.dk\\\/niipit-b4b-shop\\\/\"},{\"@type\":\"ListItem\",\"position\":2,\"name\":\"Shop\",\"item\":\"https:\\\/\\\/niipit.dk\\\/niipit-b4b-shop\\\/shop\\\/\"},{\"@type\":\"ListItem\",\"position\":3,\"name\":\"Plakat omr\u00e5de 12 m\u00e5neder\"}]},{\"@type\":\"WebSite\",\"@id\":\"http:\\\/\\\/niipit.dk\\\/niipit-b4b-shop\\\/#website\",\"url\":\"http:\\\/\\\/niipit.dk\\\/niipit-b4b-shop\\\/\",\"name\":\"Niipit B4B Shop\",\"description\":\"F\u00e5 din virksomhed p\u00e5 niipit\",\"potentialAction\":[{\"@type\":\"SearchAction\",\"target\":{\"@type\":\"EntryPoint\",\"urlTemplate\":\"http:\\\/\\\/niipit.dk\\\/niipit-b4b-shop\\\/?s={search_term_string}\"},\"query-input\":{\"@type\":\"PropertyValueSpecification\",\"valueRequired\":true,\"valueName\":\"search_term_string\"}}],\"inLanguage\":\"da-DK\"}]}<\/script>\n<!-- \/ Yoast SEO Premium plugin. -->","yoast_head_json":{"title":"Plakater - S\u00e6lger du plakater og vil du ses? S\u00e5 kig her","description":"Plakat omr\u00e5det er for dig der s\u00e6lger plakater og gerne vil ses af flere kunder uden at du skal afregne % til alle andre for salg L\u00e6s mere om Niipit Plakater","robots":{"index":"index","follow":"follow","max-snippet":"max-snippet:-1","max-image-preview":"max-image-preview:large","max-video-preview":"max-video-preview:-1"},"canonical":"https:\/\/niipit.dk\/niipit-b4b-shop\/produkt\/plakat-omraade-12-maaneder\/","og_locale":"da_DK","og_type":"article","og_title":"Plakater - S\u00e6lger du plakater og vil du ses? S\u00e5 kig her","og_description":"Plakat omr\u00e5det er for dig der s\u00e6lger plakater og gerne vil ses af flere kunder uden at du skal afregne % til alle andre for salg L\u00e6s mere om Niipit Plakater","og_url":"https:\/\/niipit.dk\/niipit-b4b-shop\/produkt\/plakat-omraade-12-maaneder\/","og_site_name":"Niipit B4B Shop","article_modified_time":"2019-12-30T00:18:19+00:00","og_image":[{"width":500,"height":418,"url":"https:\/\/niipit.dk\/niipit-b4b-shop\/wp-content\/uploads\/sites\/316\/2019\/12\/Niipit-Tilbud-med-Prisgaranti.png","type":"image\/png"}],"twitter_card":"summary_large_image","schema":{"@context":"https:\/\/schema.org","@graph":[{"@type":"WebPage","@id":"https:\/\/niipit.dk\/niipit-b4b-shop\/produkt\/plakat-omraade-12-maaneder\/","url":"https:\/\/niipit.dk\/niipit-b4b-shop\/produkt\/plakat-omraade-12-maaneder\/","name":"Plakater - S\u00e6lger du plakater og vil du ses? S\u00e5 kig her","isPartOf":{"@id":"http:\/\/niipit.dk\/niipit-b4b-shop\/#website"},"primaryImageOfPage":{"@id":"https:\/\/niipit.dk\/niipit-b4b-shop\/produkt\/plakat-omraade-12-maaneder\/#primaryimage"},"image":{"@id":"https:\/\/niipit.dk\/niipit-b4b-shop\/produkt\/plakat-omraade-12-maaneder\/#primaryimage"},"thumbnailUrl":"https:\/\/niipit.dk\/niipit-b4b-shop\/wp-content\/uploads\/sites\/316\/2019\/12\/Niipit-Plakater.png","datePublished":"2019-12-15T16:06:59+00:00","dateModified":"2019-12-30T00:18:19+00:00","description":"Plakat omr\u00e5det er for dig der s\u00e6lger plakater og gerne vil ses af flere kunder uden at du skal afregne % til alle andre for salg L\u00e6s mere om Niipit Plakater","breadcrumb":{"@id":"https:\/\/niipit.dk\/niipit-b4b-shop\/produkt\/plakat-omraade-12-maaneder\/#breadcrumb"},"inLanguage":"da-DK","potentialAction":[{"@type":"ReadAction","target":["https:\/\/niipit.dk\/niipit-b4b-shop\/produkt\/plakat-omraade-12-maaneder\/"]}]},{"@type":"ImageObject","inLanguage":"da-DK","@id":"https:\/\/niipit.dk\/niipit-b4b-shop\/produkt\/plakat-omraade-12-maaneder\/#primaryimage","url":"https:\/\/niipit.dk\/niipit-b4b-shop\/wp-content\/uploads\/sites\/316\/2019\/12\/Niipit-Plakater.png","contentUrl":"https:\/\/niipit.dk\/niipit-b4b-shop\/wp-content\/uploads\/sites\/316\/2019\/12\/Niipit-Plakater.png","width":450,"height":372,"caption":"Niipit Plakater"},{"@type":"BreadcrumbList","@id":"https:\/\/niipit.dk\/niipit-b4b-shop\/produkt\/plakat-omraade-12-maaneder\/#breadcrumb","itemListElement":[{"@type":"ListItem","position":1,"name":"Hjem","item":"https:\/\/niipit.dk\/niipit-b4b-shop\/"},{"@type":"ListItem","position":2,"name":"Shop","item":"https:\/\/niipit.dk\/niipit-b4b-shop\/shop\/"},{"@type":"ListItem","position":3,"name":"Plakat omr\u00e5de 12 m\u00e5neder"}]},{"@type":"WebSite","@id":"http:\/\/niipit.dk\/niipit-b4b-shop\/#website","url":"http:\/\/niipit.dk\/niipit-b4b-shop\/","name":"Niipit B4B Shop","description":"F\u00e5 din virksomhed p\u00e5 niipit","potentialAction":[{"@type":"SearchAction","target":{"@type":"EntryPoint","urlTemplate":"http:\/\/niipit.dk\/niipit-b4b-shop\/?s={search_term_string}"},"query-input":{"@type":"PropertyValueSpecification","valueRequired":true,"valueName":"search_term_string"}}],"inLanguage":"da-DK"}]}},"_links":{"self":[{"href":"https:\/\/niipit.dk\/niipit-b4b-shop\/wp-json\/wp\/v2\/product\/6934","targetHints":{"allow":["GET"]}}],"collection":[{"href":"https:\/\/niipit.dk\/niipit-b4b-shop\/wp-json\/wp\/v2\/product"}],"about":[{"href":"https:\/\/niipit.dk\/niipit-b4b-shop\/wp-json\/wp\/v2\/types\/product"}],"wp:featuredmedia":[{"embeddable":true,"href":"https:\/\/niipit.dk\/niipit-b4b-shop\/wp-json\/wp\/v2\/media\/6970"}],"wp:attachment":[{"href":"https:\/\/niipit.dk\/niipit-b4b-shop\/wp-json\/wp\/v2\/media?parent=6934"}],"wp:term":[{"taxonomy":"product_brand","embeddable":true,"href":"https:\/\/niipit.dk\/niipit-b4b-shop\/wp-json\/wp\/v2\/product_brand?post=6934"},{"taxonomy":"product_cat","embeddable":true,"href":"https:\/\/niipit.dk\/niipit-b4b-shop\/wp-json\/wp\/v2\/product_cat?post=6934"},{"taxonomy":"product_tag","embeddable":true,"href":"https:\/\/niipit.dk\/niipit-b4b-shop\/wp-json\/wp\/v2\/product_tag?post=6934"},{"taxonomy":"shoptype","embeddable":true,"href":"https:\/\/niipit.dk\/niipit-b4b-shop\/wp-json\/wp\/v2\/shoptype?post=6934"}],"curies":[{"name":"wp","href":"https:\/\/api.w.org\/{rel}","templated":true}]}}