{"id":5914,"date":"2019-08-19T17:27:04","date_gmt":"2019-08-19T15:27:04","guid":{"rendered":"https:\/\/niipit.dk\/massagebysussi\/?page_id=5914"},"modified":"2019-08-19T17:30:08","modified_gmt":"2019-08-19T15:30:08","slug":"nakke-skulder-2","status":"publish","type":"page","link":"https:\/\/niipit.dk\/massagebysussi\/nakke-skulder-2\/","title":{"rendered":"Afsp\u00e6ndingsmassage"},"content":{"rendered":"\n<p>Afsp\u00e6ndende helkrops massage.<\/p>\n\n\n\n<p>Her er der ikke kun focus p\u00e5 ryg, nakke og skuldre, men ogs\u00e5 arme, ben, f\u00f8dder, ansigt og h\u00e5rbund.<\/p>\n\n\n\n<p>Her f\u00e5r du en massage, der har hele kroppen i focus. En dejlig afslappende massage, som b\u00e5de kan anvendes til afsp\u00e6nding men ogs\u00e5 til velv\u00e6re.<\/p>\n\n\n\n<p>Har du sp\u00f8rgsm\u00e5l til massagen, er du velkommen til at kontakte mig og f\u00e5 en snak.  <\/p>\n","protected":false},"excerpt":{"rendered":"<p>Afsp\u00e6ndende helkrops massage. Her er der ikke kun focus p\u00e5 ryg, nakke og skuldre, men ogs\u00e5 arme, ben, f\u00f8dder, ansigt og h\u00e5rbund. Her f\u00e5r du en massage, der har hele kroppen i focus. En dejlig afslappende massage, som b\u00e5de kan anvendes til afsp\u00e6nding men ogs\u00e5 til velv\u00e6re. Har du sp\u00f8rgsm\u00e5l til massagen, er du velkommen <a class=\"moretag btn btn-primary\" href=\"https:\/\/niipit.dk\/massagebysussi\/nakke-skulder-2\/\">L\u00e6s mere<\/a><\/p>\n","protected":false},"author":842,"featured_media":5807,"parent":0,"menu_order":1,"comment_status":"closed","ping_status":"closed","template":"","meta":{"_exactmetrics_skip_tracking":false,"_exactmetrics_sitenote_active":false,"_exactmetrics_sitenote_note":"","_exactmetrics_sitenote_category":0,"_monsterinsights_skip_tracking":false,"_monsterinsights_sitenote_active":false,"_monsterinsights_sitenote_note":"","_monsterinsights_sitenote_category":0,"footnotes":""},"class_list":["post-5914","page","type-page","status-publish","has-post-thumbnail","hentry"],"yoast_head":"<!-- This site is optimized with the Yoast SEO Premium plugin v16.3 (Yoast SEO v27.3) - https:\/\/yoast.com\/product\/yoast-seo-premium-wordpress\/ -->\n<title>Afsp\u00e6ndingsmassage - Massage by Sussi<\/title>\n<meta name=\"robots\" content=\"index, follow, max-snippet:-1, max-image-preview:large, max-video-preview:-1\" \/>\n<link rel=\"canonical\" href=\"https:\/\/niipit.dk\/massagebysussi\/nakke-skulder-2\/\" \/>\n<meta property=\"og:locale\" content=\"da_DK\" \/>\n<meta property=\"og:type\" content=\"article\" \/>\n<meta property=\"og:title\" content=\"Afsp\u00e6ndingsmassage - Massage by Sussi\" \/>\n<meta property=\"og:description\" content=\"Afsp\u00e6ndende helkrops massage. Her er der ikke kun focus p\u00e5 ryg, nakke og skuldre, men ogs\u00e5 arme, ben, f\u00f8dder, ansigt og h\u00e5rbund. Her f\u00e5r du en massage, der har hele kroppen i focus. En dejlig afslappende massage, som b\u00e5de kan anvendes til afsp\u00e6nding men ogs\u00e5 til velv\u00e6re. Har du sp\u00f8rgsm\u00e5l til massagen, er du velkommen L\u00e6s mere\" \/>\n<meta property=\"og:url\" content=\"https:\/\/niipit.dk\/massagebysussi\/nakke-skulder-2\/\" \/>\n<meta property=\"og:site_name\" content=\"Massage by Sussi\" \/>\n<meta property=\"article:modified_time\" content=\"2019-08-19T15:30:08+00:00\" \/>\n<meta property=\"og:image\" content=\"https:\/\/niipit.dk\/massagebysussi\/wp-content\/uploads\/sites\/242\/2019\/07\/images.jpg\" \/>\n\t<meta property=\"og:image:width\" content=\"225\" \/>\n\t<meta property=\"og:image:height\" content=\"225\" \/>\n\t<meta property=\"og:image:type\" content=\"image\/jpeg\" \/>\n<meta name=\"twitter:card\" content=\"summary_large_image\" \/>\n<script type=\"application\/ld+json\" class=\"yoast-schema-graph\">{\"@context\":\"https:\\\/\\\/schema.org\",\"@graph\":[{\"@type\":\"WebPage\",\"@id\":\"https:\\\/\\\/niipit.dk\\\/massagebysussi\\\/nakke-skulder-2\\\/\",\"url\":\"https:\\\/\\\/niipit.dk\\\/massagebysussi\\\/nakke-skulder-2\\\/\",\"name\":\"Afsp\u00e6ndingsmassage - Massage by Sussi\",\"isPartOf\":{\"@id\":\"https:\\\/\\\/niipit.dk\\\/massagebysussi\\\/#website\"},\"primaryImageOfPage\":{\"@id\":\"https:\\\/\\\/niipit.dk\\\/massagebysussi\\\/nakke-skulder-2\\\/#primaryimage\"},\"image\":{\"@id\":\"https:\\\/\\\/niipit.dk\\\/massagebysussi\\\/nakke-skulder-2\\\/#primaryimage\"},\"thumbnailUrl\":\"https:\\\/\\\/niipit.dk\\\/massagebysussi\\\/wp-content\\\/uploads\\\/sites\\\/242\\\/2019\\\/07\\\/images.jpg\",\"datePublished\":\"2019-08-19T15:27:04+00:00\",\"dateModified\":\"2019-08-19T15:30:08+00:00\",\"breadcrumb\":{\"@id\":\"https:\\\/\\\/niipit.dk\\\/massagebysussi\\\/nakke-skulder-2\\\/#breadcrumb\"},\"inLanguage\":\"da-DK\",\"potentialAction\":[{\"@type\":\"ReadAction\",\"target\":[\"https:\\\/\\\/niipit.dk\\\/massagebysussi\\\/nakke-skulder-2\\\/\"]}]},{\"@type\":\"ImageObject\",\"inLanguage\":\"da-DK\",\"@id\":\"https:\\\/\\\/niipit.dk\\\/massagebysussi\\\/nakke-skulder-2\\\/#primaryimage\",\"url\":\"https:\\\/\\\/niipit.dk\\\/massagebysussi\\\/wp-content\\\/uploads\\\/sites\\\/242\\\/2019\\\/07\\\/images.jpg\",\"contentUrl\":\"https:\\\/\\\/niipit.dk\\\/massagebysussi\\\/wp-content\\\/uploads\\\/sites\\\/242\\\/2019\\\/07\\\/images.jpg\",\"width\":225,\"height\":225,\"caption\":\"Massage By Sussi\"},{\"@type\":\"BreadcrumbList\",\"@id\":\"https:\\\/\\\/niipit.dk\\\/massagebysussi\\\/nakke-skulder-2\\\/#breadcrumb\",\"itemListElement\":[{\"@type\":\"ListItem\",\"position\":1,\"name\":\"Hjem\",\"item\":\"https:\\\/\\\/niipit.dk\\\/massagebysussi\\\/\"},{\"@type\":\"ListItem\",\"position\":2,\"name\":\"Afsp\u00e6ndingsmassage\"}]},{\"@type\":\"WebSite\",\"@id\":\"https:\\\/\\\/niipit.dk\\\/massagebysussi\\\/#website\",\"url\":\"https:\\\/\\\/niipit.dk\\\/massagebysussi\\\/\",\"name\":\"Massage by Sussi\",\"description\":\"F\u00e5 din virksomhed p\u00e5 niipit\",\"potentialAction\":[{\"@type\":\"SearchAction\",\"target\":{\"@type\":\"EntryPoint\",\"urlTemplate\":\"https:\\\/\\\/niipit.dk\\\/massagebysussi\\\/?s={search_term_string}\"},\"query-input\":{\"@type\":\"PropertyValueSpecification\",\"valueRequired\":true,\"valueName\":\"search_term_string\"}}],\"inLanguage\":\"da-DK\"}]}<\/script>\n<!-- \/ Yoast SEO Premium plugin. -->","yoast_head_json":{"title":"Afsp\u00e6ndingsmassage - Massage by Sussi","robots":{"index":"index","follow":"follow","max-snippet":"max-snippet:-1","max-image-preview":"max-image-preview:large","max-video-preview":"max-video-preview:-1"},"canonical":"https:\/\/niipit.dk\/massagebysussi\/nakke-skulder-2\/","og_locale":"da_DK","og_type":"article","og_title":"Afsp\u00e6ndingsmassage - Massage by Sussi","og_description":"Afsp\u00e6ndende helkrops massage. Her er der ikke kun focus p\u00e5 ryg, nakke og skuldre, men ogs\u00e5 arme, ben, f\u00f8dder, ansigt og h\u00e5rbund. Her f\u00e5r du en massage, der har hele kroppen i focus. En dejlig afslappende massage, som b\u00e5de kan anvendes til afsp\u00e6nding men ogs\u00e5 til velv\u00e6re. Har du sp\u00f8rgsm\u00e5l til massagen, er du velkommen L\u00e6s mere","og_url":"https:\/\/niipit.dk\/massagebysussi\/nakke-skulder-2\/","og_site_name":"Massage by Sussi","article_modified_time":"2019-08-19T15:30:08+00:00","og_image":[{"width":225,"height":225,"url":"https:\/\/niipit.dk\/massagebysussi\/wp-content\/uploads\/sites\/242\/2019\/07\/images.jpg","type":"image\/jpeg"}],"twitter_card":"summary_large_image","schema":{"@context":"https:\/\/schema.org","@graph":[{"@type":"WebPage","@id":"https:\/\/niipit.dk\/massagebysussi\/nakke-skulder-2\/","url":"https:\/\/niipit.dk\/massagebysussi\/nakke-skulder-2\/","name":"Afsp\u00e6ndingsmassage - Massage by Sussi","isPartOf":{"@id":"https:\/\/niipit.dk\/massagebysussi\/#website"},"primaryImageOfPage":{"@id":"https:\/\/niipit.dk\/massagebysussi\/nakke-skulder-2\/#primaryimage"},"image":{"@id":"https:\/\/niipit.dk\/massagebysussi\/nakke-skulder-2\/#primaryimage"},"thumbnailUrl":"https:\/\/niipit.dk\/massagebysussi\/wp-content\/uploads\/sites\/242\/2019\/07\/images.jpg","datePublished":"2019-08-19T15:27:04+00:00","dateModified":"2019-08-19T15:30:08+00:00","breadcrumb":{"@id":"https:\/\/niipit.dk\/massagebysussi\/nakke-skulder-2\/#breadcrumb"},"inLanguage":"da-DK","potentialAction":[{"@type":"ReadAction","target":["https:\/\/niipit.dk\/massagebysussi\/nakke-skulder-2\/"]}]},{"@type":"ImageObject","inLanguage":"da-DK","@id":"https:\/\/niipit.dk\/massagebysussi\/nakke-skulder-2\/#primaryimage","url":"https:\/\/niipit.dk\/massagebysussi\/wp-content\/uploads\/sites\/242\/2019\/07\/images.jpg","contentUrl":"https:\/\/niipit.dk\/massagebysussi\/wp-content\/uploads\/sites\/242\/2019\/07\/images.jpg","width":225,"height":225,"caption":"Massage By Sussi"},{"@type":"BreadcrumbList","@id":"https:\/\/niipit.dk\/massagebysussi\/nakke-skulder-2\/#breadcrumb","itemListElement":[{"@type":"ListItem","position":1,"name":"Hjem","item":"https:\/\/niipit.dk\/massagebysussi\/"},{"@type":"ListItem","position":2,"name":"Afsp\u00e6ndingsmassage"}]},{"@type":"WebSite","@id":"https:\/\/niipit.dk\/massagebysussi\/#website","url":"https:\/\/niipit.dk\/massagebysussi\/","name":"Massage by Sussi","description":"F\u00e5 din virksomhed p\u00e5 niipit","potentialAction":[{"@type":"SearchAction","target":{"@type":"EntryPoint","urlTemplate":"https:\/\/niipit.dk\/massagebysussi\/?s={search_term_string}"},"query-input":{"@type":"PropertyValueSpecification","valueRequired":true,"valueName":"search_term_string"}}],"inLanguage":"da-DK"}]}},"_links":{"self":[{"href":"https:\/\/niipit.dk\/massagebysussi\/wp-json\/wp\/v2\/pages\/5914","targetHints":{"allow":["GET"]}}],"collection":[{"href":"https:\/\/niipit.dk\/massagebysussi\/wp-json\/wp\/v2\/pages"}],"about":[{"href":"https:\/\/niipit.dk\/massagebysussi\/wp-json\/wp\/v2\/types\/page"}],"author":[{"embeddable":true,"href":"https:\/\/niipit.dk\/massagebysussi\/wp-json\/wp\/v2\/users\/842"}],"replies":[{"embeddable":true,"href":"https:\/\/niipit.dk\/massagebysussi\/wp-json\/wp\/v2\/comments?post=5914"}],"version-history":[{"count":0,"href":"https:\/\/niipit.dk\/massagebysussi\/wp-json\/wp\/v2\/pages\/5914\/revisions"}],"wp:featuredmedia":[{"embeddable":true,"href":"https:\/\/niipit.dk\/massagebysussi\/wp-json\/wp\/v2\/media\/5807"}],"wp:attachment":[{"href":"https:\/\/niipit.dk\/massagebysussi\/wp-json\/wp\/v2\/media?parent=5914"}],"curies":[{"name":"wp","href":"https:\/\/api.w.org\/{rel}","templated":true}]}}