{"id":5812,"date":"2019-07-29T18:56:21","date_gmt":"2019-07-29T16:56:21","guid":{"rendered":"https:\/\/niipit.dk\/massagebysussi\/?page_id=5812"},"modified":"2020-07-04T14:17:35","modified_gmt":"2020-07-04T12:17:35","slug":"hotstone-massage","status":"publish","type":"page","link":"https:\/\/niipit.dk\/massagebysussi\/hotstone-massage\/","title":{"rendered":"Hotstone massage"},"content":{"rendered":"\n<h1 class=\"wp-block-heading\">Hotstone massage by Susi<\/h1>\n\n\n\n<h2 class=\"wp-block-heading\">Hot stone massage er en \u00e6ldgammel massage form som stammer fra Indianerne.<\/h2>\n\n\n\n<p>Man anvender opvarmede lavasten til massagen. Lavasten har den egenskab, at de holder bedre p\u00e5 varmen som andre sten. <\/p>\n\n\n\n<p>Man bruger de varme sten til at massere blidt og afstressende p\u00e5 kroppen. Varmen fra stenene, breder sig langsomt til hele kroppen, tr\u00e6nger ind i sp\u00e6ndte muskler og er sammen med massagen med til at l\u00f8sne op og slappe af i krop og sind.<\/p>\n\n\n\n<p>Man kalder ogs\u00e5 hot stone massage energi therapy, der har en fantastisk virkning p\u00e5 kroppens b\u00e5de fysisk og psygisk.<\/p>\n\n\n\n<p>Lavasten opvarmes og l\u00e6gges forskellige steder p\u00e5 kroppen, hvor varmen fra stenene tr\u00e6nger i dybden og l\u00f8sner sp\u00e6ndinger. Ryggen sm\u00f8res ind i olie og masseres med de ca. 50 grader varme lavasten. De dybe massagestr\u00f8g kombineret med de varme sten, giver en vidunderlig, afslappende og helende massage, der hj\u00e6lper p\u00e5 b\u00e5de \u00f8mme og stive muskler og er balsam for en sj\u00e6len.<\/p>\n\n\n\n<p>\n\nHar du sp\u00f8rgsm\u00e5l til massagen, er du velkommen til at kontakte mig og f\u00e5 en snak. \n\n<\/p>\n","protected":false},"excerpt":{"rendered":"<p>Hotstone massage by Susi Hot stone massage er en \u00e6ldgammel massage form som stammer fra Indianerne. Man anvender opvarmede lavasten til massagen. Lavasten har den egenskab, at de holder bedre p\u00e5 varmen som andre sten. Man bruger de varme sten til at massere blidt og afstressende p\u00e5 kroppen. Varmen fra stenene, breder sig langsomt til <a class=\"moretag btn btn-primary\" href=\"https:\/\/niipit.dk\/massagebysussi\/hotstone-massage\/\">L\u00e6s mere<\/a><\/p>\n","protected":false},"author":842,"featured_media":0,"parent":0,"menu_order":0,"comment_status":"closed","ping_status":"closed","template":"","meta":{"_exactmetrics_skip_tracking":false,"_exactmetrics_sitenote_active":false,"_exactmetrics_sitenote_note":"","_exactmetrics_sitenote_category":0,"_monsterinsights_skip_tracking":false,"_monsterinsights_sitenote_active":false,"_monsterinsights_sitenote_note":"","_monsterinsights_sitenote_category":0,"footnotes":""},"class_list":["post-5812","page","type-page","status-publish","hentry"],"yoast_head":"<!-- This site is optimized with the Yoast SEO Premium plugin v16.3 (Yoast SEO v27.3) - https:\/\/yoast.com\/product\/yoast-seo-premium-wordpress\/ -->\n<title>Hotstone massage - Massage by Sussi<\/title>\n<meta name=\"robots\" content=\"index, follow, max-snippet:-1, max-image-preview:large, max-video-preview:-1\" \/>\n<link rel=\"canonical\" href=\"https:\/\/niipit.dk\/massagebysussi\/hotstone-massage\/\" \/>\n<meta property=\"og:locale\" content=\"da_DK\" \/>\n<meta property=\"og:type\" content=\"article\" \/>\n<meta property=\"og:title\" content=\"Hotstone massage - Massage by Sussi\" \/>\n<meta property=\"og:description\" content=\"Hotstone massage by Susi Hot stone massage er en \u00e6ldgammel massage form som stammer fra Indianerne. Man anvender opvarmede lavasten til massagen. Lavasten har den egenskab, at de holder bedre p\u00e5 varmen som andre sten. Man bruger de varme sten til at massere blidt og afstressende p\u00e5 kroppen. Varmen fra stenene, breder sig langsomt til L\u00e6s mere\" \/>\n<meta property=\"og:url\" content=\"https:\/\/niipit.dk\/massagebysussi\/hotstone-massage\/\" \/>\n<meta property=\"og:site_name\" content=\"Massage by Sussi\" \/>\n<meta property=\"article:modified_time\" content=\"2020-07-04T12:17:35+00:00\" \/>\n<meta name=\"twitter:card\" content=\"summary_large_image\" \/>\n<meta name=\"twitter:label1\" content=\"Estimeret l\u00e6setid\" \/>\n\t<meta name=\"twitter:data1\" content=\"1 minut\" \/>\n<script type=\"application\/ld+json\" class=\"yoast-schema-graph\">{\"@context\":\"https:\\\/\\\/schema.org\",\"@graph\":[{\"@type\":\"WebPage\",\"@id\":\"https:\\\/\\\/niipit.dk\\\/massagebysussi\\\/hotstone-massage\\\/\",\"url\":\"https:\\\/\\\/niipit.dk\\\/massagebysussi\\\/hotstone-massage\\\/\",\"name\":\"Hotstone massage - Massage by Sussi\",\"isPartOf\":{\"@id\":\"https:\\\/\\\/niipit.dk\\\/massagebysussi\\\/#website\"},\"datePublished\":\"2019-07-29T16:56:21+00:00\",\"dateModified\":\"2020-07-04T12:17:35+00:00\",\"breadcrumb\":{\"@id\":\"https:\\\/\\\/niipit.dk\\\/massagebysussi\\\/hotstone-massage\\\/#breadcrumb\"},\"inLanguage\":\"da-DK\",\"potentialAction\":[{\"@type\":\"ReadAction\",\"target\":[\"https:\\\/\\\/niipit.dk\\\/massagebysussi\\\/hotstone-massage\\\/\"]}]},{\"@type\":\"BreadcrumbList\",\"@id\":\"https:\\\/\\\/niipit.dk\\\/massagebysussi\\\/hotstone-massage\\\/#breadcrumb\",\"itemListElement\":[{\"@type\":\"ListItem\",\"position\":1,\"name\":\"Hjem\",\"item\":\"https:\\\/\\\/niipit.dk\\\/massagebysussi\\\/\"},{\"@type\":\"ListItem\",\"position\":2,\"name\":\"Hotstone massage\"}]},{\"@type\":\"WebSite\",\"@id\":\"https:\\\/\\\/niipit.dk\\\/massagebysussi\\\/#website\",\"url\":\"https:\\\/\\\/niipit.dk\\\/massagebysussi\\\/\",\"name\":\"Massage by Sussi\",\"description\":\"F\u00e5 din virksomhed p\u00e5 niipit\",\"potentialAction\":[{\"@type\":\"SearchAction\",\"target\":{\"@type\":\"EntryPoint\",\"urlTemplate\":\"https:\\\/\\\/niipit.dk\\\/massagebysussi\\\/?s={search_term_string}\"},\"query-input\":{\"@type\":\"PropertyValueSpecification\",\"valueRequired\":true,\"valueName\":\"search_term_string\"}}],\"inLanguage\":\"da-DK\"}]}<\/script>\n<!-- \/ Yoast SEO Premium plugin. -->","yoast_head_json":{"title":"Hotstone massage - Massage by Sussi","robots":{"index":"index","follow":"follow","max-snippet":"max-snippet:-1","max-image-preview":"max-image-preview:large","max-video-preview":"max-video-preview:-1"},"canonical":"https:\/\/niipit.dk\/massagebysussi\/hotstone-massage\/","og_locale":"da_DK","og_type":"article","og_title":"Hotstone massage - Massage by Sussi","og_description":"Hotstone massage by Susi Hot stone massage er en \u00e6ldgammel massage form som stammer fra Indianerne. Man anvender opvarmede lavasten til massagen. Lavasten har den egenskab, at de holder bedre p\u00e5 varmen som andre sten. Man bruger de varme sten til at massere blidt og afstressende p\u00e5 kroppen. Varmen fra stenene, breder sig langsomt til L\u00e6s mere","og_url":"https:\/\/niipit.dk\/massagebysussi\/hotstone-massage\/","og_site_name":"Massage by Sussi","article_modified_time":"2020-07-04T12:17:35+00:00","twitter_card":"summary_large_image","twitter_misc":{"Estimeret l\u00e6setid":"1 minut"},"schema":{"@context":"https:\/\/schema.org","@graph":[{"@type":"WebPage","@id":"https:\/\/niipit.dk\/massagebysussi\/hotstone-massage\/","url":"https:\/\/niipit.dk\/massagebysussi\/hotstone-massage\/","name":"Hotstone massage - Massage by Sussi","isPartOf":{"@id":"https:\/\/niipit.dk\/massagebysussi\/#website"},"datePublished":"2019-07-29T16:56:21+00:00","dateModified":"2020-07-04T12:17:35+00:00","breadcrumb":{"@id":"https:\/\/niipit.dk\/massagebysussi\/hotstone-massage\/#breadcrumb"},"inLanguage":"da-DK","potentialAction":[{"@type":"ReadAction","target":["https:\/\/niipit.dk\/massagebysussi\/hotstone-massage\/"]}]},{"@type":"BreadcrumbList","@id":"https:\/\/niipit.dk\/massagebysussi\/hotstone-massage\/#breadcrumb","itemListElement":[{"@type":"ListItem","position":1,"name":"Hjem","item":"https:\/\/niipit.dk\/massagebysussi\/"},{"@type":"ListItem","position":2,"name":"Hotstone massage"}]},{"@type":"WebSite","@id":"https:\/\/niipit.dk\/massagebysussi\/#website","url":"https:\/\/niipit.dk\/massagebysussi\/","name":"Massage by Sussi","description":"F\u00e5 din virksomhed p\u00e5 niipit","potentialAction":[{"@type":"SearchAction","target":{"@type":"EntryPoint","urlTemplate":"https:\/\/niipit.dk\/massagebysussi\/?s={search_term_string}"},"query-input":{"@type":"PropertyValueSpecification","valueRequired":true,"valueName":"search_term_string"}}],"inLanguage":"da-DK"}]}},"_links":{"self":[{"href":"https:\/\/niipit.dk\/massagebysussi\/wp-json\/wp\/v2\/pages\/5812","targetHints":{"allow":["GET"]}}],"collection":[{"href":"https:\/\/niipit.dk\/massagebysussi\/wp-json\/wp\/v2\/pages"}],"about":[{"href":"https:\/\/niipit.dk\/massagebysussi\/wp-json\/wp\/v2\/types\/page"}],"author":[{"embeddable":true,"href":"https:\/\/niipit.dk\/massagebysussi\/wp-json\/wp\/v2\/users\/842"}],"replies":[{"embeddable":true,"href":"https:\/\/niipit.dk\/massagebysussi\/wp-json\/wp\/v2\/comments?post=5812"}],"version-history":[{"count":0,"href":"https:\/\/niipit.dk\/massagebysussi\/wp-json\/wp\/v2\/pages\/5812\/revisions"}],"wp:attachment":[{"href":"https:\/\/niipit.dk\/massagebysussi\/wp-json\/wp\/v2\/media?parent=5812"}],"curies":[{"name":"wp","href":"https:\/\/api.w.org\/{rel}","templated":true}]}}