{"id":5133,"date":"2018-08-15T22:08:09","date_gmt":"2018-08-15T20:08:09","guid":{"rendered":"https:\/\/niipit.dk\/nv2-QogM\/?page_id=5133"},"modified":"2020-07-04T14:21:23","modified_gmt":"2020-07-04T12:21:23","slug":"kontakt","status":"publish","type":"page","link":"https:\/\/niipit.dk\/massagebysussi\/kontakt\/","title":{"rendered":"Kontakt"},"content":{"rendered":"<div class=\"row justify-content-md-center\">\n<div class=\"col-xs-12 col-sm-12 col-md-6 col-lg-4\">\n<h1><strong>Massage By Sussi<\/strong><\/h1>\n<p>Navn: Sussi Schur<br \/>\nPost nr By: 6400 S\u00f8nderborg<br \/>\nDanmark<br \/>\nE: Sussi@healingangel.dk<br \/>\nP: +45 60 17 09 59 ( sms gerne )<\/p>\n<h3>Ingen faste \u00e5bningstider.<\/h3>\n<p>Der er mulighed for b\u00e5de dag og aften tider<\/p>\n<p>For tidsbestilling, ring, gerne\u00a0 mellem 10.00 -14.00 eller send sms\/mail<\/p>\n<\/div>\n<\/div>\n","protected":false},"excerpt":{"rendered":"<p>Massage By Sussi Navn: Sussi Schur Post nr By: 6400 S\u00f8nderborg Danmark E: Sussi@healingangel.dk P: +45 60 17 09 59 ( sms gerne ) Ingen faste \u00e5bningstider. Der er mulighed for b\u00e5de dag og aften tider For tidsbestilling, ring, gerne\u00a0 mellem 10.00 -14.00 eller send sms\/mail<\/p>\n","protected":false},"author":842,"featured_media":0,"parent":0,"menu_order":0,"comment_status":"closed","ping_status":"closed","template":"","meta":{"_exactmetrics_skip_tracking":false,"_exactmetrics_sitenote_active":false,"_exactmetrics_sitenote_note":"","_exactmetrics_sitenote_category":0,"_monsterinsights_skip_tracking":false,"_monsterinsights_sitenote_active":false,"_monsterinsights_sitenote_note":"","_monsterinsights_sitenote_category":0,"footnotes":""},"class_list":["post-5133","page","type-page","status-publish","hentry"],"yoast_head":"<!-- This site is optimized with the Yoast SEO Premium plugin v16.3 (Yoast SEO v27.3) - https:\/\/yoast.com\/product\/yoast-seo-premium-wordpress\/ -->\n<title>Kontakt - Massage by Sussi<\/title>\n<meta name=\"robots\" content=\"index, follow, max-snippet:-1, max-image-preview:large, max-video-preview:-1\" \/>\n<link rel=\"canonical\" href=\"http:\/\/niipit.dk\/massagebysussi\/kontakt\/\" \/>\n<meta property=\"og:locale\" content=\"da_DK\" \/>\n<meta property=\"og:type\" content=\"article\" \/>\n<meta property=\"og:title\" content=\"Kontakt - Massage by Sussi\" \/>\n<meta property=\"og:description\" content=\"Massage By Sussi Navn: Sussi Schur Post nr By: 6400 S\u00f8nderborg Danmark E: Sussi@healingangel.dk P: +45 60 17 09 59 ( sms gerne ) Ingen faste \u00e5bningstider. Der er mulighed for b\u00e5de dag og aften tider For tidsbestilling, ring, gerne\u00a0 mellem 10.00 -14.00 eller send sms\/mail\" \/>\n<meta property=\"og:url\" content=\"http:\/\/niipit.dk\/massagebysussi\/kontakt\/\" \/>\n<meta property=\"og:site_name\" content=\"Massage by Sussi\" \/>\n<meta property=\"article:modified_time\" content=\"2020-07-04T12:21:23+00:00\" \/>\n<meta name=\"twitter:card\" content=\"summary_large_image\" \/>\n<script type=\"application\/ld+json\" class=\"yoast-schema-graph\">{\"@context\":\"https:\\\/\\\/schema.org\",\"@graph\":[{\"@type\":\"WebPage\",\"@id\":\"http:\\\/\\\/niipit.dk\\\/massagebysussi\\\/kontakt\\\/\",\"url\":\"http:\\\/\\\/niipit.dk\\\/massagebysussi\\\/kontakt\\\/\",\"name\":\"Kontakt - Massage by Sussi\",\"isPartOf\":{\"@id\":\"https:\\\/\\\/niipit.dk\\\/massagebysussi\\\/#website\"},\"datePublished\":\"2018-08-15T20:08:09+00:00\",\"dateModified\":\"2020-07-04T12:21:23+00:00\",\"breadcrumb\":{\"@id\":\"http:\\\/\\\/niipit.dk\\\/massagebysussi\\\/kontakt\\\/#breadcrumb\"},\"inLanguage\":\"da-DK\",\"potentialAction\":[{\"@type\":\"ReadAction\",\"target\":[\"http:\\\/\\\/niipit.dk\\\/massagebysussi\\\/kontakt\\\/\"]}]},{\"@type\":\"BreadcrumbList\",\"@id\":\"http:\\\/\\\/niipit.dk\\\/massagebysussi\\\/kontakt\\\/#breadcrumb\",\"itemListElement\":[{\"@type\":\"ListItem\",\"position\":1,\"name\":\"Hjem\",\"item\":\"https:\\\/\\\/niipit.dk\\\/massagebysussi\\\/\"},{\"@type\":\"ListItem\",\"position\":2,\"name\":\"Kontakt\"}]},{\"@type\":\"WebSite\",\"@id\":\"https:\\\/\\\/niipit.dk\\\/massagebysussi\\\/#website\",\"url\":\"https:\\\/\\\/niipit.dk\\\/massagebysussi\\\/\",\"name\":\"Massage by Sussi\",\"description\":\"F\u00e5 din virksomhed p\u00e5 niipit\",\"potentialAction\":[{\"@type\":\"SearchAction\",\"target\":{\"@type\":\"EntryPoint\",\"urlTemplate\":\"https:\\\/\\\/niipit.dk\\\/massagebysussi\\\/?s={search_term_string}\"},\"query-input\":{\"@type\":\"PropertyValueSpecification\",\"valueRequired\":true,\"valueName\":\"search_term_string\"}}],\"inLanguage\":\"da-DK\"}]}<\/script>\n<!-- \/ Yoast SEO Premium plugin. -->","yoast_head_json":{"title":"Kontakt - Massage by Sussi","robots":{"index":"index","follow":"follow","max-snippet":"max-snippet:-1","max-image-preview":"max-image-preview:large","max-video-preview":"max-video-preview:-1"},"canonical":"http:\/\/niipit.dk\/massagebysussi\/kontakt\/","og_locale":"da_DK","og_type":"article","og_title":"Kontakt - Massage by Sussi","og_description":"Massage By Sussi Navn: Sussi Schur Post nr By: 6400 S\u00f8nderborg Danmark E: Sussi@healingangel.dk P: +45 60 17 09 59 ( sms gerne ) Ingen faste \u00e5bningstider. Der er mulighed for b\u00e5de dag og aften tider For tidsbestilling, ring, gerne\u00a0 mellem 10.00 -14.00 eller send sms\/mail","og_url":"http:\/\/niipit.dk\/massagebysussi\/kontakt\/","og_site_name":"Massage by Sussi","article_modified_time":"2020-07-04T12:21:23+00:00","twitter_card":"summary_large_image","schema":{"@context":"https:\/\/schema.org","@graph":[{"@type":"WebPage","@id":"http:\/\/niipit.dk\/massagebysussi\/kontakt\/","url":"http:\/\/niipit.dk\/massagebysussi\/kontakt\/","name":"Kontakt - Massage by Sussi","isPartOf":{"@id":"https:\/\/niipit.dk\/massagebysussi\/#website"},"datePublished":"2018-08-15T20:08:09+00:00","dateModified":"2020-07-04T12:21:23+00:00","breadcrumb":{"@id":"http:\/\/niipit.dk\/massagebysussi\/kontakt\/#breadcrumb"},"inLanguage":"da-DK","potentialAction":[{"@type":"ReadAction","target":["http:\/\/niipit.dk\/massagebysussi\/kontakt\/"]}]},{"@type":"BreadcrumbList","@id":"http:\/\/niipit.dk\/massagebysussi\/kontakt\/#breadcrumb","itemListElement":[{"@type":"ListItem","position":1,"name":"Hjem","item":"https:\/\/niipit.dk\/massagebysussi\/"},{"@type":"ListItem","position":2,"name":"Kontakt"}]},{"@type":"WebSite","@id":"https:\/\/niipit.dk\/massagebysussi\/#website","url":"https:\/\/niipit.dk\/massagebysussi\/","name":"Massage by Sussi","description":"F\u00e5 din virksomhed p\u00e5 niipit","potentialAction":[{"@type":"SearchAction","target":{"@type":"EntryPoint","urlTemplate":"https:\/\/niipit.dk\/massagebysussi\/?s={search_term_string}"},"query-input":{"@type":"PropertyValueSpecification","valueRequired":true,"valueName":"search_term_string"}}],"inLanguage":"da-DK"}]}},"_links":{"self":[{"href":"https:\/\/niipit.dk\/massagebysussi\/wp-json\/wp\/v2\/pages\/5133","targetHints":{"allow":["GET"]}}],"collection":[{"href":"https:\/\/niipit.dk\/massagebysussi\/wp-json\/wp\/v2\/pages"}],"about":[{"href":"https:\/\/niipit.dk\/massagebysussi\/wp-json\/wp\/v2\/types\/page"}],"author":[{"embeddable":true,"href":"https:\/\/niipit.dk\/massagebysussi\/wp-json\/wp\/v2\/users\/842"}],"replies":[{"embeddable":true,"href":"https:\/\/niipit.dk\/massagebysussi\/wp-json\/wp\/v2\/comments?post=5133"}],"version-history":[{"count":0,"href":"https:\/\/niipit.dk\/massagebysussi\/wp-json\/wp\/v2\/pages\/5133\/revisions"}],"wp:attachment":[{"href":"https:\/\/niipit.dk\/massagebysussi\/wp-json\/wp\/v2\/media?parent=5133"}],"curies":[{"name":"wp","href":"https:\/\/api.w.org\/{rel}","templated":true}]}}