{"id":6855,"date":"2021-09-09T15:54:25","date_gmt":"2021-09-09T13:54:25","guid":{"rendered":"https:\/\/niipit.dk\/maja-graae\/?post_type=product&#038;p=6855"},"modified":"2021-09-26T10:32:44","modified_gmt":"2021-09-26T08:32:44","slug":"traening-og-kost","status":"publish","type":"product","link":"https:\/\/niipit.dk\/maja-graae\/produkt\/traening-og-kost\/","title":{"rendered":"Tr\u00e6ning og kost"},"content":{"rendered":"<figure id=\"attachment_6720\" aria-describedby=\"caption-attachment-6720\" style=\"width: 300px\" class=\"wp-caption alignnone\"><img loading=\"lazy\" decoding=\"async\" class=\"size-medium wp-image-6720\" src=\"https:\/\/niipit.dk\/maja-graae\/wp-content\/uploads\/sites\/356\/2020\/05\/p\u00e5-vej-i-m\u00e5l-300x300.jpg\" alt=\"hvad er dit m\u00e5l? opn\u00e5 det\" width=\"300\" height=\"300\" srcset=\"https:\/\/niipit.dk\/maja-graae\/wp-content\/uploads\/sites\/356\/2020\/05\/p\u00e5-vej-i-m\u00e5l-300x300.jpg 300w, https:\/\/niipit.dk\/maja-graae\/wp-content\/uploads\/sites\/356\/2020\/05\/p\u00e5-vej-i-m\u00e5l-150x150.jpg 150w, https:\/\/niipit.dk\/maja-graae\/wp-content\/uploads\/sites\/356\/2020\/05\/p\u00e5-vej-i-m\u00e5l-600x601.jpg 600w, https:\/\/niipit.dk\/maja-graae\/wp-content\/uploads\/sites\/356\/2020\/05\/p\u00e5-vej-i-m\u00e5l-100x100.jpg 100w, https:\/\/niipit.dk\/maja-graae\/wp-content\/uploads\/sites\/356\/2020\/05\/p\u00e5-vej-i-m\u00e5l.jpg 639w\" sizes=\"auto, (max-width: 300px) 100vw, 300px\" \/><figcaption id=\"caption-attachment-6720\" class=\"wp-caption-text\"><span style=\"vertical-align: inherit\"><span style=\"vertical-align: inherit\">hvad dr\u00f8mmer du om, at opn\u00e5 i din tr\u00e6ning<\/span><\/span><\/figcaption><\/figure>\n<p><span style=\"vertical-align: inherit\"><span style=\"vertical-align: inherit\">om du vil gennemf\u00f8rer en ironman, eller 5km. <\/span><span style=\"vertical-align: inherit\">s\u00e5 er dette pakken til dig. <\/span><span style=\"vertical-align: inherit\">vejledning og planer, lavet til dit liv. <\/span><span style=\"vertical-align: inherit\">s\u00e5 det bliver, s\u00e5 nemt s\u00e5 muligt, og overskueligt. <\/span><span style=\"vertical-align: inherit\">der med ikke sagt, at det bliver en dans p\u00e5 roser \ud83d\ude09 men det bliver fedt.<\/span><\/span><\/p>\n","protected":false},"excerpt":{"rendered":"<p>om du vil gennemf\u00f8rer en ironman, eller 5km. s\u00e5 er dette pakken til dig. vejledning og planer, lavet til dit liv. s\u00e5 det bliver, s\u00e5 nemt s\u00e5 muligt, og overskueligt. der med ikke sagt, at det bliver en dans p\u00e5 roser \ud83d\ude09 men det bliver fedt.<\/p>\n","protected":false},"featured_media":5984,"template":"","meta":{"_exactmetrics_skip_tracking":false,"_exactmetrics_sitenote_active":false,"_exactmetrics_sitenote_note":"","_exactmetrics_sitenote_category":0,"_monsterinsights_skip_tracking":false,"_monsterinsights_sitenote_active":false,"_monsterinsights_sitenote_note":"","_monsterinsights_sitenote_category":0},"product_brand":[],"product_cat":[2164],"product_tag":[],"shoptype":[],"class_list":{"0":"post-6855","1":"product","2":"type-product","3":"status-publish","4":"has-post-thumbnail","6":"product_cat-alle-vare","8":"first","9":"instock","10":"virtual","11":"purchasable","12":"product-type-subscription"},"_links":{"self":[{"href":"https:\/\/niipit.dk\/maja-graae\/wp-json\/wp\/v2\/product\/6855","targetHints":{"allow":["GET"]}}],"collection":[{"href":"https:\/\/niipit.dk\/maja-graae\/wp-json\/wp\/v2\/product"}],"about":[{"href":"https:\/\/niipit.dk\/maja-graae\/wp-json\/wp\/v2\/types\/product"}],"wp:featuredmedia":[{"embeddable":true,"href":"https:\/\/niipit.dk\/maja-graae\/wp-json\/wp\/v2\/media\/5984"}],"wp:attachment":[{"href":"https:\/\/niipit.dk\/maja-graae\/wp-json\/wp\/v2\/media?parent=6855"}],"wp:term":[{"taxonomy":"product_brand","embeddable":true,"href":"https:\/\/niipit.dk\/maja-graae\/wp-json\/wp\/v2\/product_brand?post=6855"},{"taxonomy":"product_cat","embeddable":true,"href":"https:\/\/niipit.dk\/maja-graae\/wp-json\/wp\/v2\/product_cat?post=6855"},{"taxonomy":"product_tag","embeddable":true,"href":"https:\/\/niipit.dk\/maja-graae\/wp-json\/wp\/v2\/product_tag?post=6855"},{"taxonomy":"shoptype","embeddable":true,"href":"https:\/\/niipit.dk\/maja-graae\/wp-json\/wp\/v2\/shoptype?post=6855"}],"curies":[{"name":"wp","href":"https:\/\/api.w.org\/{rel}","templated":true}]}}