{"id":5105,"date":"2018-08-15T22:02:47","date_gmt":"2018-08-15T20:02:47","guid":{"rendered":"https:\/\/niipit.dk\/nv2-QogM\/?page_id=5105"},"modified":"2020-07-04T23:31:53","modified_gmt":"2020-07-04T21:31:53","slug":"om","status":"publish","type":"page","link":"https:\/\/niipit.dk\/maja-graae\/om\/","title":{"rendered":"Om"},"content":{"rendered":"<div class=\"thrv_wrapper thrv_heading\" data-tag=\"h1\" data-css=\"tve-u-163a601a1f4\">\n<h1 style=\"text-align: center;\" data-css=\"tve-u-163a60192ea\">Hos MG Tr\u00e6ning bliver du set og h\u00f8rt<\/h1>\n<h3 style=\"text-align: center;\">Skr\u00e6dder syet livstil til dig. som passer til dit m\u00e5l og dr\u00f8mme.<\/h3>\n<p style=\"text-align: center;\">Onlineforl\u00f8b eller Personlig tr\u00e6ning b\u00e5de mentalt og fysisk.<\/p>\n<p style=\"text-align: center;\">Vil du bare leve sundere. vil du gerne Tabe dig, lige meget hvor mange kg kan du opn\u00e5 det. Have st\u00f8rre muskelmasse. have en dr\u00f8m om 5km eller marathon eller triathlon<\/p>\n<p style=\"text-align: center;\">s\u00e5 er du velkommen til at tage kontakt<\/p>\n<\/div>\n<div class=\"thrv_wrapper thrv_text_element tve_empty_dropzone\" data-css=\"tve-u-163a60acbcb\">\n<div class=\"thrv_wrapper thrv_text_element tve_empty_dropzone\" data-css=\"tve-u-163a3bcdd15\">\n<p data-css=\"tve-u-163a3bcdd13\">\n<\/div>\n<\/div>\n","protected":false},"excerpt":{"rendered":"<p>Hos MG Tr\u00e6ning bliver du set og h\u00f8rt Skr\u00e6dder syet livstil til dig. som passer til dit m\u00e5l og dr\u00f8mme. Onlineforl\u00f8b eller Personlig tr\u00e6ning b\u00e5de mentalt og fysisk. Vil du bare leve sundere. vil du gerne Tabe dig, lige meget hvor mange kg kan du opn\u00e5 det. Have st\u00f8rre muskelmasse. have en dr\u00f8m om 5km <a class=\"moretag btn btn-primary\" href=\"https:\/\/niipit.dk\/maja-graae\/om\/\">L\u00e6s mere<\/a><\/p>\n","protected":false},"author":1072,"featured_media":0,"parent":0,"menu_order":0,"comment_status":"closed","ping_status":"closed","template":"","meta":{"_exactmetrics_skip_tracking":false,"_exactmetrics_sitenote_active":false,"_exactmetrics_sitenote_note":"","_exactmetrics_sitenote_category":0,"_monsterinsights_skip_tracking":false,"_monsterinsights_sitenote_active":false,"_monsterinsights_sitenote_note":"","_monsterinsights_sitenote_category":0,"footnotes":""},"class_list":["post-5105","page","type-page","status-publish","hentry"],"_links":{"self":[{"href":"https:\/\/niipit.dk\/maja-graae\/wp-json\/wp\/v2\/pages\/5105","targetHints":{"allow":["GET"]}}],"collection":[{"href":"https:\/\/niipit.dk\/maja-graae\/wp-json\/wp\/v2\/pages"}],"about":[{"href":"https:\/\/niipit.dk\/maja-graae\/wp-json\/wp\/v2\/types\/page"}],"author":[{"embeddable":true,"href":"https:\/\/niipit.dk\/maja-graae\/wp-json\/wp\/v2\/users\/1072"}],"replies":[{"embeddable":true,"href":"https:\/\/niipit.dk\/maja-graae\/wp-json\/wp\/v2\/comments?post=5105"}],"version-history":[{"count":0,"href":"https:\/\/niipit.dk\/maja-graae\/wp-json\/wp\/v2\/pages\/5105\/revisions"}],"wp:attachment":[{"href":"https:\/\/niipit.dk\/maja-graae\/wp-json\/wp\/v2\/media?parent=5105"}],"curies":[{"name":"wp","href":"https:\/\/api.w.org\/{rel}","templated":true}]}}