{"id":6159,"date":"2019-12-03T16:58:33","date_gmt":"2019-12-03T15:58:33","guid":{"rendered":"https:\/\/niipit.dk\/mackabler\/?page_id=6159"},"modified":"2020-03-27T11:41:42","modified_gmt":"2020-03-27T10:41:42","slug":"smart-home","status":"publish","type":"page","link":"https:\/\/niipit.dk\/mackabler\/smart-home\/","title":{"rendered":"Smart home"},"content":{"rendered":"\n<h1 class=\"has-text-align-center wp-block-heading\">SMART HOME UDSTYR<\/h1>\n","protected":false},"excerpt":{"rendered":"<p>SMART HOME UDSTYR<\/p>\n","protected":false},"author":1,"featured_media":0,"parent":0,"menu_order":0,"comment_status":"closed","ping_status":"closed","template":"rss-smarthome.php","meta":{"_exactmetrics_skip_tracking":false,"_exactmetrics_sitenote_active":false,"_exactmetrics_sitenote_note":"","_exactmetrics_sitenote_category":0,"_monsterinsights_skip_tracking":false,"_monsterinsights_sitenote_active":false,"_monsterinsights_sitenote_note":"","_monsterinsights_sitenote_category":0,"footnotes":""},"class_list":["post-6159","page","type-page","status-publish","hentry"],"yoast_head":"<!-- This site is optimized with the Yoast SEO Premium plugin v16.3 (Yoast SEO v27.5) - https:\/\/yoast.com\/product\/yoast-seo-premium-wordpress\/ -->\n<title>Smart home - udstyr til din SmartHome - Mackabler<\/title>\n<meta name=\"description\" content=\"Smart home - udstyr til SmartHome - Bes\u00f8g Mackabler n\u00e5r du mangler udstyr og ikke vil betale en formue for dit udstyr. Her er priser alle kan forst\u00e5\" \/>\n<meta name=\"robots\" content=\"index, nofollow, max-snippet:-1, max-image-preview:large, max-video-preview:-1\" \/>\n<link rel=\"canonical\" href=\"https:\/\/niipit.dk\/mackabler\/smart-home\/\" \/>\n<meta property=\"og:locale\" content=\"da_DK\" \/>\n<meta property=\"og:type\" content=\"article\" \/>\n<meta property=\"og:title\" content=\"Smart home - udstyr til din SmartHome - Mackabler\" \/>\n<meta property=\"og:description\" content=\"Smart home - udstyr til SmartHome - Bes\u00f8g Mackabler n\u00e5r du mangler udstyr og ikke vil betale en formue for dit udstyr. Her er priser alle kan forst\u00e5\" \/>\n<meta property=\"og:url\" content=\"https:\/\/niipit.dk\/mackabler\/smart-home\/\" \/>\n<meta property=\"og:site_name\" content=\"Mackabler\" \/>\n<meta property=\"article:modified_time\" content=\"2020-03-27T10:41:42+00:00\" \/>\n<meta name=\"twitter:card\" content=\"summary_large_image\" \/>\n<script type=\"application\/ld+json\" class=\"yoast-schema-graph\">{\"@context\":\"https:\\\/\\\/schema.org\",\"@graph\":[{\"@type\":\"WebPage\",\"@id\":\"https:\\\/\\\/niipit.dk\\\/mackabler\\\/smart-home\\\/\",\"url\":\"https:\\\/\\\/niipit.dk\\\/mackabler\\\/smart-home\\\/\",\"name\":\"Smart home - udstyr til din SmartHome - Mackabler\",\"isPartOf\":{\"@id\":\"https:\\\/\\\/niipit.dk\\\/mackabler\\\/#website\"},\"datePublished\":\"2019-12-03T15:58:33+00:00\",\"dateModified\":\"2020-03-27T10:41:42+00:00\",\"description\":\"Smart home - udstyr til SmartHome - Bes\u00f8g Mackabler n\u00e5r du mangler udstyr og ikke vil betale en formue for dit udstyr. Her er priser alle kan forst\u00e5\",\"breadcrumb\":{\"@id\":\"https:\\\/\\\/niipit.dk\\\/mackabler\\\/smart-home\\\/#breadcrumb\"},\"inLanguage\":\"da-DK\",\"potentialAction\":[{\"@type\":\"ReadAction\",\"target\":[\"https:\\\/\\\/niipit.dk\\\/mackabler\\\/smart-home\\\/\"]}]},{\"@type\":\"BreadcrumbList\",\"@id\":\"https:\\\/\\\/niipit.dk\\\/mackabler\\\/smart-home\\\/#breadcrumb\",\"itemListElement\":[{\"@type\":\"ListItem\",\"position\":1,\"name\":\"Hjem\",\"item\":\"https:\\\/\\\/niipit.dk\\\/mackabler\\\/\"},{\"@type\":\"ListItem\",\"position\":2,\"name\":\"Smart home\"}]},{\"@type\":\"WebSite\",\"@id\":\"https:\\\/\\\/niipit.dk\\\/mackabler\\\/#website\",\"url\":\"https:\\\/\\\/niipit.dk\\\/mackabler\\\/\",\"name\":\"Mackabler\",\"description\":\"F\u00e5 din virksomhed p\u00e5 niipit\",\"potentialAction\":[{\"@type\":\"SearchAction\",\"target\":{\"@type\":\"EntryPoint\",\"urlTemplate\":\"https:\\\/\\\/niipit.dk\\\/mackabler\\\/?s={search_term_string}\"},\"query-input\":{\"@type\":\"PropertyValueSpecification\",\"valueRequired\":true,\"valueName\":\"search_term_string\"}}],\"inLanguage\":\"da-DK\"}]}<\/script>\n<!-- \/ Yoast SEO Premium plugin. -->","yoast_head_json":{"title":"Smart home - udstyr til din SmartHome - Mackabler","description":"Smart home - udstyr til SmartHome - Bes\u00f8g Mackabler n\u00e5r du mangler udstyr og ikke vil betale en formue for dit udstyr. Her er priser alle kan forst\u00e5","robots":{"index":"index","follow":"nofollow","max-snippet":"max-snippet:-1","max-image-preview":"max-image-preview:large","max-video-preview":"max-video-preview:-1"},"canonical":"https:\/\/niipit.dk\/mackabler\/smart-home\/","og_locale":"da_DK","og_type":"article","og_title":"Smart home - udstyr til din SmartHome - Mackabler","og_description":"Smart home - udstyr til SmartHome - Bes\u00f8g Mackabler n\u00e5r du mangler udstyr og ikke vil betale en formue for dit udstyr. Her er priser alle kan forst\u00e5","og_url":"https:\/\/niipit.dk\/mackabler\/smart-home\/","og_site_name":"Mackabler","article_modified_time":"2020-03-27T10:41:42+00:00","twitter_card":"summary_large_image","schema":{"@context":"https:\/\/schema.org","@graph":[{"@type":"WebPage","@id":"https:\/\/niipit.dk\/mackabler\/smart-home\/","url":"https:\/\/niipit.dk\/mackabler\/smart-home\/","name":"Smart home - udstyr til din SmartHome - Mackabler","isPartOf":{"@id":"https:\/\/niipit.dk\/mackabler\/#website"},"datePublished":"2019-12-03T15:58:33+00:00","dateModified":"2020-03-27T10:41:42+00:00","description":"Smart home - udstyr til SmartHome - Bes\u00f8g Mackabler n\u00e5r du mangler udstyr og ikke vil betale en formue for dit udstyr. Her er priser alle kan forst\u00e5","breadcrumb":{"@id":"https:\/\/niipit.dk\/mackabler\/smart-home\/#breadcrumb"},"inLanguage":"da-DK","potentialAction":[{"@type":"ReadAction","target":["https:\/\/niipit.dk\/mackabler\/smart-home\/"]}]},{"@type":"BreadcrumbList","@id":"https:\/\/niipit.dk\/mackabler\/smart-home\/#breadcrumb","itemListElement":[{"@type":"ListItem","position":1,"name":"Hjem","item":"https:\/\/niipit.dk\/mackabler\/"},{"@type":"ListItem","position":2,"name":"Smart home"}]},{"@type":"WebSite","@id":"https:\/\/niipit.dk\/mackabler\/#website","url":"https:\/\/niipit.dk\/mackabler\/","name":"Mackabler","description":"F\u00e5 din virksomhed p\u00e5 niipit","potentialAction":[{"@type":"SearchAction","target":{"@type":"EntryPoint","urlTemplate":"https:\/\/niipit.dk\/mackabler\/?s={search_term_string}"},"query-input":{"@type":"PropertyValueSpecification","valueRequired":true,"valueName":"search_term_string"}}],"inLanguage":"da-DK"}]}},"_links":{"self":[{"href":"https:\/\/niipit.dk\/mackabler\/wp-json\/wp\/v2\/pages\/6159","targetHints":{"allow":["GET"]}}],"collection":[{"href":"https:\/\/niipit.dk\/mackabler\/wp-json\/wp\/v2\/pages"}],"about":[{"href":"https:\/\/niipit.dk\/mackabler\/wp-json\/wp\/v2\/types\/page"}],"author":[{"embeddable":true,"href":"https:\/\/niipit.dk\/mackabler\/wp-json\/wp\/v2\/users\/1"}],"replies":[{"embeddable":true,"href":"https:\/\/niipit.dk\/mackabler\/wp-json\/wp\/v2\/comments?post=6159"}],"version-history":[{"count":0,"href":"https:\/\/niipit.dk\/mackabler\/wp-json\/wp\/v2\/pages\/6159\/revisions"}],"wp:attachment":[{"href":"https:\/\/niipit.dk\/mackabler\/wp-json\/wp\/v2\/media?parent=6159"}],"curies":[{"name":"wp","href":"https:\/\/api.w.org\/{rel}","templated":true}]}}