{"id":5064,"date":"2018-08-10T22:29:34","date_gmt":"2018-08-10T20:29:34","guid":{"rendered":"https:\/\/niipit.dk\/linderoth-shop\/?page_id=5064"},"modified":"2020-01-29T12:00:36","modified_gmt":"2020-01-29T11:00:36","slug":"frontpage","status":"publish","type":"page","link":"https:\/\/niipit.dk\/linderoth\/","title":{"rendered":"Forside"},"content":{"rendered":"\n<hr class=\"wp-block-separator\"\/>\n\n\n\n<h2 class=\"wp-block-heading\">Leasing og salg af kvalitetsbiler<\/h2>\n\n\n\n<p>Linderoth A\/S er et st\u00e6rkt, dedikeret og moderne bilhus, hvor kundernes \u00f8nsker og gode oplevelser har f\u00f8rsteprioritet.<\/p>\n\n\n\n<p>Linderoth er grundlagt i 2003 af Bjarke Linderoth. Ermin Bale\u0161i\u0107 blev i 2017 medejer.<\/p>\n\n\n\n<p>Bilk\u00f8bm\u00e6ndene Bjarke og Ermin har \u00e5rtiers erfaring med import, k\u00f8b og salg af kvalitetsbiler til det danske marked. Deres knowhow, kapacitet og engagement m\u00f8der du fra f\u00f8rste kontakt.&nbsp;<\/p>\n\n\n\n<p>Linderoth er et mulitim\u00e6rkebilhus med eget servicev\u00e6rksted, som s\u00e6tter en \u00e6re i en god og personlig betjening, der skaber v\u00e6rdi for dig.<\/p>\n","protected":false},"excerpt":{"rendered":"<p>Leasing og salg af kvalitetsbiler Linderoth A\/S er et st\u00e6rkt, dedikeret og moderne bilhus, hvor kundernes \u00f8nsker og gode oplevelser har f\u00f8rsteprioritet. Linderoth er grundlagt i 2003 af Bjarke Linderoth. Ermin Bale\u0161i\u0107 blev i 2017 medejer. Bilk\u00f8bm\u00e6ndene Bjarke og Ermin har \u00e5rtiers erfaring med import, k\u00f8b og salg af kvalitetsbiler til det danske marked. Deres <a class=\"moretag btn btn-primary\" href=\"https:\/\/niipit.dk\/linderoth\/\">L\u00e6s mere<\/a><\/p>\n","protected":false},"author":1,"featured_media":0,"parent":0,"menu_order":0,"comment_status":"closed","ping_status":"closed","template":"frontpagePremium.php","meta":{"_exactmetrics_skip_tracking":false,"_exactmetrics_sitenote_active":false,"_exactmetrics_sitenote_note":"","_exactmetrics_sitenote_category":0,"_monsterinsights_skip_tracking":false,"_monsterinsights_sitenote_active":false,"_monsterinsights_sitenote_note":"","_monsterinsights_sitenote_category":0,"footnotes":""},"class_list":["post-5064","page","type-page","status-publish","hentry"],"yoast_head":"<!-- This site is optimized with the Yoast SEO Premium plugin v16.3 (Yoast SEO v27.3) - https:\/\/yoast.com\/product\/yoast-seo-premium-wordpress\/ -->\n<title>K\u00f8b eller Leasing \u2502 Linderoth bilhus - Kvalitet &amp; Professionalisme<\/title>\n<meta name=\"description\" content=\"Dr\u00f8mmer du om at k\u00f8be eller lease en bil ? \u2502 Tilmeld dig Linderoths database, s\u00e5 finder vi din dr\u00f8mmebil \u2502Din handel er i Gode H\u00e6nder hos Linderoth \u2714\" \/>\n<meta name=\"robots\" content=\"index, follow, max-snippet:-1, max-image-preview:large, max-video-preview:-1\" \/>\n<link rel=\"canonical\" href=\"https:\/\/niipit.dk\/linderoth\/\" \/>\n<meta property=\"og:locale\" content=\"da_DK\" \/>\n<meta property=\"og:type\" content=\"article\" \/>\n<meta property=\"og:title\" content=\"K\u00f8b eller Leasing \u2502 Linderoth bilhus - Kvalitet &amp; Professionalisme\" \/>\n<meta property=\"og:description\" content=\"Dr\u00f8mmer du om at k\u00f8be eller lease en bil ? \u2502 Tilmeld dig Linderoths database, s\u00e5 finder vi din dr\u00f8mmebil \u2502Din handel er i Gode H\u00e6nder hos Linderoth \u2714\" \/>\n<meta property=\"og:url\" content=\"https:\/\/niipit.dk\/linderoth\/\" \/>\n<meta property=\"og:site_name\" content=\"Linderoth\" \/>\n<meta property=\"article:modified_time\" content=\"2020-01-29T11:00:36+00:00\" \/>\n<meta name=\"twitter:card\" content=\"summary_large_image\" \/>\n<script type=\"application\/ld+json\" class=\"yoast-schema-graph\">{\"@context\":\"https:\\\/\\\/schema.org\",\"@graph\":[{\"@type\":\"WebPage\",\"@id\":\"https:\\\/\\\/niipit.dk\\\/linderoth\\\/\",\"url\":\"https:\\\/\\\/niipit.dk\\\/linderoth\\\/\",\"name\":\"K\u00f8b eller Leasing \u2502 Linderoth bilhus - Kvalitet & Professionalisme\",\"isPartOf\":{\"@id\":\"https:\\\/\\\/niipit.dk\\\/linderoth\\\/#website\"},\"datePublished\":\"2018-08-10T20:29:34+00:00\",\"dateModified\":\"2020-01-29T11:00:36+00:00\",\"description\":\"Dr\u00f8mmer du om at k\u00f8be eller lease en bil ? \u2502 Tilmeld dig Linderoths database, s\u00e5 finder vi din dr\u00f8mmebil \u2502Din handel er i Gode H\u00e6nder hos Linderoth \u2714\",\"breadcrumb\":{\"@id\":\"https:\\\/\\\/niipit.dk\\\/linderoth\\\/#breadcrumb\"},\"inLanguage\":\"da-DK\",\"potentialAction\":[{\"@type\":\"ReadAction\",\"target\":[\"https:\\\/\\\/niipit.dk\\\/linderoth\\\/\"]}]},{\"@type\":\"BreadcrumbList\",\"@id\":\"https:\\\/\\\/niipit.dk\\\/linderoth\\\/#breadcrumb\",\"itemListElement\":[{\"@type\":\"ListItem\",\"position\":1,\"name\":\"Hjem\",\"item\":\"https:\\\/\\\/niipit.dk\\\/linderoth\\\/\"},{\"@type\":\"ListItem\",\"position\":2,\"name\":\"Forside\"}]},{\"@type\":\"WebSite\",\"@id\":\"https:\\\/\\\/niipit.dk\\\/linderoth\\\/#website\",\"url\":\"https:\\\/\\\/niipit.dk\\\/linderoth\\\/\",\"name\":\"Linderoth\",\"description\":\"Danmarks foretrukne multim\u00e6rke bilhus\",\"potentialAction\":[{\"@type\":\"SearchAction\",\"target\":{\"@type\":\"EntryPoint\",\"urlTemplate\":\"https:\\\/\\\/niipit.dk\\\/linderoth\\\/?s={search_term_string}\"},\"query-input\":{\"@type\":\"PropertyValueSpecification\",\"valueRequired\":true,\"valueName\":\"search_term_string\"}}],\"inLanguage\":\"da-DK\"}]}<\/script>\n<!-- \/ Yoast SEO Premium plugin. -->","yoast_head_json":{"title":"K\u00f8b eller Leasing \u2502 Linderoth bilhus - Kvalitet & Professionalisme","description":"Dr\u00f8mmer du om at k\u00f8be eller lease en bil ? \u2502 Tilmeld dig Linderoths database, s\u00e5 finder vi din dr\u00f8mmebil \u2502Din handel er i Gode H\u00e6nder hos Linderoth \u2714","robots":{"index":"index","follow":"follow","max-snippet":"max-snippet:-1","max-image-preview":"max-image-preview:large","max-video-preview":"max-video-preview:-1"},"canonical":"https:\/\/niipit.dk\/linderoth\/","og_locale":"da_DK","og_type":"article","og_title":"K\u00f8b eller Leasing \u2502 Linderoth bilhus - Kvalitet & Professionalisme","og_description":"Dr\u00f8mmer du om at k\u00f8be eller lease en bil ? \u2502 Tilmeld dig Linderoths database, s\u00e5 finder vi din dr\u00f8mmebil \u2502Din handel er i Gode H\u00e6nder hos Linderoth \u2714","og_url":"https:\/\/niipit.dk\/linderoth\/","og_site_name":"Linderoth","article_modified_time":"2020-01-29T11:00:36+00:00","twitter_card":"summary_large_image","schema":{"@context":"https:\/\/schema.org","@graph":[{"@type":"WebPage","@id":"https:\/\/niipit.dk\/linderoth\/","url":"https:\/\/niipit.dk\/linderoth\/","name":"K\u00f8b eller Leasing \u2502 Linderoth bilhus - Kvalitet & Professionalisme","isPartOf":{"@id":"https:\/\/niipit.dk\/linderoth\/#website"},"datePublished":"2018-08-10T20:29:34+00:00","dateModified":"2020-01-29T11:00:36+00:00","description":"Dr\u00f8mmer du om at k\u00f8be eller lease en bil ? \u2502 Tilmeld dig Linderoths database, s\u00e5 finder vi din dr\u00f8mmebil \u2502Din handel er i Gode H\u00e6nder hos Linderoth \u2714","breadcrumb":{"@id":"https:\/\/niipit.dk\/linderoth\/#breadcrumb"},"inLanguage":"da-DK","potentialAction":[{"@type":"ReadAction","target":["https:\/\/niipit.dk\/linderoth\/"]}]},{"@type":"BreadcrumbList","@id":"https:\/\/niipit.dk\/linderoth\/#breadcrumb","itemListElement":[{"@type":"ListItem","position":1,"name":"Hjem","item":"https:\/\/niipit.dk\/linderoth\/"},{"@type":"ListItem","position":2,"name":"Forside"}]},{"@type":"WebSite","@id":"https:\/\/niipit.dk\/linderoth\/#website","url":"https:\/\/niipit.dk\/linderoth\/","name":"Linderoth","description":"Danmarks foretrukne multim\u00e6rke bilhus","potentialAction":[{"@type":"SearchAction","target":{"@type":"EntryPoint","urlTemplate":"https:\/\/niipit.dk\/linderoth\/?s={search_term_string}"},"query-input":{"@type":"PropertyValueSpecification","valueRequired":true,"valueName":"search_term_string"}}],"inLanguage":"da-DK"}]}},"_links":{"self":[{"href":"https:\/\/niipit.dk\/linderoth\/wp-json\/wp\/v2\/pages\/5064","targetHints":{"allow":["GET"]}}],"collection":[{"href":"https:\/\/niipit.dk\/linderoth\/wp-json\/wp\/v2\/pages"}],"about":[{"href":"https:\/\/niipit.dk\/linderoth\/wp-json\/wp\/v2\/types\/page"}],"author":[{"embeddable":true,"href":"https:\/\/niipit.dk\/linderoth\/wp-json\/wp\/v2\/users\/1"}],"replies":[{"embeddable":true,"href":"https:\/\/niipit.dk\/linderoth\/wp-json\/wp\/v2\/comments?post=5064"}],"version-history":[{"count":0,"href":"https:\/\/niipit.dk\/linderoth\/wp-json\/wp\/v2\/pages\/5064\/revisions"}],"wp:attachment":[{"href":"https:\/\/niipit.dk\/linderoth\/wp-json\/wp\/v2\/media?parent=5064"}],"curies":[{"name":"wp","href":"https:\/\/api.w.org\/{rel}","templated":true}]}}