{"id":6029,"date":"2020-03-14T09:52:43","date_gmt":"2020-03-14T08:52:43","guid":{"rendered":"https:\/\/niipit.dk\/liivsterapi\/?post_type=product&#038;p=6029"},"modified":"2020-03-14T10:09:51","modified_gmt":"2020-03-14T09:09:51","slug":"lettere-liv-med-faerre-bekymringer","status":"publish","type":"product","link":"https:\/\/niipit.dk\/liivsterapi\/produkt\/lettere-liv-med-faerre-bekymringer\/","title":{"rendered":"LETTERE LIV MED F\u00c6RRE BEKYMRINGER"},"content":{"rendered":"<h1>LETTERE LIV MED F\u00c6RRE BEKYMRINGER<\/h1>\n<h2>H\u00d8R HVORDAN JEG KAN ST\u00d8TTE DIG<\/h2>\n<p>LETTERE LIV MED F\u00c6RRE BEKYMRINGER<\/p>\n<p>GRATIS SAMTALE p\u00e5 ca 30 min<\/p>\n","protected":false},"excerpt":{"rendered":"<p>LETTERE LIV MED F\u00c6RRE BEKYMRINGER H\u00d8R HVORDAN JEG KAN ST\u00d8TTE DIG LETTERE LIV MED F\u00c6RRE BEKYMRINGER GRATIS SAMTALE p\u00e5 ca 30 min<\/p>\n","protected":false},"featured_media":6018,"template":"","meta":{"_exactmetrics_skip_tracking":false,"_exactmetrics_sitenote_active":false,"_exactmetrics_sitenote_note":"","_exactmetrics_sitenote_category":0,"_monsterinsights_skip_tracking":false,"_monsterinsights_sitenote_active":false,"_monsterinsights_sitenote_note":"","_monsterinsights_sitenote_category":0},"product_brand":[],"product_cat":[2164,2173],"product_tag":[],"shoptype":[],"class_list":{"0":"post-6029","1":"product","2":"type-product","3":"status-publish","4":"has-post-thumbnail","6":"product_cat-alle-vare","7":"product_cat-freebee","9":"first","10":"instock","11":"sale","12":"shipping-taxable","13":"product-type-external"},"yoast_head":"<!-- This site is optimized with the Yoast SEO Premium plugin v16.3 (Yoast SEO v27.5) - https:\/\/yoast.com\/product\/yoast-seo-premium-wordpress\/ -->\n<title>LETTERE LIV MED F\u00c6RRE BEKYMRINGER \u2764\ufe0e Liivsterapi<\/title>\n<meta name=\"description\" content=\"LETTERE LIV MED F\u00c6RRE BEKYMRINGER kan blive en game changer for dig \u2764\ufe0e Vil du af med dine bekymringer s\u00e5 kig her F\u00e5 denne freebee for 0 kr \u2764\ufe0e Bestil her \u276f\u276f\u276f\" \/>\n<meta name=\"robots\" content=\"index, follow, max-snippet:-1, max-image-preview:large, max-video-preview:-1\" \/>\n<link rel=\"canonical\" href=\"https:\/\/niipit.dk\/liivsterapi\/produkt\/lettere-liv-med-faerre-bekymringer\/\" \/>\n<meta property=\"og:locale\" content=\"da_DK\" \/>\n<meta property=\"og:type\" content=\"article\" \/>\n<meta property=\"og:title\" content=\"LETTERE LIV MED F\u00c6RRE BEKYMRINGER \u2764\ufe0e Liivsterapi\" \/>\n<meta property=\"og:description\" content=\"LETTERE LIV MED F\u00c6RRE BEKYMRINGER kan blive en game changer for dig \u2764\ufe0e Vil du af med dine bekymringer s\u00e5 kig her F\u00e5 denne freebee for 0 kr \u2764\ufe0e Bestil her \u276f\u276f\u276f\" \/>\n<meta property=\"og:url\" content=\"https:\/\/niipit.dk\/liivsterapi\/produkt\/lettere-liv-med-faerre-bekymringer\/\" \/>\n<meta property=\"og:site_name\" content=\"Liivsterapi\" \/>\n<meta property=\"article:modified_time\" content=\"2020-03-14T09:09:51+00:00\" \/>\n<meta property=\"og:image\" content=\"https:\/\/niipit.dk\/liivsterapi\/wp-content\/uploads\/sites\/427\/2020\/03\/Liivsterapi-Gratis-samtale.png\" \/>\n\t<meta property=\"og:image:width\" content=\"600\" \/>\n\t<meta property=\"og:image:height\" content=\"600\" \/>\n\t<meta property=\"og:image:type\" content=\"image\/png\" \/>\n<meta name=\"twitter:card\" content=\"summary_large_image\" \/>\n<script type=\"application\/ld+json\" class=\"yoast-schema-graph\">{\"@context\":\"https:\\\/\\\/schema.org\",\"@graph\":[{\"@type\":\"WebPage\",\"@id\":\"https:\\\/\\\/niipit.dk\\\/liivsterapi\\\/produkt\\\/lettere-liv-med-faerre-bekymringer\\\/\",\"url\":\"https:\\\/\\\/niipit.dk\\\/liivsterapi\\\/produkt\\\/lettere-liv-med-faerre-bekymringer\\\/\",\"name\":\"LETTERE LIV MED F\u00c6RRE BEKYMRINGER \u2764\ufe0e Liivsterapi\",\"isPartOf\":{\"@id\":\"https:\\\/\\\/niipit.dk\\\/liivsterapi\\\/#website\"},\"primaryImageOfPage\":{\"@id\":\"https:\\\/\\\/niipit.dk\\\/liivsterapi\\\/produkt\\\/lettere-liv-med-faerre-bekymringer\\\/#primaryimage\"},\"image\":{\"@id\":\"https:\\\/\\\/niipit.dk\\\/liivsterapi\\\/produkt\\\/lettere-liv-med-faerre-bekymringer\\\/#primaryimage\"},\"thumbnailUrl\":\"https:\\\/\\\/niipit.dk\\\/liivsterapi\\\/wp-content\\\/uploads\\\/sites\\\/427\\\/2020\\\/03\\\/Liivsterapi-Gratis-samtale.png\",\"datePublished\":\"2020-03-14T08:52:43+00:00\",\"dateModified\":\"2020-03-14T09:09:51+00:00\",\"description\":\"LETTERE LIV MED F\u00c6RRE BEKYMRINGER kan blive en game changer for dig \u2764\ufe0e Vil du af med dine bekymringer s\u00e5 kig her F\u00e5 denne freebee for 0 kr \u2764\ufe0e Bestil her \u276f\u276f\u276f\",\"breadcrumb\":{\"@id\":\"https:\\\/\\\/niipit.dk\\\/liivsterapi\\\/produkt\\\/lettere-liv-med-faerre-bekymringer\\\/#breadcrumb\"},\"inLanguage\":\"da-DK\",\"potentialAction\":[{\"@type\":\"ReadAction\",\"target\":[\"https:\\\/\\\/niipit.dk\\\/liivsterapi\\\/produkt\\\/lettere-liv-med-faerre-bekymringer\\\/\"]}]},{\"@type\":\"ImageObject\",\"inLanguage\":\"da-DK\",\"@id\":\"https:\\\/\\\/niipit.dk\\\/liivsterapi\\\/produkt\\\/lettere-liv-med-faerre-bekymringer\\\/#primaryimage\",\"url\":\"https:\\\/\\\/niipit.dk\\\/liivsterapi\\\/wp-content\\\/uploads\\\/sites\\\/427\\\/2020\\\/03\\\/Liivsterapi-Gratis-samtale.png\",\"contentUrl\":\"https:\\\/\\\/niipit.dk\\\/liivsterapi\\\/wp-content\\\/uploads\\\/sites\\\/427\\\/2020\\\/03\\\/Liivsterapi-Gratis-samtale.png\",\"width\":600,\"height\":600,\"caption\":\"Liivsterapi Gratis samtale\"},{\"@type\":\"BreadcrumbList\",\"@id\":\"https:\\\/\\\/niipit.dk\\\/liivsterapi\\\/produkt\\\/lettere-liv-med-faerre-bekymringer\\\/#breadcrumb\",\"itemListElement\":[{\"@type\":\"ListItem\",\"position\":1,\"name\":\"Hjem\",\"item\":\"https:\\\/\\\/niipit.dk\\\/liivsterapi\\\/\"},{\"@type\":\"ListItem\",\"position\":2,\"name\":\"Shop\",\"item\":\"https:\\\/\\\/niipit.dk\\\/liivsterapi\\\/shop\\\/\"},{\"@type\":\"ListItem\",\"position\":3,\"name\":\"LETTERE LIV MED F\u00c6RRE BEKYMRINGER\"}]},{\"@type\":\"WebSite\",\"@id\":\"https:\\\/\\\/niipit.dk\\\/liivsterapi\\\/#website\",\"url\":\"https:\\\/\\\/niipit.dk\\\/liivsterapi\\\/\",\"name\":\"Liivsterapi\",\"description\":\"F\u00e5 din virksomhed p\u00e5 niipit\",\"potentialAction\":[{\"@type\":\"SearchAction\",\"target\":{\"@type\":\"EntryPoint\",\"urlTemplate\":\"https:\\\/\\\/niipit.dk\\\/liivsterapi\\\/?s={search_term_string}\"},\"query-input\":{\"@type\":\"PropertyValueSpecification\",\"valueRequired\":true,\"valueName\":\"search_term_string\"}}],\"inLanguage\":\"da-DK\"}]}<\/script>\n<!-- \/ Yoast SEO Premium plugin. -->","yoast_head_json":{"title":"LETTERE LIV MED F\u00c6RRE BEKYMRINGER \u2764\ufe0e Liivsterapi","description":"LETTERE LIV MED F\u00c6RRE BEKYMRINGER kan blive en game changer for dig \u2764\ufe0e Vil du af med dine bekymringer s\u00e5 kig her F\u00e5 denne freebee for 0 kr \u2764\ufe0e Bestil her \u276f\u276f\u276f","robots":{"index":"index","follow":"follow","max-snippet":"max-snippet:-1","max-image-preview":"max-image-preview:large","max-video-preview":"max-video-preview:-1"},"canonical":"https:\/\/niipit.dk\/liivsterapi\/produkt\/lettere-liv-med-faerre-bekymringer\/","og_locale":"da_DK","og_type":"article","og_title":"LETTERE LIV MED F\u00c6RRE BEKYMRINGER \u2764\ufe0e Liivsterapi","og_description":"LETTERE LIV MED F\u00c6RRE BEKYMRINGER kan blive en game changer for dig \u2764\ufe0e Vil du af med dine bekymringer s\u00e5 kig her F\u00e5 denne freebee for 0 kr \u2764\ufe0e Bestil her \u276f\u276f\u276f","og_url":"https:\/\/niipit.dk\/liivsterapi\/produkt\/lettere-liv-med-faerre-bekymringer\/","og_site_name":"Liivsterapi","article_modified_time":"2020-03-14T09:09:51+00:00","og_image":[{"width":600,"height":600,"url":"https:\/\/niipit.dk\/liivsterapi\/wp-content\/uploads\/sites\/427\/2020\/03\/Liivsterapi-Gratis-samtale.png","type":"image\/png"}],"twitter_card":"summary_large_image","schema":{"@context":"https:\/\/schema.org","@graph":[{"@type":"WebPage","@id":"https:\/\/niipit.dk\/liivsterapi\/produkt\/lettere-liv-med-faerre-bekymringer\/","url":"https:\/\/niipit.dk\/liivsterapi\/produkt\/lettere-liv-med-faerre-bekymringer\/","name":"LETTERE LIV MED F\u00c6RRE BEKYMRINGER \u2764\ufe0e Liivsterapi","isPartOf":{"@id":"https:\/\/niipit.dk\/liivsterapi\/#website"},"primaryImageOfPage":{"@id":"https:\/\/niipit.dk\/liivsterapi\/produkt\/lettere-liv-med-faerre-bekymringer\/#primaryimage"},"image":{"@id":"https:\/\/niipit.dk\/liivsterapi\/produkt\/lettere-liv-med-faerre-bekymringer\/#primaryimage"},"thumbnailUrl":"https:\/\/niipit.dk\/liivsterapi\/wp-content\/uploads\/sites\/427\/2020\/03\/Liivsterapi-Gratis-samtale.png","datePublished":"2020-03-14T08:52:43+00:00","dateModified":"2020-03-14T09:09:51+00:00","description":"LETTERE LIV MED F\u00c6RRE BEKYMRINGER kan blive en game changer for dig \u2764\ufe0e Vil du af med dine bekymringer s\u00e5 kig her F\u00e5 denne freebee for 0 kr \u2764\ufe0e Bestil her \u276f\u276f\u276f","breadcrumb":{"@id":"https:\/\/niipit.dk\/liivsterapi\/produkt\/lettere-liv-med-faerre-bekymringer\/#breadcrumb"},"inLanguage":"da-DK","potentialAction":[{"@type":"ReadAction","target":["https:\/\/niipit.dk\/liivsterapi\/produkt\/lettere-liv-med-faerre-bekymringer\/"]}]},{"@type":"ImageObject","inLanguage":"da-DK","@id":"https:\/\/niipit.dk\/liivsterapi\/produkt\/lettere-liv-med-faerre-bekymringer\/#primaryimage","url":"https:\/\/niipit.dk\/liivsterapi\/wp-content\/uploads\/sites\/427\/2020\/03\/Liivsterapi-Gratis-samtale.png","contentUrl":"https:\/\/niipit.dk\/liivsterapi\/wp-content\/uploads\/sites\/427\/2020\/03\/Liivsterapi-Gratis-samtale.png","width":600,"height":600,"caption":"Liivsterapi Gratis samtale"},{"@type":"BreadcrumbList","@id":"https:\/\/niipit.dk\/liivsterapi\/produkt\/lettere-liv-med-faerre-bekymringer\/#breadcrumb","itemListElement":[{"@type":"ListItem","position":1,"name":"Hjem","item":"https:\/\/niipit.dk\/liivsterapi\/"},{"@type":"ListItem","position":2,"name":"Shop","item":"https:\/\/niipit.dk\/liivsterapi\/shop\/"},{"@type":"ListItem","position":3,"name":"LETTERE LIV MED F\u00c6RRE BEKYMRINGER"}]},{"@type":"WebSite","@id":"https:\/\/niipit.dk\/liivsterapi\/#website","url":"https:\/\/niipit.dk\/liivsterapi\/","name":"Liivsterapi","description":"F\u00e5 din virksomhed p\u00e5 niipit","potentialAction":[{"@type":"SearchAction","target":{"@type":"EntryPoint","urlTemplate":"https:\/\/niipit.dk\/liivsterapi\/?s={search_term_string}"},"query-input":{"@type":"PropertyValueSpecification","valueRequired":true,"valueName":"search_term_string"}}],"inLanguage":"da-DK"}]}},"_links":{"self":[{"href":"https:\/\/niipit.dk\/liivsterapi\/wp-json\/wp\/v2\/product\/6029","targetHints":{"allow":["GET"]}}],"collection":[{"href":"https:\/\/niipit.dk\/liivsterapi\/wp-json\/wp\/v2\/product"}],"about":[{"href":"https:\/\/niipit.dk\/liivsterapi\/wp-json\/wp\/v2\/types\/product"}],"wp:featuredmedia":[{"embeddable":true,"href":"https:\/\/niipit.dk\/liivsterapi\/wp-json\/wp\/v2\/media\/6018"}],"wp:attachment":[{"href":"https:\/\/niipit.dk\/liivsterapi\/wp-json\/wp\/v2\/media?parent=6029"}],"wp:term":[{"taxonomy":"product_brand","embeddable":true,"href":"https:\/\/niipit.dk\/liivsterapi\/wp-json\/wp\/v2\/product_brand?post=6029"},{"taxonomy":"product_cat","embeddable":true,"href":"https:\/\/niipit.dk\/liivsterapi\/wp-json\/wp\/v2\/product_cat?post=6029"},{"taxonomy":"product_tag","embeddable":true,"href":"https:\/\/niipit.dk\/liivsterapi\/wp-json\/wp\/v2\/product_tag?post=6029"},{"taxonomy":"shoptype","embeddable":true,"href":"https:\/\/niipit.dk\/liivsterapi\/wp-json\/wp\/v2\/shoptype?post=6029"}],"curies":[{"name":"wp","href":"https:\/\/api.w.org\/{rel}","templated":true}]}}