{"id":5064,"date":"2018-08-10T22:29:34","date_gmt":"2018-08-10T20:29:34","guid":{"rendered":"https:\/\/niipit.dk\/kiropraktisk-klinik-shop\/?page_id=5064"},"modified":"2021-10-28T10:28:44","modified_gmt":"2021-10-28T08:28:44","slug":"frontpage","status":"publish","type":"page","link":"https:\/\/niipit.dk\/kiropraktisk-klinik\/","title":{"rendered":"Forside"},"content":{"rendered":"\n<hr class=\"wp-block-separator\"\/>\n\n\n\n<h2 class=\"wp-block-heading\" id=\"h-kiropraktor-i-haderslev-s-nderjylland\">Kiropraktor i Haderslev &#8211; S\u00f8nderjylland<\/h2>\n\n\n\n<p>Kiropraktor haderslev hvis du har du ondt i ryggen.<br>Ryggen er samlingsstedet for arme og ben derfor er det s\u00e5 vigtigt at ryggen virker<br>Vi har vist alle pr\u00f8vet det at rejse os op eller dreje os og s\u00e5 sad ryggen uhj\u00e6lpelig fast<br>N\u00e5r det sker s\u00e5 er det alfa omega at du hurtigt f\u00e5r behandling og f\u00e5r l\u00e5st tin ryg op s\u00e5 du igen kan bev\u00e6ge dig<br>Hvis du venter flere dage kan du forv\u00e6rre det hele og i v\u00e6rste fald forl\u00e6nge dit hold i ryggen<br><br>SKYND DIG at ringe til kiropraktoren og f\u00e5 en tid, sig hvis det lige er sket og h\u00f8r om du kan f\u00e5 en akut tid\u00a0<br><br>Hvis du er i <a href=\"https:\/\/www.sygeforsikring.dk\">Sygesikringen Danmark<\/a> kan du ofte ogs\u00e5 f\u00e5 tilskud til behandlingen.<\/p>\n\n\n\n<h2 class=\"wp-block-heading\" id=\"h-kiropraktor-haderslev\">Kiropraktor Haderslev<\/h2>\n\n\n\n<p>Gunvor J\u00f8rnsgaard<br>Hos os er vi flere forskellige kiropraktorer med forskellige specialer derfor kan vi hj\u00e6lpe dig meget bredt&nbsp;<br>Selv om du bliver behandlet af den ene af os vil du nemt kunne f\u00e5 behandling hos en af os andre hvis det giver mening<br><br>Du finder os p\u00e5 \u00c5strupvej 7 I det bl\u00e5 hus<br>Du kan b\u00e5de parkerer foran og bag ved klinikken<br>Hvis du kommer med bussen s\u00e5 er der 5 min gang over til os fra busstationen<br>Vores klinik er handikap venlig s\u00e5 du har ingen problemer med at komme ind til os<br><br>Du er altid velkommen til at ringe til os og h\u00f8re om vi kan hj\u00e6lpe dig<\/p>\n\n\n\n<p><a href=\"https:\/\/niipit.dk\/kiropraktisk-klinik\/anmeldelser\/\">Se vores anmeldelser her <\/a> og giv selv en anmeldelse af din oplevelse p\u00e5 klinikken<\/p>\n","protected":false},"excerpt":{"rendered":"<p>Kiropraktor i Haderslev &#8211; S\u00f8nderjylland Kiropraktor haderslev hvis du har du ondt i ryggen.Ryggen er samlingsstedet for arme og ben derfor er det s\u00e5 vigtigt at ryggen virkerVi har vist alle pr\u00f8vet det at rejse os op eller dreje os og s\u00e5 sad ryggen uhj\u00e6lpelig fastN\u00e5r det sker s\u00e5 er det alfa omega at du <a class=\"moretag btn btn-primary\" href=\"https:\/\/niipit.dk\/kiropraktisk-klinik\/\">L\u00e6s mere<\/a><\/p>\n","protected":false},"author":1,"featured_media":0,"parent":0,"menu_order":0,"comment_status":"closed","ping_status":"closed","template":"frontpagePremium.php","meta":{"_exactmetrics_skip_tracking":false,"_exactmetrics_sitenote_active":false,"_exactmetrics_sitenote_note":"","_exactmetrics_sitenote_category":0,"_monsterinsights_skip_tracking":false,"_monsterinsights_sitenote_active":false,"_monsterinsights_sitenote_note":"","_monsterinsights_sitenote_category":0,"footnotes":""},"class_list":["post-5064","page","type-page","status-publish","hentry"],"yoast_head":"<!-- This site is optimized with the Yoast SEO Premium plugin v16.3 (Yoast SEO v27.3) - https:\/\/yoast.com\/product\/yoast-seo-premium-wordpress\/ -->\n<title>Kiropraktor Haderslev Gunvor J\u00f8rnsgaard Aastrupvej 7<\/title>\n<meta name=\"description\" content=\"Kiropraktor Haderslev - Har du ondt i ryggen - konstant hovedpine? Kom forbi Gunvor J\u00f8rnsgaard og f\u00e5 lindret dine smerter. +45 74 52 36 56\" \/>\n<meta name=\"robots\" content=\"index, follow, max-snippet:-1, max-image-preview:large, max-video-preview:-1\" \/>\n<link rel=\"canonical\" href=\"https:\/\/niipit.dk\/kiropraktisk-klinik\/\" \/>\n<meta property=\"og:locale\" content=\"da_DK\" \/>\n<meta property=\"og:type\" content=\"article\" \/>\n<meta property=\"og:title\" content=\"Kiropraktor Haderslev Gunvor J\u00f8rnsgaard Aastrupvej 7\" \/>\n<meta property=\"og:description\" content=\"Kiropraktor Haderslev - Har du ondt i ryggen - konstant hovedpine? Kom forbi Gunvor J\u00f8rnsgaard og f\u00e5 lindret dine smerter. +45 74 52 36 56\" \/>\n<meta property=\"og:url\" content=\"https:\/\/niipit.dk\/kiropraktisk-klinik\/\" \/>\n<meta property=\"og:site_name\" content=\"Kiropraktisk Klinik\" \/>\n<meta property=\"article:modified_time\" content=\"2021-10-28T08:28:44+00:00\" \/>\n<meta property=\"og:image\" content=\"https:\/\/niipit.dk\/kiropraktisk-klinik\/wp-content\/uploads\/sites\/303\/2019\/09\/Kiropraktisk-klinik-\u00c5strupvej-7-Haderslev-S\u00f8nderjylland.png\" \/>\n\t<meta property=\"og:image:width\" content=\"878\" \/>\n\t<meta property=\"og:image:height\" content=\"586\" \/>\n\t<meta property=\"og:image:type\" content=\"image\/png\" \/>\n<meta name=\"twitter:card\" content=\"summary_large_image\" \/>\n<meta name=\"twitter:label1\" content=\"Estimeret l\u00e6setid\" \/>\n\t<meta name=\"twitter:data1\" content=\"2 minutter\" \/>\n<script type=\"application\/ld+json\" class=\"yoast-schema-graph\">{\"@context\":\"https:\\\/\\\/schema.org\",\"@graph\":[{\"@type\":\"WebPage\",\"@id\":\"https:\\\/\\\/niipit.dk\\\/kiropraktisk-klinik\\\/\",\"url\":\"https:\\\/\\\/niipit.dk\\\/kiropraktisk-klinik\\\/\",\"name\":\"Kiropraktor Haderslev Gunvor J\u00f8rnsgaard Aastrupvej 7\",\"isPartOf\":{\"@id\":\"https:\\\/\\\/niipit.dk\\\/kiropraktisk-klinik\\\/#website\"},\"datePublished\":\"2018-08-10T20:29:34+00:00\",\"dateModified\":\"2021-10-28T08:28:44+00:00\",\"description\":\"Kiropraktor Haderslev - Har du ondt i ryggen - konstant hovedpine? Kom forbi Gunvor J\u00f8rnsgaard og f\u00e5 lindret dine smerter. +45 74 52 36 56\",\"breadcrumb\":{\"@id\":\"https:\\\/\\\/niipit.dk\\\/kiropraktisk-klinik\\\/#breadcrumb\"},\"inLanguage\":\"da-DK\",\"potentialAction\":[{\"@type\":\"ReadAction\",\"target\":[\"https:\\\/\\\/niipit.dk\\\/kiropraktisk-klinik\\\/\"]}]},{\"@type\":\"BreadcrumbList\",\"@id\":\"https:\\\/\\\/niipit.dk\\\/kiropraktisk-klinik\\\/#breadcrumb\",\"itemListElement\":[{\"@type\":\"ListItem\",\"position\":1,\"name\":\"Hjem\",\"item\":\"https:\\\/\\\/niipit.dk\\\/kiropraktisk-klinik\\\/\"},{\"@type\":\"ListItem\",\"position\":2,\"name\":\"Forside\"}]},{\"@type\":\"WebSite\",\"@id\":\"https:\\\/\\\/niipit.dk\\\/kiropraktisk-klinik\\\/#website\",\"url\":\"https:\\\/\\\/niipit.dk\\\/kiropraktisk-klinik\\\/\",\"name\":\"Kiropraktisk Klinik\",\"description\":\"v\\\/ Gunvor J\u00f8rnsg\u00e5rd. Haderslev\",\"potentialAction\":[{\"@type\":\"SearchAction\",\"target\":{\"@type\":\"EntryPoint\",\"urlTemplate\":\"https:\\\/\\\/niipit.dk\\\/kiropraktisk-klinik\\\/?s={search_term_string}\"},\"query-input\":{\"@type\":\"PropertyValueSpecification\",\"valueRequired\":true,\"valueName\":\"search_term_string\"}}],\"inLanguage\":\"da-DK\"}]}<\/script>\n<!-- \/ Yoast SEO Premium plugin. -->","yoast_head_json":{"title":"Kiropraktor Haderslev Gunvor J\u00f8rnsgaard Aastrupvej 7","description":"Kiropraktor Haderslev - Har du ondt i ryggen - konstant hovedpine? Kom forbi Gunvor J\u00f8rnsgaard og f\u00e5 lindret dine smerter. +45 74 52 36 56","robots":{"index":"index","follow":"follow","max-snippet":"max-snippet:-1","max-image-preview":"max-image-preview:large","max-video-preview":"max-video-preview:-1"},"canonical":"https:\/\/niipit.dk\/kiropraktisk-klinik\/","og_locale":"da_DK","og_type":"article","og_title":"Kiropraktor Haderslev Gunvor J\u00f8rnsgaard Aastrupvej 7","og_description":"Kiropraktor Haderslev - Har du ondt i ryggen - konstant hovedpine? Kom forbi Gunvor J\u00f8rnsgaard og f\u00e5 lindret dine smerter. +45 74 52 36 56","og_url":"https:\/\/niipit.dk\/kiropraktisk-klinik\/","og_site_name":"Kiropraktisk Klinik","article_modified_time":"2021-10-28T08:28:44+00:00","og_image":[{"width":878,"height":586,"url":"https:\/\/niipit.dk\/kiropraktisk-klinik\/wp-content\/uploads\/sites\/303\/2019\/09\/Kiropraktisk-klinik-\u00c5strupvej-7-Haderslev-S\u00f8nderjylland.png","type":"image\/png"}],"twitter_card":"summary_large_image","twitter_misc":{"Estimeret l\u00e6setid":"2 minutter"},"schema":{"@context":"https:\/\/schema.org","@graph":[{"@type":"WebPage","@id":"https:\/\/niipit.dk\/kiropraktisk-klinik\/","url":"https:\/\/niipit.dk\/kiropraktisk-klinik\/","name":"Kiropraktor Haderslev Gunvor J\u00f8rnsgaard Aastrupvej 7","isPartOf":{"@id":"https:\/\/niipit.dk\/kiropraktisk-klinik\/#website"},"datePublished":"2018-08-10T20:29:34+00:00","dateModified":"2021-10-28T08:28:44+00:00","description":"Kiropraktor Haderslev - Har du ondt i ryggen - konstant hovedpine? Kom forbi Gunvor J\u00f8rnsgaard og f\u00e5 lindret dine smerter. +45 74 52 36 56","breadcrumb":{"@id":"https:\/\/niipit.dk\/kiropraktisk-klinik\/#breadcrumb"},"inLanguage":"da-DK","potentialAction":[{"@type":"ReadAction","target":["https:\/\/niipit.dk\/kiropraktisk-klinik\/"]}]},{"@type":"BreadcrumbList","@id":"https:\/\/niipit.dk\/kiropraktisk-klinik\/#breadcrumb","itemListElement":[{"@type":"ListItem","position":1,"name":"Hjem","item":"https:\/\/niipit.dk\/kiropraktisk-klinik\/"},{"@type":"ListItem","position":2,"name":"Forside"}]},{"@type":"WebSite","@id":"https:\/\/niipit.dk\/kiropraktisk-klinik\/#website","url":"https:\/\/niipit.dk\/kiropraktisk-klinik\/","name":"Kiropraktisk Klinik","description":"v\/ Gunvor J\u00f8rnsg\u00e5rd. Haderslev","potentialAction":[{"@type":"SearchAction","target":{"@type":"EntryPoint","urlTemplate":"https:\/\/niipit.dk\/kiropraktisk-klinik\/?s={search_term_string}"},"query-input":{"@type":"PropertyValueSpecification","valueRequired":true,"valueName":"search_term_string"}}],"inLanguage":"da-DK"}]}},"_links":{"self":[{"href":"https:\/\/niipit.dk\/kiropraktisk-klinik\/wp-json\/wp\/v2\/pages\/5064","targetHints":{"allow":["GET"]}}],"collection":[{"href":"https:\/\/niipit.dk\/kiropraktisk-klinik\/wp-json\/wp\/v2\/pages"}],"about":[{"href":"https:\/\/niipit.dk\/kiropraktisk-klinik\/wp-json\/wp\/v2\/types\/page"}],"author":[{"embeddable":true,"href":"https:\/\/niipit.dk\/kiropraktisk-klinik\/wp-json\/wp\/v2\/users\/1"}],"replies":[{"embeddable":true,"href":"https:\/\/niipit.dk\/kiropraktisk-klinik\/wp-json\/wp\/v2\/comments?post=5064"}],"version-history":[{"count":2,"href":"https:\/\/niipit.dk\/kiropraktisk-klinik\/wp-json\/wp\/v2\/pages\/5064\/revisions"}],"predecessor-version":[{"id":7318,"href":"https:\/\/niipit.dk\/kiropraktisk-klinik\/wp-json\/wp\/v2\/pages\/5064\/revisions\/7318"}],"wp:attachment":[{"href":"https:\/\/niipit.dk\/kiropraktisk-klinik\/wp-json\/wp\/v2\/media?parent=5064"}],"curies":[{"name":"wp","href":"https:\/\/api.w.org\/{rel}","templated":true}]}}