{"id":5105,"date":"2018-08-15T22:02:47","date_gmt":"2018-08-15T20:02:47","guid":{"rendered":"https:\/\/niipit.dk\/nv2-QogM\/?page_id=5105"},"modified":"2019-07-26T08:38:00","modified_gmt":"2019-07-26T06:38:00","slug":"om","status":"publish","type":"page","link":"https:\/\/niipit.dk\/kaeledyrenesparadis\/om\/","title":{"rendered":"Lidt om os."},"content":{"rendered":"<div class=\"thrv_wrapper thrv_heading\" data-tag=\"h1\" data-css=\"tve-u-163a601a1f4\">\n<h2 data-css=\"tve-u-163a60192ea\">K\u00e6ledyrenesParadis<\/h2>\n<p>Er en lille hyggelig butik med et k\u00e6mpe udvalg til lige netop dit k\u00e6ledyr.<\/p>\n<p>Du finder os I S\u00f8nderjylland \/ Gram lige overfor hvor Rema 1000 kommer med en ny flot butik.<\/p>\n<p>Hos os g\u00e5r du ikke forg\u00e6ves. Du finder mange forskellige ting p\u00e5 vores hylder men du finder ikke hverken 10 eller 20 af den samme ting. Det er det som g\u00f8r at du kan f\u00e5 s\u00e5 stort et udvalg.<\/p>\n<p>Hvad enten du har en gnaver, en fugl, en hund eller en kat s\u00e5 finder du udstyret hos os.<\/p>\n<p>Hvis du ikke har mulighed for at komme til os i Gram s\u00e5 har du mulighed for at finde os p\u00e5 markeder rundt om i hele Danmark.<\/p>\n<\/div>\n<div class=\"thrv_wrapper thrv_text_element tve_empty_dropzone\" data-css=\"tve-u-163a60acbcb\">\n<div class=\"thrv_wrapper thrv_text_element tve_empty_dropzone\" data-css=\"tve-u-163a3bcdd15\">\n<p data-css=\"tve-u-163a3bcdd13\">\n<\/div>\n<\/div>\n","protected":false},"excerpt":{"rendered":"<p>K\u00e6ledyrenesParadis Er en lille hyggelig butik med et k\u00e6mpe udvalg til lige netop dit k\u00e6ledyr. Du finder os I S\u00f8nderjylland \/ Gram lige overfor hvor Rema 1000 kommer med en ny flot butik. Hos os g\u00e5r du ikke forg\u00e6ves. Du finder mange forskellige ting p\u00e5 vores hylder men du finder ikke hverken 10 eller 20 <a class=\"moretag btn btn-primary\" href=\"https:\/\/niipit.dk\/kaeledyrenesparadis\/om\/\">L\u00e6s mere<\/a><\/p>\n","protected":false},"author":151,"featured_media":0,"parent":0,"menu_order":0,"comment_status":"closed","ping_status":"closed","template":"","meta":{"_exactmetrics_skip_tracking":false,"_exactmetrics_sitenote_active":false,"_exactmetrics_sitenote_note":"","_exactmetrics_sitenote_category":0,"_monsterinsights_skip_tracking":false,"_monsterinsights_sitenote_active":false,"_monsterinsights_sitenote_note":"","_monsterinsights_sitenote_category":0,"footnotes":""},"class_list":["post-5105","page","type-page","status-publish","hentry"],"yoast_head":"<!-- This site is optimized with the Yoast SEO Premium plugin v16.3 (Yoast SEO v27.4) - https:\/\/yoast.com\/product\/yoast-seo-premium-wordpress\/ -->\n<title>Lidt om os. - K\u00e6ledyrenes Paradis<\/title>\n<meta name=\"robots\" content=\"index, follow, max-snippet:-1, max-image-preview:large, max-video-preview:-1\" \/>\n<link rel=\"canonical\" href=\"https:\/\/niipit.dk\/kaeledyrenesparadis\/om\/\" \/>\n<meta property=\"og:locale\" content=\"da_DK\" \/>\n<meta property=\"og:type\" content=\"article\" \/>\n<meta property=\"og:title\" content=\"Lidt om os. - K\u00e6ledyrenes Paradis\" \/>\n<meta property=\"og:description\" content=\"K\u00e6ledyrenesParadis Er en lille hyggelig butik med et k\u00e6mpe udvalg til lige netop dit k\u00e6ledyr. Du finder os I S\u00f8nderjylland \/ Gram lige overfor hvor Rema 1000 kommer med en ny flot butik. Hos os g\u00e5r du ikke forg\u00e6ves. Du finder mange forskellige ting p\u00e5 vores hylder men du finder ikke hverken 10 eller 20 L\u00e6s mere\" \/>\n<meta property=\"og:url\" content=\"https:\/\/niipit.dk\/kaeledyrenesparadis\/om\/\" \/>\n<meta property=\"og:site_name\" content=\"K\u00e6ledyrenes Paradis\" \/>\n<meta property=\"article:modified_time\" content=\"2019-07-26T06:38:00+00:00\" \/>\n<meta name=\"twitter:card\" content=\"summary_large_image\" \/>\n<meta name=\"twitter:label1\" content=\"Estimeret l\u00e6setid\" \/>\n\t<meta name=\"twitter:data1\" content=\"1 minut\" \/>\n<script type=\"application\/ld+json\" class=\"yoast-schema-graph\">{\"@context\":\"https:\\\/\\\/schema.org\",\"@graph\":[{\"@type\":\"WebPage\",\"@id\":\"https:\\\/\\\/niipit.dk\\\/kaeledyrenesparadis\\\/om\\\/\",\"url\":\"https:\\\/\\\/niipit.dk\\\/kaeledyrenesparadis\\\/om\\\/\",\"name\":\"Lidt om os. - K\u00e6ledyrenes Paradis\",\"isPartOf\":{\"@id\":\"http:\\\/\\\/niipit.dk\\\/kaeledyrenesparadis\\\/#website\"},\"datePublished\":\"2018-08-15T20:02:47+00:00\",\"dateModified\":\"2019-07-26T06:38:00+00:00\",\"breadcrumb\":{\"@id\":\"https:\\\/\\\/niipit.dk\\\/kaeledyrenesparadis\\\/om\\\/#breadcrumb\"},\"inLanguage\":\"da-DK\",\"potentialAction\":[{\"@type\":\"ReadAction\",\"target\":[\"https:\\\/\\\/niipit.dk\\\/kaeledyrenesparadis\\\/om\\\/\"]}]},{\"@type\":\"BreadcrumbList\",\"@id\":\"https:\\\/\\\/niipit.dk\\\/kaeledyrenesparadis\\\/om\\\/#breadcrumb\",\"itemListElement\":[{\"@type\":\"ListItem\",\"position\":1,\"name\":\"Hjem\",\"item\":\"http:\\\/\\\/niipit.dk\\\/kaeledyrenesparadis\\\/\"},{\"@type\":\"ListItem\",\"position\":2,\"name\":\"Lidt om os.\"}]},{\"@type\":\"WebSite\",\"@id\":\"http:\\\/\\\/niipit.dk\\\/kaeledyrenesparadis\\\/#website\",\"url\":\"http:\\\/\\\/niipit.dk\\\/kaeledyrenesparadis\\\/\",\"name\":\"K\u00e6ledyrenes Paradis\",\"description\":\"Alt I udstyr til dit k\u00e6ledyr\",\"potentialAction\":[{\"@type\":\"SearchAction\",\"target\":{\"@type\":\"EntryPoint\",\"urlTemplate\":\"http:\\\/\\\/niipit.dk\\\/kaeledyrenesparadis\\\/?s={search_term_string}\"},\"query-input\":{\"@type\":\"PropertyValueSpecification\",\"valueRequired\":true,\"valueName\":\"search_term_string\"}}],\"inLanguage\":\"da-DK\"}]}<\/script>\n<!-- \/ Yoast SEO Premium plugin. -->","yoast_head_json":{"title":"Lidt om os. - K\u00e6ledyrenes Paradis","robots":{"index":"index","follow":"follow","max-snippet":"max-snippet:-1","max-image-preview":"max-image-preview:large","max-video-preview":"max-video-preview:-1"},"canonical":"https:\/\/niipit.dk\/kaeledyrenesparadis\/om\/","og_locale":"da_DK","og_type":"article","og_title":"Lidt om os. - K\u00e6ledyrenes Paradis","og_description":"K\u00e6ledyrenesParadis Er en lille hyggelig butik med et k\u00e6mpe udvalg til lige netop dit k\u00e6ledyr. Du finder os I S\u00f8nderjylland \/ Gram lige overfor hvor Rema 1000 kommer med en ny flot butik. Hos os g\u00e5r du ikke forg\u00e6ves. Du finder mange forskellige ting p\u00e5 vores hylder men du finder ikke hverken 10 eller 20 L\u00e6s mere","og_url":"https:\/\/niipit.dk\/kaeledyrenesparadis\/om\/","og_site_name":"K\u00e6ledyrenes Paradis","article_modified_time":"2019-07-26T06:38:00+00:00","twitter_card":"summary_large_image","twitter_misc":{"Estimeret l\u00e6setid":"1 minut"},"schema":{"@context":"https:\/\/schema.org","@graph":[{"@type":"WebPage","@id":"https:\/\/niipit.dk\/kaeledyrenesparadis\/om\/","url":"https:\/\/niipit.dk\/kaeledyrenesparadis\/om\/","name":"Lidt om os. - K\u00e6ledyrenes Paradis","isPartOf":{"@id":"http:\/\/niipit.dk\/kaeledyrenesparadis\/#website"},"datePublished":"2018-08-15T20:02:47+00:00","dateModified":"2019-07-26T06:38:00+00:00","breadcrumb":{"@id":"https:\/\/niipit.dk\/kaeledyrenesparadis\/om\/#breadcrumb"},"inLanguage":"da-DK","potentialAction":[{"@type":"ReadAction","target":["https:\/\/niipit.dk\/kaeledyrenesparadis\/om\/"]}]},{"@type":"BreadcrumbList","@id":"https:\/\/niipit.dk\/kaeledyrenesparadis\/om\/#breadcrumb","itemListElement":[{"@type":"ListItem","position":1,"name":"Hjem","item":"http:\/\/niipit.dk\/kaeledyrenesparadis\/"},{"@type":"ListItem","position":2,"name":"Lidt om os."}]},{"@type":"WebSite","@id":"http:\/\/niipit.dk\/kaeledyrenesparadis\/#website","url":"http:\/\/niipit.dk\/kaeledyrenesparadis\/","name":"K\u00e6ledyrenes Paradis","description":"Alt I udstyr til dit k\u00e6ledyr","potentialAction":[{"@type":"SearchAction","target":{"@type":"EntryPoint","urlTemplate":"http:\/\/niipit.dk\/kaeledyrenesparadis\/?s={search_term_string}"},"query-input":{"@type":"PropertyValueSpecification","valueRequired":true,"valueName":"search_term_string"}}],"inLanguage":"da-DK"}]}},"_links":{"self":[{"href":"https:\/\/niipit.dk\/kaeledyrenesparadis\/wp-json\/wp\/v2\/pages\/5105","targetHints":{"allow":["GET"]}}],"collection":[{"href":"https:\/\/niipit.dk\/kaeledyrenesparadis\/wp-json\/wp\/v2\/pages"}],"about":[{"href":"https:\/\/niipit.dk\/kaeledyrenesparadis\/wp-json\/wp\/v2\/types\/page"}],"author":[{"embeddable":true,"href":"https:\/\/niipit.dk\/kaeledyrenesparadis\/wp-json\/wp\/v2\/users\/151"}],"replies":[{"embeddable":true,"href":"https:\/\/niipit.dk\/kaeledyrenesparadis\/wp-json\/wp\/v2\/comments?post=5105"}],"version-history":[{"count":0,"href":"https:\/\/niipit.dk\/kaeledyrenesparadis\/wp-json\/wp\/v2\/pages\/5105\/revisions"}],"wp:attachment":[{"href":"https:\/\/niipit.dk\/kaeledyrenesparadis\/wp-json\/wp\/v2\/media?parent=5105"}],"curies":[{"name":"wp","href":"https:\/\/api.w.org\/{rel}","templated":true}]}}