{"id":5064,"date":"2020-03-27T22:29:34","date_gmt":"2020-03-27T21:29:34","guid":{"rendered":"https:\/\/niipit.dk\/janne-k\/?page_id=5064"},"modified":"2021-05-22T15:32:29","modified_gmt":"2021-05-22T13:32:29","slug":"bestil-her","status":"publish","type":"page","link":"https:\/\/niipit.dk\/janne-k\/","title":{"rendered":"Forside"},"content":{"rendered":"\n<h2 class=\"wp-block-heading\" id=\"h-janne-k-kolding\">Janne K Kolding<\/h2>\n\n\n\n<p>Har du styr p\u00e5 garderoben n\u00e5r vejret skifter? Janne K i Kolding har altid t\u00f8j til vejrskift eller n\u00e5r du tr\u00e6nger til fornyelse af din garderobe. <\/p>\n\n\n\n<p>Det danske vejr kan v\u00e6re en drillepind. Men uanset om det er regn og slud eller h\u00f8j sol s\u00e5 husk at det er ikke vejret den er gal med, det er p\u00e5kl\u00e6dningen. Har du set de smarte regnjakker der er i butikkerne?<\/p>\n\n\n\n<p>Hvis du er til jeans, skjorter, cowboy jakker eller strik s\u00e5 finder du det hele i <a href=\"https:\/\/da-dk.facebook.com\/JanneKButik\/\" target=\"_blank\" rel=\"noreferrer noopener\">Janne K\u00b4s<\/a> butikker. Uanset om du bes\u00f8ger os i Kolding, S\u00f8nderborg, Svendborg, Frederikssund, r\u00f8nne, Allinge eller Gudhjem. Alle hylder og b\u00f8jler er altid fyldt op til dig s\u00e5 du kan finde lige det du mangler.<\/p>\n\n\n\n<p>Hvis du allerede kender Janne K s\u00e5 er du meget velkommen til at skrive en <a href=\"https:\/\/niipit.dk\/janne-k\/anmeldelser\/\">anmeldelse<\/a><\/p>\n","protected":false},"excerpt":{"rendered":"<p>Janne K Kolding Har du styr p\u00e5 garderoben n\u00e5r vejret skifter? Janne K i Kolding har altid t\u00f8j til vejrskift eller n\u00e5r du tr\u00e6nger til fornyelse af din garderobe. Det danske vejr kan v\u00e6re en drillepind. Men uanset om det er regn og slud eller h\u00f8j sol s\u00e5 husk at det er ikke vejret den <a class=\"moretag btn btn-primary\" href=\"https:\/\/niipit.dk\/janne-k\/\">L\u00e6s mere<\/a><\/p>\n","protected":false},"author":988,"featured_media":0,"parent":0,"menu_order":0,"comment_status":"closed","ping_status":"closed","template":"frontpagePremium.php","meta":{"_exactmetrics_skip_tracking":false,"_exactmetrics_sitenote_active":false,"_exactmetrics_sitenote_note":"","_exactmetrics_sitenote_category":0,"_monsterinsights_skip_tracking":false,"_monsterinsights_sitenote_active":false,"_monsterinsights_sitenote_note":"","_monsterinsights_sitenote_category":0,"footnotes":""},"class_list":["post-5064","page","type-page","status-publish","hentry"],"yoast_head":"<!-- This site is optimized with the Yoast SEO Premium plugin v16.3 (Yoast SEO v27.2) - https:\/\/yoast.com\/product\/yoast-seo-premium-wordpress\/ -->\n<title>Janne K, Kolding - Shop lokalt Ring +45 27 52 76 55<\/title>\n<meta name=\"description\" content=\"Janne K i Kolding Shop online hos dine lokale butikker Det er godt for dig og milj\u00f8et Se hvad din lokale butik har til dig \u27a2\u27a2\u27a2\" \/>\n<meta name=\"robots\" content=\"index, follow, max-snippet:-1, max-image-preview:large, max-video-preview:-1\" \/>\n<link rel=\"canonical\" href=\"https:\/\/niipit.dk\/janne-k\/\" \/>\n<meta property=\"og:locale\" content=\"da_DK\" \/>\n<meta property=\"og:type\" content=\"article\" \/>\n<meta property=\"og:title\" content=\"Janne K, Kolding - Shop lokalt Ring +45 27 52 76 55\" \/>\n<meta property=\"og:description\" content=\"Janne K i Kolding Shop online hos dine lokale butikker Det er godt for dig og milj\u00f8et Se hvad din lokale butik har til dig \u27a2\u27a2\u27a2\" \/>\n<meta property=\"og:url\" content=\"https:\/\/niipit.dk\/janne-k\/\" \/>\n<meta property=\"og:site_name\" content=\"Janne K\" \/>\n<meta property=\"article:modified_time\" content=\"2021-05-22T13:32:29+00:00\" \/>\n<meta name=\"twitter:card\" content=\"summary_large_image\" \/>\n<meta name=\"twitter:label1\" content=\"Estimeret l\u00e6setid\" \/>\n\t<meta name=\"twitter:data1\" content=\"1 minut\" \/>\n<script type=\"application\/ld+json\" class=\"yoast-schema-graph\">{\"@context\":\"https:\/\/schema.org\",\"@graph\":[{\"@type\":\"WebPage\",\"@id\":\"https:\/\/niipit.dk\/janne-k\/\",\"url\":\"https:\/\/niipit.dk\/janne-k\/\",\"name\":\"Janne K, Kolding - Shop lokalt Ring +45 27 52 76 55\",\"isPartOf\":{\"@id\":\"https:\/\/niipit.dk\/janne-k\/#website\"},\"datePublished\":\"2020-03-27T21:29:34+00:00\",\"dateModified\":\"2021-05-22T13:32:29+00:00\",\"description\":\"Janne K i Kolding Shop online hos dine lokale butikker Det er godt for dig og milj\u00f8et Se hvad din lokale butik har til dig \u27a2\u27a2\u27a2\",\"breadcrumb\":{\"@id\":\"https:\/\/niipit.dk\/janne-k\/#breadcrumb\"},\"inLanguage\":\"da-DK\",\"potentialAction\":[{\"@type\":\"ReadAction\",\"target\":[\"https:\/\/niipit.dk\/janne-k\/\"]}]},{\"@type\":\"BreadcrumbList\",\"@id\":\"https:\/\/niipit.dk\/janne-k\/#breadcrumb\",\"itemListElement\":[{\"@type\":\"ListItem\",\"position\":1,\"name\":\"Hjem\",\"item\":\"https:\/\/niipit.dk\/janne-k\/\"},{\"@type\":\"ListItem\",\"position\":2,\"name\":\"Forside\"}]},{\"@type\":\"WebSite\",\"@id\":\"https:\/\/niipit.dk\/janne-k\/#website\",\"url\":\"https:\/\/niipit.dk\/janne-k\/\",\"name\":\"Janne K\",\"description\":\"Shop lokalt ???? Shop Dansk\",\"potentialAction\":[{\"@type\":\"SearchAction\",\"target\":{\"@type\":\"EntryPoint\",\"urlTemplate\":\"https:\/\/niipit.dk\/janne-k\/?s={search_term_string}\"},\"query-input\":{\"@type\":\"PropertyValueSpecification\",\"valueRequired\":true,\"valueName\":\"search_term_string\"}}],\"inLanguage\":\"da-DK\"}]}<\/script>\n<!-- \/ Yoast SEO Premium plugin. -->","yoast_head_json":{"title":"Janne K, Kolding - Shop lokalt Ring +45 27 52 76 55","description":"Janne K i Kolding Shop online hos dine lokale butikker Det er godt for dig og milj\u00f8et Se hvad din lokale butik har til dig \u27a2\u27a2\u27a2","robots":{"index":"index","follow":"follow","max-snippet":"max-snippet:-1","max-image-preview":"max-image-preview:large","max-video-preview":"max-video-preview:-1"},"canonical":"https:\/\/niipit.dk\/janne-k\/","og_locale":"da_DK","og_type":"article","og_title":"Janne K, Kolding - Shop lokalt Ring +45 27 52 76 55","og_description":"Janne K i Kolding Shop online hos dine lokale butikker Det er godt for dig og milj\u00f8et Se hvad din lokale butik har til dig \u27a2\u27a2\u27a2","og_url":"https:\/\/niipit.dk\/janne-k\/","og_site_name":"Janne K","article_modified_time":"2021-05-22T13:32:29+00:00","twitter_card":"summary_large_image","twitter_misc":{"Estimeret l\u00e6setid":"1 minut"},"schema":{"@context":"https:\/\/schema.org","@graph":[{"@type":"WebPage","@id":"https:\/\/niipit.dk\/janne-k\/","url":"https:\/\/niipit.dk\/janne-k\/","name":"Janne K, Kolding - Shop lokalt Ring +45 27 52 76 55","isPartOf":{"@id":"https:\/\/niipit.dk\/janne-k\/#website"},"datePublished":"2020-03-27T21:29:34+00:00","dateModified":"2021-05-22T13:32:29+00:00","description":"Janne K i Kolding Shop online hos dine lokale butikker Det er godt for dig og milj\u00f8et Se hvad din lokale butik har til dig \u27a2\u27a2\u27a2","breadcrumb":{"@id":"https:\/\/niipit.dk\/janne-k\/#breadcrumb"},"inLanguage":"da-DK","potentialAction":[{"@type":"ReadAction","target":["https:\/\/niipit.dk\/janne-k\/"]}]},{"@type":"BreadcrumbList","@id":"https:\/\/niipit.dk\/janne-k\/#breadcrumb","itemListElement":[{"@type":"ListItem","position":1,"name":"Hjem","item":"https:\/\/niipit.dk\/janne-k\/"},{"@type":"ListItem","position":2,"name":"Forside"}]},{"@type":"WebSite","@id":"https:\/\/niipit.dk\/janne-k\/#website","url":"https:\/\/niipit.dk\/janne-k\/","name":"Janne K","description":"Shop lokalt ???? Shop Dansk","potentialAction":[{"@type":"SearchAction","target":{"@type":"EntryPoint","urlTemplate":"https:\/\/niipit.dk\/janne-k\/?s={search_term_string}"},"query-input":{"@type":"PropertyValueSpecification","valueRequired":true,"valueName":"search_term_string"}}],"inLanguage":"da-DK"}]}},"_links":{"self":[{"href":"https:\/\/niipit.dk\/janne-k\/wp-json\/wp\/v2\/pages\/5064","targetHints":{"allow":["GET"]}}],"collection":[{"href":"https:\/\/niipit.dk\/janne-k\/wp-json\/wp\/v2\/pages"}],"about":[{"href":"https:\/\/niipit.dk\/janne-k\/wp-json\/wp\/v2\/types\/page"}],"author":[{"embeddable":true,"href":"https:\/\/niipit.dk\/janne-k\/wp-json\/wp\/v2\/users\/988"}],"replies":[{"embeddable":true,"href":"https:\/\/niipit.dk\/janne-k\/wp-json\/wp\/v2\/comments?post=5064"}],"version-history":[{"count":4,"href":"https:\/\/niipit.dk\/janne-k\/wp-json\/wp\/v2\/pages\/5064\/revisions"}],"predecessor-version":[{"id":6021,"href":"https:\/\/niipit.dk\/janne-k\/wp-json\/wp\/v2\/pages\/5064\/revisions\/6021"}],"wp:attachment":[{"href":"https:\/\/niipit.dk\/janne-k\/wp-json\/wp\/v2\/media?parent=5064"}],"curies":[{"name":"wp","href":"https:\/\/api.w.org\/{rel}","templated":true}]}}