{"id":5105,"date":"2018-08-15T22:02:47","date_gmt":"2018-08-15T20:02:47","guid":{"rendered":"https:\/\/niipit.dk\/nv2-QogM\/?page_id=5105"},"modified":"2020-07-04T14:33:54","modified_gmt":"2020-07-04T12:33:54","slug":"om","status":"publish","type":"page","link":"https:\/\/niipit.dk\/hvordan-bliver-man-blogger\/om\/","title":{"rendered":"Om"},"content":{"rendered":"<div class=\"thrv_wrapper thrv_heading\" data-tag=\"h1\" data-css=\"tve-u-163a601a1f4\">\n<h1 style=\"text-align: center;\" data-css=\"tve-u-163a60192ea\">Vil du v\u00e6re blogger?<\/h1>\n<h2 style=\"text-align: center;\">S\u00e5 kan det v\u00e6re at Niipit er stedet hvor du vil blogge.<\/h2>\n<p style=\"text-align: center;\">Her f\u00e5r du nemlig en blog som du kan styre selv og skrive fra n\u00e5r det passer dig.<\/p>\n<p style=\"text-align: center;\">Niipit har lavet nogle standart blogs som du kan blogge fra.<\/p>\n<p style=\"text-align: center;\"><a href=\"https:\/\/niipit.dk\/hvordan-bliver-man-blogger\/category\/alle\/\">Se meget mere her p\u00e5 bloggen<\/a><\/p>\n<\/div>\n<div class=\"thrv_wrapper thrv_text_element tve_empty_dropzone\" data-css=\"tve-u-163a60acbcb\">\n<div class=\"thrv_wrapper thrv_text_element tve_empty_dropzone\" data-css=\"tve-u-163a3bcdd15\">\n<p data-css=\"tve-u-163a3bcdd13\">\n<\/div>\n<\/div>\n","protected":false},"excerpt":{"rendered":"<p>Vil du v\u00e6re blogger? S\u00e5 kan det v\u00e6re at Niipit er stedet hvor du vil blogge. Her f\u00e5r du nemlig en blog som du kan styre selv og skrive fra n\u00e5r det passer dig. Niipit har lavet nogle standart blogs som du kan blogge fra. Se meget mere her p\u00e5 bloggen<\/p>\n","protected":false},"author":151,"featured_media":0,"parent":0,"menu_order":0,"comment_status":"closed","ping_status":"closed","template":"","meta":{"_exactmetrics_skip_tracking":false,"_exactmetrics_sitenote_active":false,"_exactmetrics_sitenote_note":"","_exactmetrics_sitenote_category":0,"_monsterinsights_skip_tracking":false,"_monsterinsights_sitenote_active":false,"_monsterinsights_sitenote_note":"","_monsterinsights_sitenote_category":0,"footnotes":""},"class_list":["post-5105","page","type-page","status-publish","hentry"],"yoast_head":"<!-- This site is optimized with the Yoast SEO Premium plugin v16.3 (Yoast SEO v27.4) - https:\/\/yoast.com\/product\/yoast-seo-premium-wordpress\/ -->\n<title>Om - Hvordan bliver man blogger<\/title>\n<meta name=\"robots\" content=\"index, follow, max-snippet:-1, max-image-preview:large, max-video-preview:-1\" \/>\n<link rel=\"canonical\" href=\"https:\/\/niipit.dk\/hvordan-bliver-man-blogger\/om\/\" \/>\n<meta property=\"og:locale\" content=\"da_DK\" \/>\n<meta property=\"og:type\" content=\"article\" \/>\n<meta property=\"og:title\" content=\"Om - Hvordan bliver man blogger\" \/>\n<meta property=\"og:description\" content=\"Vil du v\u00e6re blogger? S\u00e5 kan det v\u00e6re at Niipit er stedet hvor du vil blogge. Her f\u00e5r du nemlig en blog som du kan styre selv og skrive fra n\u00e5r det passer dig. Niipit har lavet nogle standart blogs som du kan blogge fra. Se meget mere her p\u00e5 bloggen\" \/>\n<meta property=\"og:url\" content=\"https:\/\/niipit.dk\/hvordan-bliver-man-blogger\/om\/\" \/>\n<meta property=\"og:site_name\" content=\"Hvordan bliver man blogger\" \/>\n<meta property=\"article:modified_time\" content=\"2020-07-04T12:33:54+00:00\" \/>\n<meta name=\"twitter:card\" content=\"summary_large_image\" \/>\n<script type=\"application\/ld+json\" class=\"yoast-schema-graph\">{\"@context\":\"https:\\\/\\\/schema.org\",\"@graph\":[{\"@type\":\"WebPage\",\"@id\":\"https:\\\/\\\/niipit.dk\\\/hvordan-bliver-man-blogger\\\/om\\\/\",\"url\":\"https:\\\/\\\/niipit.dk\\\/hvordan-bliver-man-blogger\\\/om\\\/\",\"name\":\"Om - Hvordan bliver man blogger\",\"isPartOf\":{\"@id\":\"http:\\\/\\\/niipit.dk\\\/hvordan-bliver-man-blogger\\\/#website\"},\"datePublished\":\"2018-08-15T20:02:47+00:00\",\"dateModified\":\"2020-07-04T12:33:54+00:00\",\"breadcrumb\":{\"@id\":\"https:\\\/\\\/niipit.dk\\\/hvordan-bliver-man-blogger\\\/om\\\/#breadcrumb\"},\"inLanguage\":\"da-DK\",\"potentialAction\":[{\"@type\":\"ReadAction\",\"target\":[\"https:\\\/\\\/niipit.dk\\\/hvordan-bliver-man-blogger\\\/om\\\/\"]}]},{\"@type\":\"BreadcrumbList\",\"@id\":\"https:\\\/\\\/niipit.dk\\\/hvordan-bliver-man-blogger\\\/om\\\/#breadcrumb\",\"itemListElement\":[{\"@type\":\"ListItem\",\"position\":1,\"name\":\"Hjem\",\"item\":\"http:\\\/\\\/niipit.dk\\\/hvordan-bliver-man-blogger\\\/\"},{\"@type\":\"ListItem\",\"position\":2,\"name\":\"Om\"}]},{\"@type\":\"WebSite\",\"@id\":\"http:\\\/\\\/niipit.dk\\\/hvordan-bliver-man-blogger\\\/#website\",\"url\":\"http:\\\/\\\/niipit.dk\\\/hvordan-bliver-man-blogger\\\/\",\"name\":\"Hvordan bliver man blogger\",\"description\":\"F\u00e5 din virksomhed p\u00e5 niipit\",\"potentialAction\":[{\"@type\":\"SearchAction\",\"target\":{\"@type\":\"EntryPoint\",\"urlTemplate\":\"http:\\\/\\\/niipit.dk\\\/hvordan-bliver-man-blogger\\\/?s={search_term_string}\"},\"query-input\":{\"@type\":\"PropertyValueSpecification\",\"valueRequired\":true,\"valueName\":\"search_term_string\"}}],\"inLanguage\":\"da-DK\"}]}<\/script>\n<!-- \/ Yoast SEO Premium plugin. -->","yoast_head_json":{"title":"Om - Hvordan bliver man blogger","robots":{"index":"index","follow":"follow","max-snippet":"max-snippet:-1","max-image-preview":"max-image-preview:large","max-video-preview":"max-video-preview:-1"},"canonical":"https:\/\/niipit.dk\/hvordan-bliver-man-blogger\/om\/","og_locale":"da_DK","og_type":"article","og_title":"Om - Hvordan bliver man blogger","og_description":"Vil du v\u00e6re blogger? S\u00e5 kan det v\u00e6re at Niipit er stedet hvor du vil blogge. Her f\u00e5r du nemlig en blog som du kan styre selv og skrive fra n\u00e5r det passer dig. Niipit har lavet nogle standart blogs som du kan blogge fra. Se meget mere her p\u00e5 bloggen","og_url":"https:\/\/niipit.dk\/hvordan-bliver-man-blogger\/om\/","og_site_name":"Hvordan bliver man blogger","article_modified_time":"2020-07-04T12:33:54+00:00","twitter_card":"summary_large_image","schema":{"@context":"https:\/\/schema.org","@graph":[{"@type":"WebPage","@id":"https:\/\/niipit.dk\/hvordan-bliver-man-blogger\/om\/","url":"https:\/\/niipit.dk\/hvordan-bliver-man-blogger\/om\/","name":"Om - Hvordan bliver man blogger","isPartOf":{"@id":"http:\/\/niipit.dk\/hvordan-bliver-man-blogger\/#website"},"datePublished":"2018-08-15T20:02:47+00:00","dateModified":"2020-07-04T12:33:54+00:00","breadcrumb":{"@id":"https:\/\/niipit.dk\/hvordan-bliver-man-blogger\/om\/#breadcrumb"},"inLanguage":"da-DK","potentialAction":[{"@type":"ReadAction","target":["https:\/\/niipit.dk\/hvordan-bliver-man-blogger\/om\/"]}]},{"@type":"BreadcrumbList","@id":"https:\/\/niipit.dk\/hvordan-bliver-man-blogger\/om\/#breadcrumb","itemListElement":[{"@type":"ListItem","position":1,"name":"Hjem","item":"http:\/\/niipit.dk\/hvordan-bliver-man-blogger\/"},{"@type":"ListItem","position":2,"name":"Om"}]},{"@type":"WebSite","@id":"http:\/\/niipit.dk\/hvordan-bliver-man-blogger\/#website","url":"http:\/\/niipit.dk\/hvordan-bliver-man-blogger\/","name":"Hvordan bliver man blogger","description":"F\u00e5 din virksomhed p\u00e5 niipit","potentialAction":[{"@type":"SearchAction","target":{"@type":"EntryPoint","urlTemplate":"http:\/\/niipit.dk\/hvordan-bliver-man-blogger\/?s={search_term_string}"},"query-input":{"@type":"PropertyValueSpecification","valueRequired":true,"valueName":"search_term_string"}}],"inLanguage":"da-DK"}]}},"_links":{"self":[{"href":"https:\/\/niipit.dk\/hvordan-bliver-man-blogger\/wp-json\/wp\/v2\/pages\/5105","targetHints":{"allow":["GET"]}}],"collection":[{"href":"https:\/\/niipit.dk\/hvordan-bliver-man-blogger\/wp-json\/wp\/v2\/pages"}],"about":[{"href":"https:\/\/niipit.dk\/hvordan-bliver-man-blogger\/wp-json\/wp\/v2\/types\/page"}],"author":[{"embeddable":true,"href":"https:\/\/niipit.dk\/hvordan-bliver-man-blogger\/wp-json\/wp\/v2\/users\/151"}],"replies":[{"embeddable":true,"href":"https:\/\/niipit.dk\/hvordan-bliver-man-blogger\/wp-json\/wp\/v2\/comments?post=5105"}],"version-history":[{"count":0,"href":"https:\/\/niipit.dk\/hvordan-bliver-man-blogger\/wp-json\/wp\/v2\/pages\/5105\/revisions"}],"wp:attachment":[{"href":"https:\/\/niipit.dk\/hvordan-bliver-man-blogger\/wp-json\/wp\/v2\/media?parent=5105"}],"curies":[{"name":"wp","href":"https:\/\/api.w.org\/{rel}","templated":true}]}}