{"id":5064,"date":"2020-03-27T22:29:34","date_gmt":"2020-03-27T21:29:34","guid":{"rendered":"https:\/\/niipit.dk\/havanna-shoes\/?page_id=5064"},"modified":"2021-05-28T08:20:21","modified_gmt":"2021-05-28T06:20:21","slug":"bestil-her","status":"publish","type":"page","link":"https:\/\/niipit.dk\/havanna-shoes\/","title":{"rendered":"Forside"},"content":{"rendered":"\n<h2 class=\"wp-block-heading\" id=\"h-havanna-shoes-din-sko-butik\">Havanna Shoes &#8211; Din sko butik<\/h2>\n\n\n\n<p>Vi elsker sko og vi g\u00e5r kun efter det bedste til dig. Havanna Shoes er din sko butik hvad enten du vil handle online eller i en af vores butikker der er fordelt rundt om i landet.<\/p>\n\n\n\n<h3 class=\"wp-block-heading\" id=\"h-billige-dame-sko-og-billige-herre-sko\">Billige Dame sko og billige herre sko<\/h3>\n\n\n\n<p>Hos os finder du ikke bare sko du finder b\u00e5de m\u00e6rkesko, kvalitets sko og billige dame sko samt billige herre sko. For os handler det nemlig ikke kun om prisen. Det handler om tilfredse kunder derfor finder du b\u00e5de kvalitet, brands og billige sko til hele familien.<\/p>\n\n\n\n<h3 class=\"wp-block-heading\" id=\"h-k-b-sko-lokalt\">K\u00f8b sko lokalt<\/h3>\n\n\n\n<p id=\"h-\">Hele livet skal vi bruge sko til vores f\u00f8dder. Lige fra vi kan begynde at g\u00e5 til vores dage ender s\u00e5 pakker vi vores f\u00f8dder ind i sko. Derfor anbefaler vi at du finder en lokal sko forhandler der kan guide dig og dine f\u00f8dder til de bedste sko. Selv om du handler lokalt s\u00e5 kan du sagtens handle online hvis du har det bedste med det. Men vi g\u00f8r alt hvad vi kan for holde \u00e5bent n\u00e5r du har brug for det.<\/p>\n\n\n\n<div class=\"wp-block-image\"><figure class=\"aligncenter size-large\"><img loading=\"lazy\" decoding=\"async\" width=\"1024\" height=\"576\" src=\"https:\/\/niipit.dk\/havanna-shoes\/wp-content\/uploads\/sites\/544\/2020\/04\/Havanna-Shoes-banner-city-Kolding.jpg\" alt=\"Havanna-Shoes banner city Kolding\" class=\"wp-image-6008\" srcset=\"https:\/\/niipit.dk\/havanna-shoes\/wp-content\/uploads\/sites\/544\/2020\/04\/Havanna-Shoes-banner-city-Kolding.jpg 1024w, https:\/\/niipit.dk\/havanna-shoes\/wp-content\/uploads\/sites\/544\/2020\/04\/Havanna-Shoes-banner-city-Kolding-300x169.jpg 300w, https:\/\/niipit.dk\/havanna-shoes\/wp-content\/uploads\/sites\/544\/2020\/04\/Havanna-Shoes-banner-city-Kolding-768x432.jpg 768w, https:\/\/niipit.dk\/havanna-shoes\/wp-content\/uploads\/sites\/544\/2020\/04\/Havanna-Shoes-banner-city-Kolding-600x338.jpg 600w\" sizes=\"auto, (max-width: 1024px) 100vw, 1024px\" \/><\/figure><\/div>\n","protected":false},"excerpt":{"rendered":"<p>Havanna Shoes &#8211; Din sko butik Vi elsker sko og vi g\u00e5r kun efter det bedste til dig. Havanna Shoes er din sko butik hvad enten du vil handle online eller i en af vores butikker der er fordelt rundt om i landet. Billige Dame sko og billige herre sko Hos os finder du ikke <a class=\"moretag btn btn-primary\" href=\"https:\/\/niipit.dk\/havanna-shoes\/\">L\u00e6s mere<\/a><\/p>\n","protected":false},"author":905,"featured_media":0,"parent":0,"menu_order":0,"comment_status":"closed","ping_status":"closed","template":"frontpagePremium.php","meta":{"_exactmetrics_skip_tracking":false,"_exactmetrics_sitenote_active":false,"_exactmetrics_sitenote_note":"","_exactmetrics_sitenote_category":0,"_monsterinsights_skip_tracking":false,"_monsterinsights_sitenote_active":false,"_monsterinsights_sitenote_note":"","_monsterinsights_sitenote_category":0,"footnotes":""},"class_list":["post-5064","page","type-page","status-publish","hentry"],"yoast_head":"<!-- This site is optimized with the Yoast SEO Premium plugin v16.3 (Yoast SEO v27.3) - https:\/\/yoast.com\/product\/yoast-seo-premium-wordpress\/ -->\n<title>Havanna Shoes ???? Shop lokalt ???? Ring +45 50 77 91 12 ????<\/title>\n<meta name=\"description\" content=\"Havanna Shoes ???? N\u00e5r du vil fork\u00e6le dig selv eller en du holder af ???? Shop lokalt det gavner omr\u00e5det og milj\u00f8et ???? Se mere her \u27a2\u27a2\u27a2\" \/>\n<meta name=\"robots\" content=\"index, follow, max-snippet:-1, max-image-preview:large, max-video-preview:-1\" \/>\n<link rel=\"canonical\" href=\"https:\/\/niipit.dk\/havanna-shoes\/\" \/>\n<meta property=\"og:locale\" content=\"da_DK\" \/>\n<meta property=\"og:type\" content=\"article\" \/>\n<meta property=\"og:title\" content=\"Havanna Shoes ???? Shop lokalt ???? Ring +45 50 77 91 12 ????\" \/>\n<meta property=\"og:description\" content=\"Havanna Shoes ???? N\u00e5r du vil fork\u00e6le dig selv eller en du holder af ???? Shop lokalt det gavner omr\u00e5det og milj\u00f8et ???? Se mere her \u27a2\u27a2\u27a2\" \/>\n<meta property=\"og:url\" content=\"https:\/\/niipit.dk\/havanna-shoes\/\" \/>\n<meta property=\"og:site_name\" content=\"Havanna Shoes\" \/>\n<meta property=\"article:modified_time\" content=\"2021-05-28T06:20:21+00:00\" \/>\n<meta property=\"og:image\" content=\"https:\/\/niipit.dk\/havanna-shoes\/wp-content\/uploads\/sites\/544\/2020\/04\/Havanna-Shoes-banner-city-Kolding.jpg\" \/>\n<meta name=\"twitter:card\" content=\"summary_large_image\" \/>\n<meta name=\"twitter:label1\" content=\"Estimeret l\u00e6setid\" \/>\n\t<meta name=\"twitter:data1\" content=\"1 minut\" \/>\n<script type=\"application\/ld+json\" class=\"yoast-schema-graph\">{\"@context\":\"https:\\\/\\\/schema.org\",\"@graph\":[{\"@type\":\"WebPage\",\"@id\":\"https:\\\/\\\/niipit.dk\\\/havanna-shoes\\\/\",\"url\":\"https:\\\/\\\/niipit.dk\\\/havanna-shoes\\\/\",\"name\":\"Havanna Shoes ???? Shop lokalt ???? Ring +45 50 77 91 12 ????\",\"isPartOf\":{\"@id\":\"https:\\\/\\\/niipit.dk\\\/havanna-shoes\\\/#website\"},\"primaryImageOfPage\":{\"@id\":\"https:\\\/\\\/niipit.dk\\\/havanna-shoes\\\/#primaryimage\"},\"image\":{\"@id\":\"https:\\\/\\\/niipit.dk\\\/havanna-shoes\\\/#primaryimage\"},\"thumbnailUrl\":\"https:\\\/\\\/niipit.dk\\\/havanna-shoes\\\/wp-content\\\/uploads\\\/sites\\\/544\\\/2020\\\/04\\\/Havanna-Shoes-banner-city-Kolding.jpg\",\"datePublished\":\"2020-03-27T21:29:34+00:00\",\"dateModified\":\"2021-05-28T06:20:21+00:00\",\"description\":\"Havanna Shoes ???? N\u00e5r du vil fork\u00e6le dig selv eller en du holder af ???? Shop lokalt det gavner omr\u00e5det og milj\u00f8et ???? Se mere her \u27a2\u27a2\u27a2\",\"breadcrumb\":{\"@id\":\"https:\\\/\\\/niipit.dk\\\/havanna-shoes\\\/#breadcrumb\"},\"inLanguage\":\"da-DK\",\"potentialAction\":[{\"@type\":\"ReadAction\",\"target\":[\"https:\\\/\\\/niipit.dk\\\/havanna-shoes\\\/\"]}]},{\"@type\":\"ImageObject\",\"inLanguage\":\"da-DK\",\"@id\":\"https:\\\/\\\/niipit.dk\\\/havanna-shoes\\\/#primaryimage\",\"url\":\"https:\\\/\\\/niipit.dk\\\/havanna-shoes\\\/wp-content\\\/uploads\\\/sites\\\/544\\\/2020\\\/04\\\/Havanna-Shoes-banner-city-Kolding.jpg\",\"contentUrl\":\"https:\\\/\\\/niipit.dk\\\/havanna-shoes\\\/wp-content\\\/uploads\\\/sites\\\/544\\\/2020\\\/04\\\/Havanna-Shoes-banner-city-Kolding.jpg\"},{\"@type\":\"BreadcrumbList\",\"@id\":\"https:\\\/\\\/niipit.dk\\\/havanna-shoes\\\/#breadcrumb\",\"itemListElement\":[{\"@type\":\"ListItem\",\"position\":1,\"name\":\"Hjem\",\"item\":\"https:\\\/\\\/niipit.dk\\\/havanna-shoes\\\/\"},{\"@type\":\"ListItem\",\"position\":2,\"name\":\"Forside\"}]},{\"@type\":\"WebSite\",\"@id\":\"https:\\\/\\\/niipit.dk\\\/havanna-shoes\\\/#website\",\"url\":\"https:\\\/\\\/niipit.dk\\\/havanna-shoes\\\/\",\"name\":\"Havanna Shoes\",\"description\":\"Shop lokalt ???? Shop Dansk\",\"potentialAction\":[{\"@type\":\"SearchAction\",\"target\":{\"@type\":\"EntryPoint\",\"urlTemplate\":\"https:\\\/\\\/niipit.dk\\\/havanna-shoes\\\/?s={search_term_string}\"},\"query-input\":{\"@type\":\"PropertyValueSpecification\",\"valueRequired\":true,\"valueName\":\"search_term_string\"}}],\"inLanguage\":\"da-DK\"}]}<\/script>\n<!-- \/ Yoast SEO Premium plugin. -->","yoast_head_json":{"title":"Havanna Shoes ???? Shop lokalt ???? Ring +45 50 77 91 12 ????","description":"Havanna Shoes ???? N\u00e5r du vil fork\u00e6le dig selv eller en du holder af ???? Shop lokalt det gavner omr\u00e5det og milj\u00f8et ???? Se mere her \u27a2\u27a2\u27a2","robots":{"index":"index","follow":"follow","max-snippet":"max-snippet:-1","max-image-preview":"max-image-preview:large","max-video-preview":"max-video-preview:-1"},"canonical":"https:\/\/niipit.dk\/havanna-shoes\/","og_locale":"da_DK","og_type":"article","og_title":"Havanna Shoes ???? Shop lokalt ???? Ring +45 50 77 91 12 ????","og_description":"Havanna Shoes ???? N\u00e5r du vil fork\u00e6le dig selv eller en du holder af ???? Shop lokalt det gavner omr\u00e5det og milj\u00f8et ???? Se mere her \u27a2\u27a2\u27a2","og_url":"https:\/\/niipit.dk\/havanna-shoes\/","og_site_name":"Havanna Shoes","article_modified_time":"2021-05-28T06:20:21+00:00","og_image":[{"url":"https:\/\/niipit.dk\/havanna-shoes\/wp-content\/uploads\/sites\/544\/2020\/04\/Havanna-Shoes-banner-city-Kolding.jpg","type":"","width":"","height":""}],"twitter_card":"summary_large_image","twitter_misc":{"Estimeret l\u00e6setid":"1 minut"},"schema":{"@context":"https:\/\/schema.org","@graph":[{"@type":"WebPage","@id":"https:\/\/niipit.dk\/havanna-shoes\/","url":"https:\/\/niipit.dk\/havanna-shoes\/","name":"Havanna Shoes ???? Shop lokalt ???? Ring +45 50 77 91 12 ????","isPartOf":{"@id":"https:\/\/niipit.dk\/havanna-shoes\/#website"},"primaryImageOfPage":{"@id":"https:\/\/niipit.dk\/havanna-shoes\/#primaryimage"},"image":{"@id":"https:\/\/niipit.dk\/havanna-shoes\/#primaryimage"},"thumbnailUrl":"https:\/\/niipit.dk\/havanna-shoes\/wp-content\/uploads\/sites\/544\/2020\/04\/Havanna-Shoes-banner-city-Kolding.jpg","datePublished":"2020-03-27T21:29:34+00:00","dateModified":"2021-05-28T06:20:21+00:00","description":"Havanna Shoes ???? N\u00e5r du vil fork\u00e6le dig selv eller en du holder af ???? Shop lokalt det gavner omr\u00e5det og milj\u00f8et ???? Se mere her \u27a2\u27a2\u27a2","breadcrumb":{"@id":"https:\/\/niipit.dk\/havanna-shoes\/#breadcrumb"},"inLanguage":"da-DK","potentialAction":[{"@type":"ReadAction","target":["https:\/\/niipit.dk\/havanna-shoes\/"]}]},{"@type":"ImageObject","inLanguage":"da-DK","@id":"https:\/\/niipit.dk\/havanna-shoes\/#primaryimage","url":"https:\/\/niipit.dk\/havanna-shoes\/wp-content\/uploads\/sites\/544\/2020\/04\/Havanna-Shoes-banner-city-Kolding.jpg","contentUrl":"https:\/\/niipit.dk\/havanna-shoes\/wp-content\/uploads\/sites\/544\/2020\/04\/Havanna-Shoes-banner-city-Kolding.jpg"},{"@type":"BreadcrumbList","@id":"https:\/\/niipit.dk\/havanna-shoes\/#breadcrumb","itemListElement":[{"@type":"ListItem","position":1,"name":"Hjem","item":"https:\/\/niipit.dk\/havanna-shoes\/"},{"@type":"ListItem","position":2,"name":"Forside"}]},{"@type":"WebSite","@id":"https:\/\/niipit.dk\/havanna-shoes\/#website","url":"https:\/\/niipit.dk\/havanna-shoes\/","name":"Havanna Shoes","description":"Shop lokalt ???? Shop Dansk","potentialAction":[{"@type":"SearchAction","target":{"@type":"EntryPoint","urlTemplate":"https:\/\/niipit.dk\/havanna-shoes\/?s={search_term_string}"},"query-input":{"@type":"PropertyValueSpecification","valueRequired":true,"valueName":"search_term_string"}}],"inLanguage":"da-DK"}]}},"_links":{"self":[{"href":"https:\/\/niipit.dk\/havanna-shoes\/wp-json\/wp\/v2\/pages\/5064","targetHints":{"allow":["GET"]}}],"collection":[{"href":"https:\/\/niipit.dk\/havanna-shoes\/wp-json\/wp\/v2\/pages"}],"about":[{"href":"https:\/\/niipit.dk\/havanna-shoes\/wp-json\/wp\/v2\/types\/page"}],"author":[{"embeddable":true,"href":"https:\/\/niipit.dk\/havanna-shoes\/wp-json\/wp\/v2\/users\/905"}],"replies":[{"embeddable":true,"href":"https:\/\/niipit.dk\/havanna-shoes\/wp-json\/wp\/v2\/comments?post=5064"}],"version-history":[{"count":4,"href":"https:\/\/niipit.dk\/havanna-shoes\/wp-json\/wp\/v2\/pages\/5064\/revisions"}],"predecessor-version":[{"id":6019,"href":"https:\/\/niipit.dk\/havanna-shoes\/wp-json\/wp\/v2\/pages\/5064\/revisions\/6019"}],"wp:attachment":[{"href":"https:\/\/niipit.dk\/havanna-shoes\/wp-json\/wp\/v2\/media?parent=5064"}],"curies":[{"name":"wp","href":"https:\/\/api.w.org\/{rel}","templated":true}]}}