{"id":5064,"date":"2018-08-10T22:29:34","date_gmt":"2018-08-10T20:29:34","guid":{"rendered":"https:\/\/niipit.dk\/guld-og-rod-viborg-shop\/?page_id=5064"},"modified":"2020-03-13T23:46:46","modified_gmt":"2020-03-13T22:46:46","slug":"genbrug-viborg","status":"publish","type":"page","link":"https:\/\/niipit.dk\/guld-og-rod-viborg\/","title":{"rendered":"forside"},"content":{"rendered":"\n<hr class=\"wp-block-separator\"\/>\n\n\n\n<h2 class=\"wp-block-heading\">Genbrug Viborg \u267b Bes\u00f8g Guld &amp; Rod<\/h2>\n\n\n\n<p>Genbrug Viborg byder p\u00e5 Guld &amp; Rod. \u267b  Uanset om du vil kalde Guld &amp; Rod for et loppemarked, et brugtmarked, en genbrugsbutik eller et genbrugssupermarked eller et genbrugsloppemarked s\u00e5 er du altid velkommen.<\/p>\n\n\n\n<p>Guld &amp; Rod er din genbrugsbutik i Viborg. \u267b Her finder du altid lige det du mangler. Skal du bruge en f\u00f8dselsdagsgave, en v\u00e6rtinde gave eller blot en tallerken til samlingen s\u00e5 har vi det. Mange v\u00e6lger at bruge Guld og Rod til at s\u00e6lge ud fra lofter, skabe, skuffer og garager eller indbo.<\/p>\n\n\n\n<p>N\u00e5r du handler hos Guld og Rod s\u00e5 kan du b\u00e5de betale med Dankort, kontanter og med mobilpay. \u267b Du kan altid finde en GRATIS parkeringsplads lige uden for butikken og vi har \u00e5bent hver dag hele \u00e5ret rundt.<\/p>\n\n\n\n<p>Guld &amp; Rod holder \u00e5bent alle ugens dage. Du kan altid tjekke vores \u00e5bningstider <a href=\"http:\/\/guldogrod.dk\">her <\/a><\/p>\n\n\n\n<h2 class=\"wp-block-heading\">Bes\u00f8g Guld &amp; Rod \u267b Genbrug i Viborg<\/h2>\n\n\n\n<p>Hvis du har t\u00f8mt dit loft eller nogle af de gamle flyttekasser. Har du ryddet ud i skuffer og skabe s\u00e5 kom ned til os s\u00e5 du kan f\u00e5 en stand og f\u00e5 solgt dine ting gennem os. Du betaler kun for den periode du vil have standen + 15% af salget.<\/p>\n\n\n\n<p>Personalet i Guld &amp; Rod skal nok hj\u00e6lpe dig med at s\u00e6lge dine varer. Du slipper for at oprette annoncer online du skal blot s\u00e6tte pris p\u00e5 og fylde hylderne op s\u00e5 s\u00f8rger vi for resten.<\/p>\n\n\n\n<p>Genbrug i Viborg er et k\u00e6mpe hit. \u267b S\u00e6lg dine varer. Her snakker ikke kun om det &#8211; Her s\u00e6lger vi varer hver dag. Kom forbi p\u00e5 Liv\u00f8vej 11B i Viborg. Lad os f\u00e5 en snak, om dine muligheder for at s\u00e6lge dit gamle rod s\u00e5 det kan blive til dit guld.<\/p>\n\n\n\n<h3 class=\"wp-block-heading\">Ses vi snart?<\/h3>\n","protected":false},"excerpt":{"rendered":"<p>Genbrug Viborg \u267b Bes\u00f8g Guld &amp; Rod Genbrug Viborg byder p\u00e5 Guld &amp; Rod. \u267b Uanset om du vil kalde Guld &amp; Rod for et loppemarked, et brugtmarked, en genbrugsbutik eller et genbrugssupermarked eller et genbrugsloppemarked s\u00e5 er du altid velkommen. Guld &amp; Rod er din genbrugsbutik i Viborg. \u267b Her finder du altid lige <a class=\"moretag btn btn-primary\" href=\"https:\/\/niipit.dk\/guld-og-rod-viborg\/\">L\u00e6s mere<\/a><\/p>\n","protected":false},"author":1,"featured_media":0,"parent":0,"menu_order":0,"comment_status":"closed","ping_status":"closed","template":"frontpagePremium.php","meta":{"_exactmetrics_skip_tracking":false,"_exactmetrics_sitenote_active":false,"_exactmetrics_sitenote_note":"","_exactmetrics_sitenote_category":0,"_monsterinsights_skip_tracking":false,"_monsterinsights_sitenote_active":false,"_monsterinsights_sitenote_note":"","_monsterinsights_sitenote_category":0,"footnotes":""},"class_list":["post-5064","page","type-page","status-publish","hentry"],"yoast_head":"<!-- This site is optimized with the Yoast SEO Premium plugin v16.3 (Yoast SEO v27.4) - https:\/\/yoast.com\/product\/yoast-seo-premium-wordpress\/ -->\n<title>Genbrug Viborg \u267b Guld &amp; Rod Viborg \u267b Shop lokalt<\/title>\n<meta name=\"description\" content=\"Genbrug Viborg \u267b Guld &amp; Rod Viborg Liv\u00f8vej 11B \u260e +45 86 30 00 33 \u267b Shop lokalt \u267b K\u00f8b brugt n\u00e5r du vil g\u00f8re noget for milj\u00f8et \u267b \u00c5bent alle dage Bes\u00f8g os \u276f\u276f\" \/>\n<meta name=\"robots\" content=\"index, follow, max-snippet:-1, max-image-preview:large, max-video-preview:-1\" \/>\n<link rel=\"canonical\" href=\"https:\/\/niipit.dk\/guld-og-rod-viborg\/\" \/>\n<meta property=\"og:locale\" content=\"da_DK\" \/>\n<meta property=\"og:type\" content=\"article\" \/>\n<meta property=\"og:title\" content=\"Genbrug Viborg \u267b Guld &amp; Rod Viborg \u267b Shop lokalt\" \/>\n<meta property=\"og:description\" content=\"Genbrug Viborg \u267b Guld &amp; Rod Viborg Liv\u00f8vej 11B \u260e +45 86 30 00 33 \u267b Shop lokalt \u267b K\u00f8b brugt n\u00e5r du vil g\u00f8re noget for milj\u00f8et \u267b \u00c5bent alle dage Bes\u00f8g os \u276f\u276f\" \/>\n<meta property=\"og:url\" content=\"https:\/\/niipit.dk\/guld-og-rod-viborg\/\" \/>\n<meta property=\"og:site_name\" content=\"Guld &amp; Rod Viborg\" \/>\n<meta property=\"article:modified_time\" content=\"2020-03-13T22:46:46+00:00\" \/>\n<meta property=\"og:image\" content=\"https:\/\/niipit.dk\/guld-og-rod-viborg\/wp-content\/uploads\/sites\/430\/2020\/03\/Genbrug.jpg\" \/>\n\t<meta property=\"og:image:width\" content=\"600\" \/>\n\t<meta property=\"og:image:height\" content=\"600\" \/>\n\t<meta property=\"og:image:type\" content=\"image\/jpeg\" \/>\n<meta name=\"twitter:card\" content=\"summary_large_image\" \/>\n<meta name=\"twitter:label1\" content=\"Estimeret l\u00e6setid\" \/>\n\t<meta name=\"twitter:data1\" content=\"2 minutter\" \/>\n<script type=\"application\/ld+json\" class=\"yoast-schema-graph\">{\"@context\":\"https:\\\/\\\/schema.org\",\"@graph\":[{\"@type\":\"WebPage\",\"@id\":\"https:\\\/\\\/niipit.dk\\\/guld-og-rod-viborg\\\/\",\"url\":\"https:\\\/\\\/niipit.dk\\\/guld-og-rod-viborg\\\/\",\"name\":\"Genbrug Viborg \u267b Guld &amp; Rod Viborg \u267b Shop lokalt\",\"isPartOf\":{\"@id\":\"https:\\\/\\\/niipit.dk\\\/guld-og-rod-viborg\\\/#website\"},\"datePublished\":\"2018-08-10T20:29:34+00:00\",\"dateModified\":\"2020-03-13T22:46:46+00:00\",\"description\":\"Genbrug Viborg \u267b Guld &amp; Rod Viborg Liv\u00f8vej 11B \u260e +45 86 30 00 33 \u267b Shop lokalt \u267b K\u00f8b brugt n\u00e5r du vil g\u00f8re noget for milj\u00f8et \u267b \u00c5bent alle dage Bes\u00f8g os \u276f\u276f\",\"breadcrumb\":{\"@id\":\"https:\\\/\\\/niipit.dk\\\/guld-og-rod-viborg\\\/#breadcrumb\"},\"inLanguage\":\"da-DK\",\"potentialAction\":[{\"@type\":\"ReadAction\",\"target\":[\"https:\\\/\\\/niipit.dk\\\/guld-og-rod-viborg\\\/\"]}]},{\"@type\":\"BreadcrumbList\",\"@id\":\"https:\\\/\\\/niipit.dk\\\/guld-og-rod-viborg\\\/#breadcrumb\",\"itemListElement\":[{\"@type\":\"ListItem\",\"position\":1,\"name\":\"Hjem\",\"item\":\"https:\\\/\\\/niipit.dk\\\/guld-og-rod-viborg\\\/\"},{\"@type\":\"ListItem\",\"position\":2,\"name\":\"forside\"}]},{\"@type\":\"WebSite\",\"@id\":\"https:\\\/\\\/niipit.dk\\\/guld-og-rod-viborg\\\/#website\",\"url\":\"https:\\\/\\\/niipit.dk\\\/guld-og-rod-viborg\\\/\",\"name\":\"Guld &amp; Rod Viborg\",\"description\":\"\u267b Loppemarked \u267b Genbrug \u267b\",\"potentialAction\":[{\"@type\":\"SearchAction\",\"target\":{\"@type\":\"EntryPoint\",\"urlTemplate\":\"https:\\\/\\\/niipit.dk\\\/guld-og-rod-viborg\\\/?s={search_term_string}\"},\"query-input\":{\"@type\":\"PropertyValueSpecification\",\"valueRequired\":true,\"valueName\":\"search_term_string\"}}],\"inLanguage\":\"da-DK\"}]}<\/script>\n<!-- \/ Yoast SEO Premium plugin. -->","yoast_head_json":{"title":"Genbrug Viborg \u267b Guld &amp; Rod Viborg \u267b Shop lokalt","description":"Genbrug Viborg \u267b Guld &amp; Rod Viborg Liv\u00f8vej 11B \u260e +45 86 30 00 33 \u267b Shop lokalt \u267b K\u00f8b brugt n\u00e5r du vil g\u00f8re noget for milj\u00f8et \u267b \u00c5bent alle dage Bes\u00f8g os \u276f\u276f","robots":{"index":"index","follow":"follow","max-snippet":"max-snippet:-1","max-image-preview":"max-image-preview:large","max-video-preview":"max-video-preview:-1"},"canonical":"https:\/\/niipit.dk\/guld-og-rod-viborg\/","og_locale":"da_DK","og_type":"article","og_title":"Genbrug Viborg \u267b Guld &amp; Rod Viborg \u267b Shop lokalt","og_description":"Genbrug Viborg \u267b Guld &amp; Rod Viborg Liv\u00f8vej 11B \u260e +45 86 30 00 33 \u267b Shop lokalt \u267b K\u00f8b brugt n\u00e5r du vil g\u00f8re noget for milj\u00f8et \u267b \u00c5bent alle dage Bes\u00f8g os \u276f\u276f","og_url":"https:\/\/niipit.dk\/guld-og-rod-viborg\/","og_site_name":"Guld &amp; Rod Viborg","article_modified_time":"2020-03-13T22:46:46+00:00","og_image":[{"width":600,"height":600,"url":"https:\/\/niipit.dk\/guld-og-rod-viborg\/wp-content\/uploads\/sites\/430\/2020\/03\/Genbrug.jpg","type":"image\/jpeg"}],"twitter_card":"summary_large_image","twitter_misc":{"Estimeret l\u00e6setid":"2 minutter"},"schema":{"@context":"https:\/\/schema.org","@graph":[{"@type":"WebPage","@id":"https:\/\/niipit.dk\/guld-og-rod-viborg\/","url":"https:\/\/niipit.dk\/guld-og-rod-viborg\/","name":"Genbrug Viborg \u267b Guld &amp; Rod Viborg \u267b Shop lokalt","isPartOf":{"@id":"https:\/\/niipit.dk\/guld-og-rod-viborg\/#website"},"datePublished":"2018-08-10T20:29:34+00:00","dateModified":"2020-03-13T22:46:46+00:00","description":"Genbrug Viborg \u267b Guld &amp; Rod Viborg Liv\u00f8vej 11B \u260e +45 86 30 00 33 \u267b Shop lokalt \u267b K\u00f8b brugt n\u00e5r du vil g\u00f8re noget for milj\u00f8et \u267b \u00c5bent alle dage Bes\u00f8g os \u276f\u276f","breadcrumb":{"@id":"https:\/\/niipit.dk\/guld-og-rod-viborg\/#breadcrumb"},"inLanguage":"da-DK","potentialAction":[{"@type":"ReadAction","target":["https:\/\/niipit.dk\/guld-og-rod-viborg\/"]}]},{"@type":"BreadcrumbList","@id":"https:\/\/niipit.dk\/guld-og-rod-viborg\/#breadcrumb","itemListElement":[{"@type":"ListItem","position":1,"name":"Hjem","item":"https:\/\/niipit.dk\/guld-og-rod-viborg\/"},{"@type":"ListItem","position":2,"name":"forside"}]},{"@type":"WebSite","@id":"https:\/\/niipit.dk\/guld-og-rod-viborg\/#website","url":"https:\/\/niipit.dk\/guld-og-rod-viborg\/","name":"Guld &amp; Rod Viborg","description":"\u267b Loppemarked \u267b Genbrug \u267b","potentialAction":[{"@type":"SearchAction","target":{"@type":"EntryPoint","urlTemplate":"https:\/\/niipit.dk\/guld-og-rod-viborg\/?s={search_term_string}"},"query-input":{"@type":"PropertyValueSpecification","valueRequired":true,"valueName":"search_term_string"}}],"inLanguage":"da-DK"}]}},"_links":{"self":[{"href":"https:\/\/niipit.dk\/guld-og-rod-viborg\/wp-json\/wp\/v2\/pages\/5064","targetHints":{"allow":["GET"]}}],"collection":[{"href":"https:\/\/niipit.dk\/guld-og-rod-viborg\/wp-json\/wp\/v2\/pages"}],"about":[{"href":"https:\/\/niipit.dk\/guld-og-rod-viborg\/wp-json\/wp\/v2\/types\/page"}],"author":[{"embeddable":true,"href":"https:\/\/niipit.dk\/guld-og-rod-viborg\/wp-json\/wp\/v2\/users\/1"}],"replies":[{"embeddable":true,"href":"https:\/\/niipit.dk\/guld-og-rod-viborg\/wp-json\/wp\/v2\/comments?post=5064"}],"version-history":[{"count":0,"href":"https:\/\/niipit.dk\/guld-og-rod-viborg\/wp-json\/wp\/v2\/pages\/5064\/revisions"}],"wp:attachment":[{"href":"https:\/\/niipit.dk\/guld-og-rod-viborg\/wp-json\/wp\/v2\/media?parent=5064"}],"curies":[{"name":"wp","href":"https:\/\/api.w.org\/{rel}","templated":true}]}}