{"id":5064,"date":"2020-04-10T22:29:34","date_gmt":"2020-04-10T20:29:34","guid":{"rendered":"https:\/\/niipit.dk\/frud-shop\/?page_id=5064"},"modified":"2021-02-01T00:54:44","modified_gmt":"2021-01-31T23:54:44","slug":"frontpage","status":"publish","type":"page","link":"https:\/\/niipit.dk\/frud\/","title":{"rendered":"Forside"},"content":{"rendered":"\n<hr class=\"wp-block-separator\"\/>\n\n\n\n<h1 class=\"wp-block-heading\" id=\"h-magel-se-m-ltider-og-skr-ddersyede-selskaber\">Magel\u00f8se m\u00e5ltider og skr\u00e6ddersyede selskaber<\/h1>\n\n\n\n<h2 class=\"wp-block-heading\" id=\"h-en-god-middag-eller-en-stor-fest-med-det-hele-restaurant-fr-d-er-det-oplagte-valg\">En god middag eller en stor fest med det hele? Restaurant Fr\u00fcd er det oplagte valg<\/h2>\n\n\n\n<p>Uanset om du leder efter et sted at spise eller holde fest, kan du finde, hvad du har brug for hos restaurant Fr\u00fcd. De har et menukort, der byder p\u00e5 danske retter med fokus p\u00e5 den gode smag og friske lokale r\u00e5varer \u2013 her er noget for b\u00e5de store og sm\u00e5. Du kan sl\u00e5 vejen forbi de hyggelige lokaler ved Tangkrogen i Aarhus p\u00e5 ugedage s\u00e5vel som i weekenden, hvor Fr\u00fcds kokke st\u00e5r klar til at lave alt lige fra a la carte-retter til helaftensmenuer med mange retter. <a href=\"https:\/\/www.frud.dk\/catering-aarhus\" target=\"_blank\" rel=\"noreferrer noopener\">Catering \u00c5rhus<\/a><\/p>\n\n\n\n<h2 class=\"wp-block-heading\" id=\"h-traditionel-mad-med-et-tvist-b-de-i-restaurant-og-som-take-away\">Traditionel mad med et tvist \u2013 b\u00e5de i restaurant og som take away<\/h2>\n\n\n\n<p>Hos restaurant Fr\u00fcd holder de utroligt meget af det danske k\u00f8kken og serverer de velkendte klassikere med et moderne tvist. Menuen \u00e6ndrer sig naturligvis efter s\u00e6sonen, men i skrivende stund kan du fra deres a la carte-menu fx bestille gr\u00e5andebryst med efter\u00e5rsblade, marinerede h\u00f8stkantareller og sauce cumberland som hovedret og risalamande med polynesisk vanilje, puffet ris, mandelsplitter samt kirseb\u00e6rsorbet og kirseb\u00e6rsauce som dessert.<\/p>\n\n\n\n<p>\u00d8nsker du at nyde Fr\u00fcds gode mad i egne hjemlige rammer, tilbyder restauranten flere muligheder for take away. Take away-menuen \u00e6ndrer sig imidlertid fra uge til uge, og du kan altid holde dig opdateret p\u00e5 deres hjemmeside.<\/p>\n\n\n\n<h2 class=\"wp-block-heading\" id=\"h-catering-eller-selskabslokaler-i-smukke-omgivelser\">Catering eller selskabslokaler i smukke omgivelser<\/h2>\n\n\n\n<p>Hos restaurant Fr\u00fcd der fryder de sig, hver gang de skal arrangere fester. De har mange \u00e5rs erfaring i at planl\u00e6gge alt fra barned\u00e5be, konfirmationer og bryllupper til receptioner, runde f\u00f8dselsdage og polterabender. De g\u00f8r en dyd ud af at skr\u00e6ddersy festen, s\u00e5 den passer lige n\u00f8jagtigt til \u00e6resg\u00e6sten.<\/p>\n\n\n\n<p>Restaurant Fr\u00fcd har mange faste samarbejdspartnere og er derved 100 % leverand\u00f8r til din fest \u2013 det inkluderer mad, lokaler og serveringspersonale s\u00e5vel som underholdning, dekorationer og andre festlige indslag. \u00d8nsker du at holde festen i et andet lokale end restaurantens egne, kan Fr\u00fcd levere alt, hvad du har brug for til lokationen, herunder ogs\u00e5 catering.<br>Kontakt Fr\u00fcd for at h\u00f8re dine muligheder for at holde dit livs fest.<\/p>\n","protected":false},"excerpt":{"rendered":"<p>Magel\u00f8se m\u00e5ltider og skr\u00e6ddersyede selskaber En god middag eller en stor fest med det hele? Restaurant Fr\u00fcd er det oplagte valg Uanset om du leder efter et sted at spise eller holde fest, kan du finde, hvad du har brug for hos restaurant Fr\u00fcd. De har et menukort, der byder p\u00e5 danske retter med fokus <a class=\"moretag btn btn-primary\" href=\"https:\/\/niipit.dk\/frud\/\">L\u00e6s mere<\/a><\/p>\n","protected":false},"author":1,"featured_media":0,"parent":0,"menu_order":0,"comment_status":"closed","ping_status":"closed","template":"frontpagePremium.php","meta":{"_exactmetrics_skip_tracking":false,"_exactmetrics_sitenote_active":false,"_exactmetrics_sitenote_note":"","_exactmetrics_sitenote_category":0,"_monsterinsights_skip_tracking":false,"_monsterinsights_sitenote_active":false,"_monsterinsights_sitenote_note":"","_monsterinsights_sitenote_category":0,"footnotes":""},"class_list":["post-5064","page","type-page","status-publish","hentry"],"yoast_head":"<!-- This site is optimized with the Yoast SEO Premium plugin v16.3 (Yoast SEO v27.5) - https:\/\/yoast.com\/product\/yoast-seo-premium-wordpress\/ -->\n<title>Restaurant Fr\u00fcd | Magel\u00f8s Catering &amp; Take Away i \u00c5rhus<\/title>\n<meta name=\"description\" content=\"Restaurant Fr\u00fcd | Kroen ved tangkrogen | Catering I Aarhus | Spis i restauranten eller bestil take away mad\" \/>\n<meta name=\"robots\" content=\"index, follow, max-snippet:-1, max-image-preview:large, max-video-preview:-1\" \/>\n<link rel=\"canonical\" href=\"https:\/\/niipit.dk\/frud\/\" \/>\n<meta property=\"og:locale\" content=\"da_DK\" \/>\n<meta property=\"og:type\" content=\"article\" \/>\n<meta property=\"og:title\" content=\"Restaurant Fr\u00fcd | Magel\u00f8s Catering &amp; Take Away i \u00c5rhus\" \/>\n<meta property=\"og:description\" content=\"Restaurant Fr\u00fcd | Kroen ved tangkrogen | Catering I Aarhus | Spis i restauranten eller bestil take away mad\" \/>\n<meta property=\"og:url\" content=\"https:\/\/niipit.dk\/frud\/\" \/>\n<meta property=\"og:site_name\" content=\"Frud\" \/>\n<meta property=\"article:modified_time\" content=\"2021-01-31T23:54:44+00:00\" \/>\n<meta name=\"twitter:card\" content=\"summary_large_image\" \/>\n<meta name=\"twitter:label1\" content=\"Estimeret l\u00e6setid\" \/>\n\t<meta name=\"twitter:data1\" content=\"2 minutter\" \/>\n<script type=\"application\/ld+json\" class=\"yoast-schema-graph\">{\"@context\":\"https:\\\/\\\/schema.org\",\"@graph\":[{\"@type\":\"WebPage\",\"@id\":\"https:\\\/\\\/niipit.dk\\\/frud\\\/\",\"url\":\"https:\\\/\\\/niipit.dk\\\/frud\\\/\",\"name\":\"Restaurant Fr\u00fcd | Magel\u00f8s Catering & Take Away i \u00c5rhus\",\"isPartOf\":{\"@id\":\"https:\\\/\\\/niipit.dk\\\/frud\\\/#website\"},\"datePublished\":\"2020-04-10T20:29:34+00:00\",\"dateModified\":\"2021-01-31T23:54:44+00:00\",\"description\":\"Restaurant Fr\u00fcd | Kroen ved tangkrogen | Catering I Aarhus | Spis i restauranten eller bestil take away mad\",\"breadcrumb\":{\"@id\":\"https:\\\/\\\/niipit.dk\\\/frud\\\/#breadcrumb\"},\"inLanguage\":\"da-DK\",\"potentialAction\":[{\"@type\":\"ReadAction\",\"target\":[\"https:\\\/\\\/niipit.dk\\\/frud\\\/\"]}]},{\"@type\":\"BreadcrumbList\",\"@id\":\"https:\\\/\\\/niipit.dk\\\/frud\\\/#breadcrumb\",\"itemListElement\":[{\"@type\":\"ListItem\",\"position\":1,\"name\":\"Hjem\",\"item\":\"https:\\\/\\\/niipit.dk\\\/frud\\\/\"},{\"@type\":\"ListItem\",\"position\":2,\"name\":\"Forside\"}]},{\"@type\":\"WebSite\",\"@id\":\"https:\\\/\\\/niipit.dk\\\/frud\\\/#website\",\"url\":\"https:\\\/\\\/niipit.dk\\\/frud\\\/\",\"name\":\"Frud\",\"description\":\"F\u00e5 din virksomhed p\u00e5 niipit\",\"potentialAction\":[{\"@type\":\"SearchAction\",\"target\":{\"@type\":\"EntryPoint\",\"urlTemplate\":\"https:\\\/\\\/niipit.dk\\\/frud\\\/?s={search_term_string}\"},\"query-input\":{\"@type\":\"PropertyValueSpecification\",\"valueRequired\":true,\"valueName\":\"search_term_string\"}}],\"inLanguage\":\"da-DK\"}]}<\/script>\n<!-- \/ Yoast SEO Premium plugin. -->","yoast_head_json":{"title":"Restaurant Fr\u00fcd | Magel\u00f8s Catering & Take Away i \u00c5rhus","description":"Restaurant Fr\u00fcd | Kroen ved tangkrogen | Catering I Aarhus | Spis i restauranten eller bestil take away mad","robots":{"index":"index","follow":"follow","max-snippet":"max-snippet:-1","max-image-preview":"max-image-preview:large","max-video-preview":"max-video-preview:-1"},"canonical":"https:\/\/niipit.dk\/frud\/","og_locale":"da_DK","og_type":"article","og_title":"Restaurant Fr\u00fcd | Magel\u00f8s Catering & Take Away i \u00c5rhus","og_description":"Restaurant Fr\u00fcd | Kroen ved tangkrogen | Catering I Aarhus | Spis i restauranten eller bestil take away mad","og_url":"https:\/\/niipit.dk\/frud\/","og_site_name":"Frud","article_modified_time":"2021-01-31T23:54:44+00:00","twitter_card":"summary_large_image","twitter_misc":{"Estimeret l\u00e6setid":"2 minutter"},"schema":{"@context":"https:\/\/schema.org","@graph":[{"@type":"WebPage","@id":"https:\/\/niipit.dk\/frud\/","url":"https:\/\/niipit.dk\/frud\/","name":"Restaurant Fr\u00fcd | Magel\u00f8s Catering & Take Away i \u00c5rhus","isPartOf":{"@id":"https:\/\/niipit.dk\/frud\/#website"},"datePublished":"2020-04-10T20:29:34+00:00","dateModified":"2021-01-31T23:54:44+00:00","description":"Restaurant Fr\u00fcd | Kroen ved tangkrogen | Catering I Aarhus | Spis i restauranten eller bestil take away mad","breadcrumb":{"@id":"https:\/\/niipit.dk\/frud\/#breadcrumb"},"inLanguage":"da-DK","potentialAction":[{"@type":"ReadAction","target":["https:\/\/niipit.dk\/frud\/"]}]},{"@type":"BreadcrumbList","@id":"https:\/\/niipit.dk\/frud\/#breadcrumb","itemListElement":[{"@type":"ListItem","position":1,"name":"Hjem","item":"https:\/\/niipit.dk\/frud\/"},{"@type":"ListItem","position":2,"name":"Forside"}]},{"@type":"WebSite","@id":"https:\/\/niipit.dk\/frud\/#website","url":"https:\/\/niipit.dk\/frud\/","name":"Frud","description":"F\u00e5 din virksomhed p\u00e5 niipit","potentialAction":[{"@type":"SearchAction","target":{"@type":"EntryPoint","urlTemplate":"https:\/\/niipit.dk\/frud\/?s={search_term_string}"},"query-input":{"@type":"PropertyValueSpecification","valueRequired":true,"valueName":"search_term_string"}}],"inLanguage":"da-DK"}]}},"_links":{"self":[{"href":"https:\/\/niipit.dk\/frud\/wp-json\/wp\/v2\/pages\/5064","targetHints":{"allow":["GET"]}}],"collection":[{"href":"https:\/\/niipit.dk\/frud\/wp-json\/wp\/v2\/pages"}],"about":[{"href":"https:\/\/niipit.dk\/frud\/wp-json\/wp\/v2\/types\/page"}],"author":[{"embeddable":true,"href":"https:\/\/niipit.dk\/frud\/wp-json\/wp\/v2\/users\/1"}],"replies":[{"embeddable":true,"href":"https:\/\/niipit.dk\/frud\/wp-json\/wp\/v2\/comments?post=5064"}],"version-history":[{"count":1,"href":"https:\/\/niipit.dk\/frud\/wp-json\/wp\/v2\/pages\/5064\/revisions"}],"predecessor-version":[{"id":5984,"href":"https:\/\/niipit.dk\/frud\/wp-json\/wp\/v2\/pages\/5064\/revisions\/5984"}],"wp:attachment":[{"href":"https:\/\/niipit.dk\/frud\/wp-json\/wp\/v2\/media?parent=5064"}],"curies":[{"name":"wp","href":"https:\/\/api.w.org\/{rel}","templated":true}]}}