{"id":5064,"date":"2020-04-10T22:29:34","date_gmt":"2020-04-10T20:29:34","guid":{"rendered":"https:\/\/niipit.dk\/ecopark-shop\/?page_id=5064"},"modified":"2022-01-16T21:42:38","modified_gmt":"2022-01-16T20:42:38","slug":"frontpage","status":"publish","type":"page","link":"https:\/\/niipit.dk\/ecopark\/","title":{"rendered":"Forside"},"content":{"rendered":"\n<hr class=\"wp-block-separator\"\/>\n\n\n\n<h1 class=\"wp-block-heading\" id=\"h-udviklingspark-for-iv-rks-ttere-og-mindre-virksomheder\">Udviklingspark for iv\u00e6rks\u00e6ttere og mindre virksomheder<\/h1>\n\n\n\n<h2 class=\"wp-block-heading\">Ecopark i Aarhus tilbyder kontorer, lagre, m\u00f8delokaler og v\u00e6rksteder<br><\/h2>\n\n\n\n<p>Ecopark er en udviklingspark placeret i den nordlige del af Aarhus, som har til form\u00e5l at hj\u00e6lpe gr\u00f8nne iv\u00e6rks\u00e6ttere og mindre virksomheder med at v\u00e6kste. <a href=\"https:\/\/ecopark.dk\/\" target=\"_blank\" rel=\"noreferrer noopener\">Ecopark<\/a> tilbyder alt, man som virksomhed har brug for i sin drift \u2013 lige fra kontorfaciliteter, kantine, store og sm\u00e5 lagre, reception, m\u00f8delokaler, konferencelokaler samt v\u00e6rksteder.<\/p>\n\n\n\n<p>Som virksomhed kan I f\u00e5 fat i de attraktive faciliteter ved at kontakte Ecopark med henblik p\u00e5 at blive en del af de virksomheder, der har deres daglige gang i parken. Ecopark har mange \u00e5rs erfaring med at underst\u00f8tte virksomheder i deres udvikling og succes, og de kan ogs\u00e5 hj\u00e6lpe jer videre p\u00e5 jeres rejse.<\/p>\n\n\n\n<h3 class=\"wp-block-heading\">Brug Ecoparks mange faciliteter<\/h3>\n\n\n\n<p>N\u00e5r I indg\u00e5r en aftale med Ecopark, aftales aftalens indhold individuelt. Det kan fx v\u00e6re, at I prim\u00e6rt har brug for 4 kontorpladser og et mindre pakkelager, men det kan ogs\u00e5 v\u00e6re, at I har brug for hele pakken med frokostordning, m\u00f8delokaler, v\u00e6rksteder osv. Ecopark s\u00f8rger for, at jeres behov bliver matchet p\u00e5 bedste vis.<\/p>\n\n\n\n<p>Efter aftalen er underskrevet, kan I se frem til at have jeres daglige gang i udviklingsparken. Her kan I udstede fakturaer, producere varer, koordinere med logistikfirmaer, yde kundesupport, sende pakker og breve af sted, spise frokost sammen i kantinen, sparre med andre gr\u00f8nne virksomheder \u2013 eller hvad netop I har brug for.<\/p>\n\n\n\n<p>Fordelen ved Ecopark er den store fleksibilitet, der f\u00f8lger med. \u00c6ndrer jeres behov sig, kan aftalen nemt tilpasses, og I har mulighed for at udvide med mere plads i takt med, at I v\u00e6kster. Derudover er der stor v\u00e6rdi i at v\u00e6re omgivet af andre iv\u00e6rks\u00e6ttere og virksomheder, som arbejder m\u00e5lrettet p\u00e5 deres virksomheder. Det giver en stor sammenh\u00f8righed, ligesom der er rig mulighed for at l\u00e6re af andres fejl og succeser over frokosten, kaffen eller til en pause udenfor i den friske luft.<\/p>\n\n\n\n<h3 class=\"wp-block-heading\">Kontakt Ecopark for at h\u00f8re mere<\/h3>\n\n\n\n<p>Lyder Ecoparks faciliteter som noget for dig, kan du nemt kontakte dem for at h\u00f8re om dine muligheder. Du har ogs\u00e5 mulighed for at komme og bes\u00f8ge dem og se omgivelserne med egne \u00f8jne.<\/p>\n","protected":false},"excerpt":{"rendered":"<p>Udviklingspark for iv\u00e6rks\u00e6ttere og mindre virksomheder Ecopark i Aarhus tilbyder kontorer, lagre, m\u00f8delokaler og v\u00e6rksteder Ecopark er en udviklingspark placeret i den nordlige del af Aarhus, som har til form\u00e5l at hj\u00e6lpe gr\u00f8nne iv\u00e6rks\u00e6ttere og mindre virksomheder med at v\u00e6kste. Ecopark tilbyder alt, man som virksomhed har brug for i sin drift \u2013 lige fra <a class=\"moretag btn btn-primary\" href=\"https:\/\/niipit.dk\/ecopark\/\">L\u00e6s mere<\/a><\/p>\n","protected":false},"author":1,"featured_media":0,"parent":0,"menu_order":0,"comment_status":"closed","ping_status":"closed","template":"frontpagePremium.php","meta":{"_exactmetrics_skip_tracking":false,"_exactmetrics_sitenote_active":false,"_exactmetrics_sitenote_note":"","_exactmetrics_sitenote_category":0,"_monsterinsights_skip_tracking":false,"_monsterinsights_sitenote_active":false,"_monsterinsights_sitenote_note":"","_monsterinsights_sitenote_category":0,"footnotes":""},"class_list":["post-5064","page","type-page","status-publish","hentry"],"yoast_head":"<!-- This site is optimized with the Yoast SEO Premium plugin v16.3 (Yoast SEO v27.3) - https:\/\/yoast.com\/product\/yoast-seo-premium-wordpress\/ -->\n<title>Udviklingspark Lej Konference, Kursus &amp; M\u00f8delokaler hos Ecopark<\/title>\n<meta name=\"description\" content=\"Ecopark er den bedste udviklingspark i \u00c5rhus. Vi tilbyder leje af Konference, Kursus &amp; M\u00f8delokaler med mere til dig og din virksomhed\" \/>\n<meta name=\"robots\" content=\"index, follow, max-snippet:-1, max-image-preview:large, max-video-preview:-1\" \/>\n<link rel=\"canonical\" href=\"https:\/\/niipit.dk\/ecopark\/\" \/>\n<meta property=\"og:locale\" content=\"da_DK\" \/>\n<meta property=\"og:type\" content=\"article\" \/>\n<meta property=\"og:title\" content=\"Udviklingspark Lej Konference, Kursus &amp; M\u00f8delokaler hos Ecopark\" \/>\n<meta property=\"og:description\" content=\"Ecopark er den bedste udviklingspark i \u00c5rhus. Vi tilbyder leje af Konference, Kursus &amp; M\u00f8delokaler med mere til dig og din virksomhed\" \/>\n<meta property=\"og:url\" content=\"https:\/\/niipit.dk\/ecopark\/\" \/>\n<meta property=\"og:site_name\" content=\"Ecopark\" \/>\n<meta property=\"article:modified_time\" content=\"2022-01-16T20:42:38+00:00\" \/>\n<meta name=\"twitter:card\" content=\"summary_large_image\" \/>\n<meta name=\"twitter:label1\" content=\"Estimeret l\u00e6setid\" \/>\n\t<meta name=\"twitter:data1\" content=\"2 minutter\" \/>\n<script type=\"application\/ld+json\" class=\"yoast-schema-graph\">{\"@context\":\"https:\\\/\\\/schema.org\",\"@graph\":[{\"@type\":\"WebPage\",\"@id\":\"https:\\\/\\\/niipit.dk\\\/ecopark\\\/\",\"url\":\"https:\\\/\\\/niipit.dk\\\/ecopark\\\/\",\"name\":\"Udviklingspark Lej Konference, Kursus & M\u00f8delokaler hos Ecopark\",\"isPartOf\":{\"@id\":\"https:\\\/\\\/niipit.dk\\\/ecopark\\\/#website\"},\"datePublished\":\"2020-04-10T20:29:34+00:00\",\"dateModified\":\"2022-01-16T20:42:38+00:00\",\"description\":\"Ecopark er den bedste udviklingspark i \u00c5rhus. Vi tilbyder leje af Konference, Kursus & M\u00f8delokaler med mere til dig og din virksomhed\",\"breadcrumb\":{\"@id\":\"https:\\\/\\\/niipit.dk\\\/ecopark\\\/#breadcrumb\"},\"inLanguage\":\"da-DK\",\"potentialAction\":[{\"@type\":\"ReadAction\",\"target\":[\"https:\\\/\\\/niipit.dk\\\/ecopark\\\/\"]}]},{\"@type\":\"BreadcrumbList\",\"@id\":\"https:\\\/\\\/niipit.dk\\\/ecopark\\\/#breadcrumb\",\"itemListElement\":[{\"@type\":\"ListItem\",\"position\":1,\"name\":\"Hjem\",\"item\":\"https:\\\/\\\/niipit.dk\\\/ecopark\\\/\"},{\"@type\":\"ListItem\",\"position\":2,\"name\":\"Forside\"}]},{\"@type\":\"WebSite\",\"@id\":\"https:\\\/\\\/niipit.dk\\\/ecopark\\\/#website\",\"url\":\"https:\\\/\\\/niipit.dk\\\/ecopark\\\/\",\"name\":\"Ecopark\",\"description\":\"Bliv set online med Niipit\",\"potentialAction\":[{\"@type\":\"SearchAction\",\"target\":{\"@type\":\"EntryPoint\",\"urlTemplate\":\"https:\\\/\\\/niipit.dk\\\/ecopark\\\/?s={search_term_string}\"},\"query-input\":{\"@type\":\"PropertyValueSpecification\",\"valueRequired\":true,\"valueName\":\"search_term_string\"}}],\"inLanguage\":\"da-DK\"}]}<\/script>\n<!-- \/ Yoast SEO Premium plugin. -->","yoast_head_json":{"title":"Udviklingspark Lej Konference, Kursus & M\u00f8delokaler hos Ecopark","description":"Ecopark er den bedste udviklingspark i \u00c5rhus. Vi tilbyder leje af Konference, Kursus & M\u00f8delokaler med mere til dig og din virksomhed","robots":{"index":"index","follow":"follow","max-snippet":"max-snippet:-1","max-image-preview":"max-image-preview:large","max-video-preview":"max-video-preview:-1"},"canonical":"https:\/\/niipit.dk\/ecopark\/","og_locale":"da_DK","og_type":"article","og_title":"Udviklingspark Lej Konference, Kursus & M\u00f8delokaler hos Ecopark","og_description":"Ecopark er den bedste udviklingspark i \u00c5rhus. Vi tilbyder leje af Konference, Kursus & M\u00f8delokaler med mere til dig og din virksomhed","og_url":"https:\/\/niipit.dk\/ecopark\/","og_site_name":"Ecopark","article_modified_time":"2022-01-16T20:42:38+00:00","twitter_card":"summary_large_image","twitter_misc":{"Estimeret l\u00e6setid":"2 minutter"},"schema":{"@context":"https:\/\/schema.org","@graph":[{"@type":"WebPage","@id":"https:\/\/niipit.dk\/ecopark\/","url":"https:\/\/niipit.dk\/ecopark\/","name":"Udviklingspark Lej Konference, Kursus & M\u00f8delokaler hos Ecopark","isPartOf":{"@id":"https:\/\/niipit.dk\/ecopark\/#website"},"datePublished":"2020-04-10T20:29:34+00:00","dateModified":"2022-01-16T20:42:38+00:00","description":"Ecopark er den bedste udviklingspark i \u00c5rhus. Vi tilbyder leje af Konference, Kursus & M\u00f8delokaler med mere til dig og din virksomhed","breadcrumb":{"@id":"https:\/\/niipit.dk\/ecopark\/#breadcrumb"},"inLanguage":"da-DK","potentialAction":[{"@type":"ReadAction","target":["https:\/\/niipit.dk\/ecopark\/"]}]},{"@type":"BreadcrumbList","@id":"https:\/\/niipit.dk\/ecopark\/#breadcrumb","itemListElement":[{"@type":"ListItem","position":1,"name":"Hjem","item":"https:\/\/niipit.dk\/ecopark\/"},{"@type":"ListItem","position":2,"name":"Forside"}]},{"@type":"WebSite","@id":"https:\/\/niipit.dk\/ecopark\/#website","url":"https:\/\/niipit.dk\/ecopark\/","name":"Ecopark","description":"Bliv set online med Niipit","potentialAction":[{"@type":"SearchAction","target":{"@type":"EntryPoint","urlTemplate":"https:\/\/niipit.dk\/ecopark\/?s={search_term_string}"},"query-input":{"@type":"PropertyValueSpecification","valueRequired":true,"valueName":"search_term_string"}}],"inLanguage":"da-DK"}]}},"_links":{"self":[{"href":"https:\/\/niipit.dk\/ecopark\/wp-json\/wp\/v2\/pages\/5064","targetHints":{"allow":["GET"]}}],"collection":[{"href":"https:\/\/niipit.dk\/ecopark\/wp-json\/wp\/v2\/pages"}],"about":[{"href":"https:\/\/niipit.dk\/ecopark\/wp-json\/wp\/v2\/types\/page"}],"author":[{"embeddable":true,"href":"https:\/\/niipit.dk\/ecopark\/wp-json\/wp\/v2\/users\/1"}],"replies":[{"embeddable":true,"href":"https:\/\/niipit.dk\/ecopark\/wp-json\/wp\/v2\/comments?post=5064"}],"version-history":[{"count":2,"href":"https:\/\/niipit.dk\/ecopark\/wp-json\/wp\/v2\/pages\/5064\/revisions"}],"predecessor-version":[{"id":5992,"href":"https:\/\/niipit.dk\/ecopark\/wp-json\/wp\/v2\/pages\/5064\/revisions\/5992"}],"wp:attachment":[{"href":"https:\/\/niipit.dk\/ecopark\/wp-json\/wp\/v2\/media?parent=5064"}],"curies":[{"name":"wp","href":"https:\/\/api.w.org\/{rel}","templated":true}]}}