{"id":5133,"date":"2018-08-15T22:08:09","date_gmt":"2018-08-15T20:08:09","guid":{"rendered":"https:\/\/niipit.dk\/nv2-QogM\/?page_id=5133"},"modified":"2019-03-16T11:23:23","modified_gmt":"2019-03-16T10:23:23","slug":"kontakt","status":"publish","type":"page","link":"https:\/\/niipit.dk\/dogshop\/kontakt\/","title":{"rendered":"Kontakt"},"content":{"rendered":"<div class=\"row justify-content-md-center\">\n<div class=\"col-xs-12 col-sm-12 col-md-6 col-lg-4\">\n<p><strong>Dogshop.dk<\/strong><\/p>\n<p>M\u00e5l\u00f8v V\u00e6rkstedsby 59<\/p>\n<p>2760 M\u00e5l\u00f8v<\/p>\n<p>Email: info@dogshop.dk&nbsp; <a href=\"https:\/\/www.partner-ads.com\/dk\/klikbanner.php?partnerid=22746&amp;bannerid=41653&amp;uid=vd&amp;htmlurl=https:\/\/www.dogshop.dk\/contacts\">SKRIV TIL OS HER<\/a><\/p>\n<p>Telefon: +45 411 98 499<\/p>\n<p>Bank: Nordea A\/S<\/p>\n<p>Kontonr. 2217 6280 221 528<\/p>\n<p><strong>\u00c5bningstid:<\/strong><\/p>\n<p>Mandag &#8211; Torsdag: 08.00 &#8211; 16.00<\/p>\n<p>Fredag: 08.00 &#8211; 15.00<\/p>\n<p>L\u00f8rdag: Lukket<\/p>\n<p>S\u00f8ndag: Lukket<\/p>\n<\/div>\n<\/div>\n\n\n<div class=\"wp-block-image\"><figure class=\"aligncenter\"><img loading=\"lazy\" decoding=\"async\" width=\"938\" height=\"512\" src=\"https:\/\/niipit.dk\/dogshop\/wp-content\/uploads\/sites\/169\/2019\/03\/Dogshop-kontakt.jpg\" alt=\"Dogshop kontakt\" class=\"wp-image-5669\" srcset=\"https:\/\/niipit.dk\/dogshop\/wp-content\/uploads\/sites\/169\/2019\/03\/Dogshop-kontakt.jpg 938w, https:\/\/niipit.dk\/dogshop\/wp-content\/uploads\/sites\/169\/2019\/03\/Dogshop-kontakt-300x164.jpg 300w, https:\/\/niipit.dk\/dogshop\/wp-content\/uploads\/sites\/169\/2019\/03\/Dogshop-kontakt-768x419.jpg 768w, https:\/\/niipit.dk\/dogshop\/wp-content\/uploads\/sites\/169\/2019\/03\/Dogshop-kontakt-600x328.jpg 600w\" sizes=\"auto, (max-width: 938px) 100vw, 938px\" \/><\/figure><\/div>\n","protected":false},"excerpt":{"rendered":"<p>Dogshop.dk M\u00e5l\u00f8v V\u00e6rkstedsby 59 2760 M\u00e5l\u00f8v Email: info@dogshop.dk&nbsp; SKRIV TIL OS HER Telefon: +45 411 98 499 Bank: Nordea A\/S Kontonr. 2217 6280 221 528 \u00c5bningstid: Mandag &#8211; Torsdag: 08.00 &#8211; 16.00 Fredag: 08.00 &#8211; 15.00 L\u00f8rdag: Lukket S\u00f8ndag: Lukket<\/p>\n","protected":false},"author":226,"featured_media":0,"parent":0,"menu_order":0,"comment_status":"closed","ping_status":"closed","template":"","meta":{"_exactmetrics_skip_tracking":false,"_exactmetrics_sitenote_active":false,"_exactmetrics_sitenote_note":"","_exactmetrics_sitenote_category":0,"_monsterinsights_skip_tracking":false,"_monsterinsights_sitenote_active":false,"_monsterinsights_sitenote_note":"","_monsterinsights_sitenote_category":0,"footnotes":""},"class_list":["post-5133","page","type-page","status-publish","hentry"],"yoast_head":"<!-- This site is optimized with the Yoast SEO Premium plugin v16.3 (Yoast SEO v27.3) - https:\/\/yoast.com\/product\/yoast-seo-premium-wordpress\/ -->\n<title>Kontakt - Dogshop<\/title>\n<meta name=\"robots\" content=\"index, follow, max-snippet:-1, max-image-preview:large, max-video-preview:-1\" \/>\n<link rel=\"canonical\" href=\"https:\/\/niipit.dk\/dogshop\/kontakt\/\" \/>\n<meta property=\"og:locale\" content=\"da_DK\" \/>\n<meta property=\"og:type\" content=\"article\" \/>\n<meta property=\"og:title\" content=\"Kontakt - Dogshop\" \/>\n<meta property=\"og:description\" content=\"Dogshop.dk M\u00e5l\u00f8v V\u00e6rkstedsby 59 2760 M\u00e5l\u00f8v Email: info@dogshop.dk&nbsp; SKRIV TIL OS HER Telefon: +45 411 98 499 Bank: Nordea A\/S Kontonr. 2217 6280 221 528 \u00c5bningstid: Mandag &#8211; Torsdag: 08.00 &#8211; 16.00 Fredag: 08.00 &#8211; 15.00 L\u00f8rdag: Lukket S\u00f8ndag: Lukket\" \/>\n<meta property=\"og:url\" content=\"https:\/\/niipit.dk\/dogshop\/kontakt\/\" \/>\n<meta property=\"og:site_name\" content=\"Dogshop\" \/>\n<meta property=\"article:modified_time\" content=\"2019-03-16T10:23:23+00:00\" \/>\n<meta property=\"og:image\" content=\"https:\/\/niipit.dk\/dogshop\/wp-content\/uploads\/sites\/169\/2019\/03\/Dogshop-kontakt.jpg\" \/>\n<meta name=\"twitter:card\" content=\"summary_large_image\" \/>\n<script type=\"application\/ld+json\" class=\"yoast-schema-graph\">{\"@context\":\"https:\\\/\\\/schema.org\",\"@graph\":[{\"@type\":\"WebPage\",\"@id\":\"https:\\\/\\\/niipit.dk\\\/dogshop\\\/kontakt\\\/\",\"url\":\"https:\\\/\\\/niipit.dk\\\/dogshop\\\/kontakt\\\/\",\"name\":\"Kontakt - Dogshop\",\"isPartOf\":{\"@id\":\"https:\\\/\\\/niipit.dk\\\/dogshop\\\/#website\"},\"primaryImageOfPage\":{\"@id\":\"https:\\\/\\\/niipit.dk\\\/dogshop\\\/kontakt\\\/#primaryimage\"},\"image\":{\"@id\":\"https:\\\/\\\/niipit.dk\\\/dogshop\\\/kontakt\\\/#primaryimage\"},\"thumbnailUrl\":\"https:\\\/\\\/niipit.dk\\\/dogshop\\\/wp-content\\\/uploads\\\/sites\\\/169\\\/2019\\\/03\\\/Dogshop-kontakt.jpg\",\"datePublished\":\"2018-08-15T20:08:09+00:00\",\"dateModified\":\"2019-03-16T10:23:23+00:00\",\"breadcrumb\":{\"@id\":\"https:\\\/\\\/niipit.dk\\\/dogshop\\\/kontakt\\\/#breadcrumb\"},\"inLanguage\":\"da-DK\",\"potentialAction\":[{\"@type\":\"ReadAction\",\"target\":[\"https:\\\/\\\/niipit.dk\\\/dogshop\\\/kontakt\\\/\"]}]},{\"@type\":\"ImageObject\",\"inLanguage\":\"da-DK\",\"@id\":\"https:\\\/\\\/niipit.dk\\\/dogshop\\\/kontakt\\\/#primaryimage\",\"url\":\"https:\\\/\\\/niipit.dk\\\/dogshop\\\/wp-content\\\/uploads\\\/sites\\\/169\\\/2019\\\/03\\\/Dogshop-kontakt.jpg\",\"contentUrl\":\"https:\\\/\\\/niipit.dk\\\/dogshop\\\/wp-content\\\/uploads\\\/sites\\\/169\\\/2019\\\/03\\\/Dogshop-kontakt.jpg\"},{\"@type\":\"BreadcrumbList\",\"@id\":\"https:\\\/\\\/niipit.dk\\\/dogshop\\\/kontakt\\\/#breadcrumb\",\"itemListElement\":[{\"@type\":\"ListItem\",\"position\":1,\"name\":\"Hjem\",\"item\":\"https:\\\/\\\/niipit.dk\\\/dogshop\\\/\"},{\"@type\":\"ListItem\",\"position\":2,\"name\":\"Kontakt\"}]},{\"@type\":\"WebSite\",\"@id\":\"https:\\\/\\\/niipit.dk\\\/dogshop\\\/#website\",\"url\":\"https:\\\/\\\/niipit.dk\\\/dogshop\\\/\",\"name\":\"Dogshop\",\"description\":\"EN WEBSHOP TIL RIGTIGE HUNDE OG KATTE\",\"potentialAction\":[{\"@type\":\"SearchAction\",\"target\":{\"@type\":\"EntryPoint\",\"urlTemplate\":\"https:\\\/\\\/niipit.dk\\\/dogshop\\\/?s={search_term_string}\"},\"query-input\":{\"@type\":\"PropertyValueSpecification\",\"valueRequired\":true,\"valueName\":\"search_term_string\"}}],\"inLanguage\":\"da-DK\"}]}<\/script>\n<!-- \/ Yoast SEO Premium plugin. -->","yoast_head_json":{"title":"Kontakt - Dogshop","robots":{"index":"index","follow":"follow","max-snippet":"max-snippet:-1","max-image-preview":"max-image-preview:large","max-video-preview":"max-video-preview:-1"},"canonical":"https:\/\/niipit.dk\/dogshop\/kontakt\/","og_locale":"da_DK","og_type":"article","og_title":"Kontakt - Dogshop","og_description":"Dogshop.dk M\u00e5l\u00f8v V\u00e6rkstedsby 59 2760 M\u00e5l\u00f8v Email: info@dogshop.dk&nbsp; SKRIV TIL OS HER Telefon: +45 411 98 499 Bank: Nordea A\/S Kontonr. 2217 6280 221 528 \u00c5bningstid: Mandag &#8211; Torsdag: 08.00 &#8211; 16.00 Fredag: 08.00 &#8211; 15.00 L\u00f8rdag: Lukket S\u00f8ndag: Lukket","og_url":"https:\/\/niipit.dk\/dogshop\/kontakt\/","og_site_name":"Dogshop","article_modified_time":"2019-03-16T10:23:23+00:00","og_image":[{"url":"https:\/\/niipit.dk\/dogshop\/wp-content\/uploads\/sites\/169\/2019\/03\/Dogshop-kontakt.jpg","type":"","width":"","height":""}],"twitter_card":"summary_large_image","schema":{"@context":"https:\/\/schema.org","@graph":[{"@type":"WebPage","@id":"https:\/\/niipit.dk\/dogshop\/kontakt\/","url":"https:\/\/niipit.dk\/dogshop\/kontakt\/","name":"Kontakt - Dogshop","isPartOf":{"@id":"https:\/\/niipit.dk\/dogshop\/#website"},"primaryImageOfPage":{"@id":"https:\/\/niipit.dk\/dogshop\/kontakt\/#primaryimage"},"image":{"@id":"https:\/\/niipit.dk\/dogshop\/kontakt\/#primaryimage"},"thumbnailUrl":"https:\/\/niipit.dk\/dogshop\/wp-content\/uploads\/sites\/169\/2019\/03\/Dogshop-kontakt.jpg","datePublished":"2018-08-15T20:08:09+00:00","dateModified":"2019-03-16T10:23:23+00:00","breadcrumb":{"@id":"https:\/\/niipit.dk\/dogshop\/kontakt\/#breadcrumb"},"inLanguage":"da-DK","potentialAction":[{"@type":"ReadAction","target":["https:\/\/niipit.dk\/dogshop\/kontakt\/"]}]},{"@type":"ImageObject","inLanguage":"da-DK","@id":"https:\/\/niipit.dk\/dogshop\/kontakt\/#primaryimage","url":"https:\/\/niipit.dk\/dogshop\/wp-content\/uploads\/sites\/169\/2019\/03\/Dogshop-kontakt.jpg","contentUrl":"https:\/\/niipit.dk\/dogshop\/wp-content\/uploads\/sites\/169\/2019\/03\/Dogshop-kontakt.jpg"},{"@type":"BreadcrumbList","@id":"https:\/\/niipit.dk\/dogshop\/kontakt\/#breadcrumb","itemListElement":[{"@type":"ListItem","position":1,"name":"Hjem","item":"https:\/\/niipit.dk\/dogshop\/"},{"@type":"ListItem","position":2,"name":"Kontakt"}]},{"@type":"WebSite","@id":"https:\/\/niipit.dk\/dogshop\/#website","url":"https:\/\/niipit.dk\/dogshop\/","name":"Dogshop","description":"EN WEBSHOP TIL RIGTIGE HUNDE OG KATTE","potentialAction":[{"@type":"SearchAction","target":{"@type":"EntryPoint","urlTemplate":"https:\/\/niipit.dk\/dogshop\/?s={search_term_string}"},"query-input":{"@type":"PropertyValueSpecification","valueRequired":true,"valueName":"search_term_string"}}],"inLanguage":"da-DK"}]}},"_links":{"self":[{"href":"https:\/\/niipit.dk\/dogshop\/wp-json\/wp\/v2\/pages\/5133","targetHints":{"allow":["GET"]}}],"collection":[{"href":"https:\/\/niipit.dk\/dogshop\/wp-json\/wp\/v2\/pages"}],"about":[{"href":"https:\/\/niipit.dk\/dogshop\/wp-json\/wp\/v2\/types\/page"}],"author":[{"embeddable":true,"href":"https:\/\/niipit.dk\/dogshop\/wp-json\/wp\/v2\/users\/226"}],"replies":[{"embeddable":true,"href":"https:\/\/niipit.dk\/dogshop\/wp-json\/wp\/v2\/comments?post=5133"}],"version-history":[{"count":0,"href":"https:\/\/niipit.dk\/dogshop\/wp-json\/wp\/v2\/pages\/5133\/revisions"}],"wp:attachment":[{"href":"https:\/\/niipit.dk\/dogshop\/wp-json\/wp\/v2\/media?parent=5133"}],"curies":[{"name":"wp","href":"https:\/\/api.w.org\/{rel}","templated":true}]}}