{"id":5064,"date":"2020-03-27T22:29:34","date_gmt":"2020-03-27T21:29:34","guid":{"rendered":"https:\/\/niipit.dk\/bror-ditlev\/?page_id=5064"},"modified":"2021-05-28T09:54:38","modified_gmt":"2021-05-28T07:54:38","slug":"bestil-her","status":"publish","type":"page","link":"https:\/\/niipit.dk\/bror-ditlev\/","title":{"rendered":"Forside"},"content":{"rendered":"\n<h2 class=\"wp-block-heading\" id=\"h-bror-ditlev-f-rer-kolding-direkte-ind-p-det-gastronomiske-danmarkskort\">Bror Ditlev f\u00f8rer Kolding direkte ind p\u00e5 det gastronomiske Danmarkskort<\/h2>\n\n\n\n<p>Hvis du elsker mad der rammer stjernerne og vin der pirre dine sanser s\u00e5 anbefales du at overgive dig til en <a rel=\"noreferrer noopener\" href=\"https:\/\/da.wikipedia.org\/wiki\/Gastronomi\" target=\"_blank\">gastronomisk<\/a> oplevelse hos Bror Ditlev i Kolding. Her h\u00e6ves madlavningen op til et kunstv\u00e6rk der fylder dig med eksplotioner af samags oplevelser i s\u00e6r klasse. Men n\u00e5r det er sagt s\u00e5 finder du ogs\u00e5 en afslappet atmosf\u00e6re der fylder dig med ro og giver dig lov til at nyde nuet.<\/p>\n\n\n\n<h3 class=\"wp-block-heading\" id=\"h-vinkort-og-fornuftige-priser\">Vinkort og fornuftige priser<\/h3>\n\n\n\n<p>Vinkortet er et af de st\u00f8rre af slagsen. Vink\u00e6lderen t\u00e6ller over 400 forskellige l\u00e6kre vine og bobler. Hos Bror Ditlev kommer der ikke nogle overraskelser. Du kan bestille maden med og uden vin pakke og menuerne er sammensat p\u00e5 forh\u00e5nd s\u00e5 du f\u00e5 en unik mad oplevelse. Priserne p\u00e5 de l\u00e6kre menuer og vine er ligeledes til at forholde sig til. Hvis du er ude efter en l\u00e6kker gastronomisk mad oplevelse der ikke tr\u00e6kker bunden ud af din \u00f8konomi s\u00e5 b\u00f8r du helt sikkert bestille bord hos <a href=\"https:\/\/www.brorditlev.dk\" target=\"_blank\" rel=\"noreferrer noopener\">Bror Ditlev<\/a> i Kolding.<\/p>\n\n\n\n<div class=\"wp-block-image\"><figure class=\"aligncenter size-large\"><img loading=\"lazy\" decoding=\"async\" width=\"712\" height=\"475\" src=\"https:\/\/niipit.dk\/bror-ditlev\/wp-content\/uploads\/sites\/505\/2020\/04\/Bror-Ditlev-Kolding.png\" alt=\"Bror Ditlev Kolding\" class=\"wp-image-6007\" srcset=\"https:\/\/niipit.dk\/bror-ditlev\/wp-content\/uploads\/sites\/505\/2020\/04\/Bror-Ditlev-Kolding.png 712w, https:\/\/niipit.dk\/bror-ditlev\/wp-content\/uploads\/sites\/505\/2020\/04\/Bror-Ditlev-Kolding-300x200.png 300w, https:\/\/niipit.dk\/bror-ditlev\/wp-content\/uploads\/sites\/505\/2020\/04\/Bror-Ditlev-Kolding-600x400.png 600w\" sizes=\"auto, (max-width: 712px) 100vw, 712px\" \/><\/figure><\/div>\n","protected":false},"excerpt":{"rendered":"<p>Bror Ditlev f\u00f8rer Kolding direkte ind p\u00e5 det gastronomiske Danmarkskort Hvis du elsker mad der rammer stjernerne og vin der pirre dine sanser s\u00e5 anbefales du at overgive dig til en gastronomisk oplevelse hos Bror Ditlev i Kolding. Her h\u00e6ves madlavningen op til et kunstv\u00e6rk der fylder dig med eksplotioner af samags oplevelser i s\u00e6r <a class=\"moretag btn btn-primary\" href=\"https:\/\/niipit.dk\/bror-ditlev\/\">L\u00e6s mere<\/a><\/p>\n","protected":false},"author":905,"featured_media":0,"parent":0,"menu_order":0,"comment_status":"closed","ping_status":"closed","template":"frontpagePremium.php","meta":{"_exactmetrics_skip_tracking":false,"_exactmetrics_sitenote_active":false,"_exactmetrics_sitenote_note":"","_exactmetrics_sitenote_category":0,"_monsterinsights_skip_tracking":false,"_monsterinsights_sitenote_active":false,"_monsterinsights_sitenote_note":"","_monsterinsights_sitenote_category":0,"footnotes":""},"class_list":["post-5064","page","type-page","status-publish","hentry"],"yoast_head":"<!-- This site is optimized with the Yoast SEO Premium plugin v16.3 (Yoast SEO v27.2) - https:\/\/yoast.com\/product\/yoast-seo-premium-wordpress\/ -->\n<title>BROR DITLEV ???? Spis lokalt ???? Ring +45 73 70 25 19????<\/title>\n<meta name=\"description\" content=\"BROR DITLEV ???? N\u00e5r du vil fork\u00e6le dig selv eller en du holder af ???? Lad os om opvasken ???? Bestil her \u27a2\u27a2\u27a2\" \/>\n<meta name=\"robots\" content=\"index, follow, max-snippet:-1, max-image-preview:large, max-video-preview:-1\" \/>\n<link rel=\"canonical\" href=\"https:\/\/niipit.dk\/bror-ditlev\/\" \/>\n<meta property=\"og:locale\" content=\"da_DK\" \/>\n<meta property=\"og:type\" content=\"article\" \/>\n<meta property=\"og:title\" content=\"BROR DITLEV ???? Spis lokalt ???? Ring +45 73 70 25 19????\" \/>\n<meta property=\"og:description\" content=\"BROR DITLEV ???? N\u00e5r du vil fork\u00e6le dig selv eller en du holder af ???? Lad os om opvasken ???? Bestil her \u27a2\u27a2\u27a2\" \/>\n<meta property=\"og:url\" content=\"https:\/\/niipit.dk\/bror-ditlev\/\" \/>\n<meta property=\"og:site_name\" content=\"BROR DITLEV\" \/>\n<meta property=\"article:modified_time\" content=\"2021-05-28T07:54:38+00:00\" \/>\n<meta property=\"og:image\" content=\"https:\/\/niipit.dk\/bror-ditlev\/wp-content\/uploads\/sites\/505\/2020\/04\/Bror-Ditlev-Kolding.png\" \/>\n<meta name=\"twitter:card\" content=\"summary_large_image\" \/>\n<meta name=\"twitter:label1\" content=\"Estimeret l\u00e6setid\" \/>\n\t<meta name=\"twitter:data1\" content=\"1 minut\" \/>\n<script type=\"application\/ld+json\" class=\"yoast-schema-graph\">{\"@context\":\"https:\/\/schema.org\",\"@graph\":[{\"@type\":\"WebPage\",\"@id\":\"https:\/\/niipit.dk\/bror-ditlev\/\",\"url\":\"https:\/\/niipit.dk\/bror-ditlev\/\",\"name\":\"BROR DITLEV ???? Spis lokalt ???? Ring +45 73 70 25 19????\",\"isPartOf\":{\"@id\":\"https:\/\/niipit.dk\/bror-ditlev\/#website\"},\"primaryImageOfPage\":{\"@id\":\"https:\/\/niipit.dk\/bror-ditlev\/#primaryimage\"},\"image\":{\"@id\":\"https:\/\/niipit.dk\/bror-ditlev\/#primaryimage\"},\"thumbnailUrl\":\"https:\/\/niipit.dk\/bror-ditlev\/wp-content\/uploads\/sites\/505\/2020\/04\/Bror-Ditlev-Kolding.png\",\"datePublished\":\"2020-03-27T21:29:34+00:00\",\"dateModified\":\"2021-05-28T07:54:38+00:00\",\"description\":\"BROR DITLEV ???? N\u00e5r du vil fork\u00e6le dig selv eller en du holder af ???? Lad os om opvasken ???? Bestil her \u27a2\u27a2\u27a2\",\"breadcrumb\":{\"@id\":\"https:\/\/niipit.dk\/bror-ditlev\/#breadcrumb\"},\"inLanguage\":\"da-DK\",\"potentialAction\":[{\"@type\":\"ReadAction\",\"target\":[\"https:\/\/niipit.dk\/bror-ditlev\/\"]}]},{\"@type\":\"ImageObject\",\"inLanguage\":\"da-DK\",\"@id\":\"https:\/\/niipit.dk\/bror-ditlev\/#primaryimage\",\"url\":\"https:\/\/niipit.dk\/bror-ditlev\/wp-content\/uploads\/sites\/505\/2020\/04\/Bror-Ditlev-Kolding.png\",\"contentUrl\":\"https:\/\/niipit.dk\/bror-ditlev\/wp-content\/uploads\/sites\/505\/2020\/04\/Bror-Ditlev-Kolding.png\"},{\"@type\":\"BreadcrumbList\",\"@id\":\"https:\/\/niipit.dk\/bror-ditlev\/#breadcrumb\",\"itemListElement\":[{\"@type\":\"ListItem\",\"position\":1,\"name\":\"Hjem\",\"item\":\"https:\/\/niipit.dk\/bror-ditlev\/\"},{\"@type\":\"ListItem\",\"position\":2,\"name\":\"Forside\"}]},{\"@type\":\"WebSite\",\"@id\":\"https:\/\/niipit.dk\/bror-ditlev\/#website\",\"url\":\"https:\/\/niipit.dk\/bror-ditlev\/\",\"name\":\"BROR DITLEV\",\"description\":\"Shop lokalt ???? Shop Dansk\",\"potentialAction\":[{\"@type\":\"SearchAction\",\"target\":{\"@type\":\"EntryPoint\",\"urlTemplate\":\"https:\/\/niipit.dk\/bror-ditlev\/?s={search_term_string}\"},\"query-input\":{\"@type\":\"PropertyValueSpecification\",\"valueRequired\":true,\"valueName\":\"search_term_string\"}}],\"inLanguage\":\"da-DK\"}]}<\/script>\n<!-- \/ Yoast SEO Premium plugin. -->","yoast_head_json":{"title":"BROR DITLEV ???? Spis lokalt ???? Ring +45 73 70 25 19????","description":"BROR DITLEV ???? N\u00e5r du vil fork\u00e6le dig selv eller en du holder af ???? Lad os om opvasken ???? Bestil her \u27a2\u27a2\u27a2","robots":{"index":"index","follow":"follow","max-snippet":"max-snippet:-1","max-image-preview":"max-image-preview:large","max-video-preview":"max-video-preview:-1"},"canonical":"https:\/\/niipit.dk\/bror-ditlev\/","og_locale":"da_DK","og_type":"article","og_title":"BROR DITLEV ???? Spis lokalt ???? Ring +45 73 70 25 19????","og_description":"BROR DITLEV ???? N\u00e5r du vil fork\u00e6le dig selv eller en du holder af ???? Lad os om opvasken ???? Bestil her \u27a2\u27a2\u27a2","og_url":"https:\/\/niipit.dk\/bror-ditlev\/","og_site_name":"BROR DITLEV","article_modified_time":"2021-05-28T07:54:38+00:00","og_image":[{"url":"https:\/\/niipit.dk\/bror-ditlev\/wp-content\/uploads\/sites\/505\/2020\/04\/Bror-Ditlev-Kolding.png","type":"","width":"","height":""}],"twitter_card":"summary_large_image","twitter_misc":{"Estimeret l\u00e6setid":"1 minut"},"schema":{"@context":"https:\/\/schema.org","@graph":[{"@type":"WebPage","@id":"https:\/\/niipit.dk\/bror-ditlev\/","url":"https:\/\/niipit.dk\/bror-ditlev\/","name":"BROR DITLEV ???? Spis lokalt ???? Ring +45 73 70 25 19????","isPartOf":{"@id":"https:\/\/niipit.dk\/bror-ditlev\/#website"},"primaryImageOfPage":{"@id":"https:\/\/niipit.dk\/bror-ditlev\/#primaryimage"},"image":{"@id":"https:\/\/niipit.dk\/bror-ditlev\/#primaryimage"},"thumbnailUrl":"https:\/\/niipit.dk\/bror-ditlev\/wp-content\/uploads\/sites\/505\/2020\/04\/Bror-Ditlev-Kolding.png","datePublished":"2020-03-27T21:29:34+00:00","dateModified":"2021-05-28T07:54:38+00:00","description":"BROR DITLEV ???? N\u00e5r du vil fork\u00e6le dig selv eller en du holder af ???? Lad os om opvasken ???? Bestil her \u27a2\u27a2\u27a2","breadcrumb":{"@id":"https:\/\/niipit.dk\/bror-ditlev\/#breadcrumb"},"inLanguage":"da-DK","potentialAction":[{"@type":"ReadAction","target":["https:\/\/niipit.dk\/bror-ditlev\/"]}]},{"@type":"ImageObject","inLanguage":"da-DK","@id":"https:\/\/niipit.dk\/bror-ditlev\/#primaryimage","url":"https:\/\/niipit.dk\/bror-ditlev\/wp-content\/uploads\/sites\/505\/2020\/04\/Bror-Ditlev-Kolding.png","contentUrl":"https:\/\/niipit.dk\/bror-ditlev\/wp-content\/uploads\/sites\/505\/2020\/04\/Bror-Ditlev-Kolding.png"},{"@type":"BreadcrumbList","@id":"https:\/\/niipit.dk\/bror-ditlev\/#breadcrumb","itemListElement":[{"@type":"ListItem","position":1,"name":"Hjem","item":"https:\/\/niipit.dk\/bror-ditlev\/"},{"@type":"ListItem","position":2,"name":"Forside"}]},{"@type":"WebSite","@id":"https:\/\/niipit.dk\/bror-ditlev\/#website","url":"https:\/\/niipit.dk\/bror-ditlev\/","name":"BROR DITLEV","description":"Shop lokalt ???? Shop Dansk","potentialAction":[{"@type":"SearchAction","target":{"@type":"EntryPoint","urlTemplate":"https:\/\/niipit.dk\/bror-ditlev\/?s={search_term_string}"},"query-input":{"@type":"PropertyValueSpecification","valueRequired":true,"valueName":"search_term_string"}}],"inLanguage":"da-DK"}]}},"_links":{"self":[{"href":"https:\/\/niipit.dk\/bror-ditlev\/wp-json\/wp\/v2\/pages\/5064","targetHints":{"allow":["GET"]}}],"collection":[{"href":"https:\/\/niipit.dk\/bror-ditlev\/wp-json\/wp\/v2\/pages"}],"about":[{"href":"https:\/\/niipit.dk\/bror-ditlev\/wp-json\/wp\/v2\/types\/page"}],"author":[{"embeddable":true,"href":"https:\/\/niipit.dk\/bror-ditlev\/wp-json\/wp\/v2\/users\/905"}],"replies":[{"embeddable":true,"href":"https:\/\/niipit.dk\/bror-ditlev\/wp-json\/wp\/v2\/comments?post=5064"}],"version-history":[{"count":2,"href":"https:\/\/niipit.dk\/bror-ditlev\/wp-json\/wp\/v2\/pages\/5064\/revisions"}],"predecessor-version":[{"id":6015,"href":"https:\/\/niipit.dk\/bror-ditlev\/wp-json\/wp\/v2\/pages\/5064\/revisions\/6015"}],"wp:attachment":[{"href":"https:\/\/niipit.dk\/bror-ditlev\/wp-json\/wp\/v2\/media?parent=5064"}],"curies":[{"name":"wp","href":"https:\/\/api.w.org\/{rel}","templated":true}]}}