{"id":5064,"date":"2018-08-10T22:29:34","date_gmt":"2018-08-10T20:29:34","guid":{"rendered":"https:\/\/niipit.dk\/brandavenue\/?page_id=5064"},"modified":"2020-11-03T12:02:50","modified_gmt":"2020-11-03T11:02:50","slug":"frontpage","status":"publish","type":"page","link":"https:\/\/niipit.dk\/brandavenue\/","title":{"rendered":"Forside"},"content":{"rendered":"\n<hr class=\"wp-block-separator\"\/>\n\n\n\n<p>Hos BrandAvenue finder du en r\u00e6kke danske design brands der alle er s\u00e6rligt udvalgte for deres moderne og unikke designs, og til sammen udg\u00f8r de et komplet udvalg af m\u00f8bler og interi\u00f8r til det moderne nordiske hjem. M\u00f8d store og popul\u00e6re brands som House Doctor og H\u00fcbsch, og sm\u00e5 danske perler med mindre sortiment men unikke designs, som Bottega Lavanda og Roon &amp; Rahn.<\/p>\n","protected":false},"excerpt":{"rendered":"<p>Hos BrandAvenue finder du en r\u00e6kke danske design brands der alle er s\u00e6rligt udvalgte for deres moderne og unikke designs, og til sammen udg\u00f8r de et komplet udvalg af m\u00f8bler og interi\u00f8r til det moderne nordiske hjem. M\u00f8d store og popul\u00e6re brands som House Doctor og H\u00fcbsch, og sm\u00e5 danske perler med mindre sortiment men <a class=\"moretag btn btn-primary\" href=\"https:\/\/niipit.dk\/brandavenue\/\">L\u00e6s mere<\/a><\/p>\n","protected":false},"author":151,"featured_media":0,"parent":0,"menu_order":10,"comment_status":"closed","ping_status":"closed","template":"frontpagePremium.php","meta":{"_exactmetrics_skip_tracking":false,"_exactmetrics_sitenote_active":false,"_exactmetrics_sitenote_note":"","_exactmetrics_sitenote_category":0,"_monsterinsights_skip_tracking":false,"_monsterinsights_sitenote_active":false,"_monsterinsights_sitenote_note":"","_monsterinsights_sitenote_category":0,"footnotes":""},"class_list":["post-5064","page","type-page","status-publish","hentry"],"yoast_head":"<!-- This site is optimized with the Yoast SEO Premium plugin v16.3 (Yoast SEO v27.4) - https:\/\/yoast.com\/product\/yoast-seo-premium-wordpress\/ -->\n<title>BrandAvenue - Dit foretrukne bolig univers n\u00e5r du vil handle Dansk<\/title>\n<meta name=\"description\" content=\"BrandAvenue - n\u00e5r du vil handle boligudstyr og interi\u00f8r - Hurtig levering - Dansk Webshop - 90 dages returret - Bes\u00f8g os her \u261e\" \/>\n<meta name=\"robots\" content=\"index, follow, max-snippet:-1, max-image-preview:large, max-video-preview:-1\" \/>\n<link rel=\"canonical\" href=\"http:\/\/niipit.dk\/brandavenue\/\" \/>\n<meta property=\"og:locale\" content=\"da_DK\" \/>\n<meta property=\"og:type\" content=\"article\" \/>\n<meta property=\"og:title\" content=\"BrandAvenue - Dit foretrukne bolig univers n\u00e5r du vil handle Dansk\" \/>\n<meta property=\"og:description\" content=\"BrandAvenue - n\u00e5r du vil handle boligudstyr og interi\u00f8r - Hurtig levering - Dansk Webshop - 90 dages returret - Bes\u00f8g os her \u261e\" \/>\n<meta property=\"og:url\" content=\"http:\/\/niipit.dk\/brandavenue\/\" \/>\n<meta property=\"og:site_name\" content=\"BrandAvenue\" \/>\n<meta property=\"article:modified_time\" content=\"2020-11-03T11:02:50+00:00\" \/>\n<meta name=\"twitter:card\" content=\"summary_large_image\" \/>\n<script type=\"application\/ld+json\" class=\"yoast-schema-graph\">{\"@context\":\"https:\\\/\\\/schema.org\",\"@graph\":[{\"@type\":\"WebPage\",\"@id\":\"http:\\\/\\\/niipit.dk\\\/brandavenue\\\/\",\"url\":\"http:\\\/\\\/niipit.dk\\\/brandavenue\\\/\",\"name\":\"BrandAvenue - Dit foretrukne bolig univers n\u00e5r du vil handle Dansk\",\"isPartOf\":{\"@id\":\"http:\\\/\\\/niipit.dk\\\/brandavenue\\\/#website\"},\"datePublished\":\"2018-08-10T20:29:34+00:00\",\"dateModified\":\"2020-11-03T11:02:50+00:00\",\"description\":\"BrandAvenue - n\u00e5r du vil handle boligudstyr og interi\u00f8r - Hurtig levering - Dansk Webshop - 90 dages returret - Bes\u00f8g os her \u261e\",\"breadcrumb\":{\"@id\":\"http:\\\/\\\/niipit.dk\\\/brandavenue\\\/#breadcrumb\"},\"inLanguage\":\"da-DK\",\"potentialAction\":[{\"@type\":\"ReadAction\",\"target\":[\"http:\\\/\\\/niipit.dk\\\/brandavenue\\\/\"]}]},{\"@type\":\"BreadcrumbList\",\"@id\":\"http:\\\/\\\/niipit.dk\\\/brandavenue\\\/#breadcrumb\",\"itemListElement\":[{\"@type\":\"ListItem\",\"position\":1,\"name\":\"Hjem\",\"item\":\"http:\\\/\\\/niipit.dk\\\/brandavenue\\\/\"},{\"@type\":\"ListItem\",\"position\":2,\"name\":\"Forside\"}]},{\"@type\":\"WebSite\",\"@id\":\"http:\\\/\\\/niipit.dk\\\/brandavenue\\\/#website\",\"url\":\"http:\\\/\\\/niipit.dk\\\/brandavenue\\\/\",\"name\":\"BrandAvenue\",\"description\":\"Bolig &amp; Livsstilsprodukter online\",\"potentialAction\":[{\"@type\":\"SearchAction\",\"target\":{\"@type\":\"EntryPoint\",\"urlTemplate\":\"http:\\\/\\\/niipit.dk\\\/brandavenue\\\/?s={search_term_string}\"},\"query-input\":{\"@type\":\"PropertyValueSpecification\",\"valueRequired\":true,\"valueName\":\"search_term_string\"}}],\"inLanguage\":\"da-DK\"}]}<\/script>\n<!-- \/ Yoast SEO Premium plugin. -->","yoast_head_json":{"title":"BrandAvenue - Dit foretrukne bolig univers n\u00e5r du vil handle Dansk","description":"BrandAvenue - n\u00e5r du vil handle boligudstyr og interi\u00f8r - Hurtig levering - Dansk Webshop - 90 dages returret - Bes\u00f8g os her \u261e","robots":{"index":"index","follow":"follow","max-snippet":"max-snippet:-1","max-image-preview":"max-image-preview:large","max-video-preview":"max-video-preview:-1"},"canonical":"http:\/\/niipit.dk\/brandavenue\/","og_locale":"da_DK","og_type":"article","og_title":"BrandAvenue - Dit foretrukne bolig univers n\u00e5r du vil handle Dansk","og_description":"BrandAvenue - n\u00e5r du vil handle boligudstyr og interi\u00f8r - Hurtig levering - Dansk Webshop - 90 dages returret - Bes\u00f8g os her \u261e","og_url":"http:\/\/niipit.dk\/brandavenue\/","og_site_name":"BrandAvenue","article_modified_time":"2020-11-03T11:02:50+00:00","twitter_card":"summary_large_image","schema":{"@context":"https:\/\/schema.org","@graph":[{"@type":"WebPage","@id":"http:\/\/niipit.dk\/brandavenue\/","url":"http:\/\/niipit.dk\/brandavenue\/","name":"BrandAvenue - Dit foretrukne bolig univers n\u00e5r du vil handle Dansk","isPartOf":{"@id":"http:\/\/niipit.dk\/brandavenue\/#website"},"datePublished":"2018-08-10T20:29:34+00:00","dateModified":"2020-11-03T11:02:50+00:00","description":"BrandAvenue - n\u00e5r du vil handle boligudstyr og interi\u00f8r - Hurtig levering - Dansk Webshop - 90 dages returret - Bes\u00f8g os her \u261e","breadcrumb":{"@id":"http:\/\/niipit.dk\/brandavenue\/#breadcrumb"},"inLanguage":"da-DK","potentialAction":[{"@type":"ReadAction","target":["http:\/\/niipit.dk\/brandavenue\/"]}]},{"@type":"BreadcrumbList","@id":"http:\/\/niipit.dk\/brandavenue\/#breadcrumb","itemListElement":[{"@type":"ListItem","position":1,"name":"Hjem","item":"http:\/\/niipit.dk\/brandavenue\/"},{"@type":"ListItem","position":2,"name":"Forside"}]},{"@type":"WebSite","@id":"http:\/\/niipit.dk\/brandavenue\/#website","url":"http:\/\/niipit.dk\/brandavenue\/","name":"BrandAvenue","description":"Bolig &amp; Livsstilsprodukter online","potentialAction":[{"@type":"SearchAction","target":{"@type":"EntryPoint","urlTemplate":"http:\/\/niipit.dk\/brandavenue\/?s={search_term_string}"},"query-input":{"@type":"PropertyValueSpecification","valueRequired":true,"valueName":"search_term_string"}}],"inLanguage":"da-DK"}]}},"_links":{"self":[{"href":"https:\/\/niipit.dk\/brandavenue\/wp-json\/wp\/v2\/pages\/5064","targetHints":{"allow":["GET"]}}],"collection":[{"href":"https:\/\/niipit.dk\/brandavenue\/wp-json\/wp\/v2\/pages"}],"about":[{"href":"https:\/\/niipit.dk\/brandavenue\/wp-json\/wp\/v2\/types\/page"}],"author":[{"embeddable":true,"href":"https:\/\/niipit.dk\/brandavenue\/wp-json\/wp\/v2\/users\/151"}],"replies":[{"embeddable":true,"href":"https:\/\/niipit.dk\/brandavenue\/wp-json\/wp\/v2\/comments?post=5064"}],"version-history":[{"count":0,"href":"https:\/\/niipit.dk\/brandavenue\/wp-json\/wp\/v2\/pages\/5064\/revisions"}],"wp:attachment":[{"href":"https:\/\/niipit.dk\/brandavenue\/wp-json\/wp\/v2\/media?parent=5064"}],"curies":[{"name":"wp","href":"https:\/\/api.w.org\/{rel}","templated":true}]}}