{"id":5064,"date":"2020-03-25T22:40:00","date_gmt":"2020-03-25T21:40:00","guid":{"rendered":"https:\/\/niipit.dk\/bevaringscenter-nord-shop\/?page_id=5064"},"modified":"2020-03-26T08:36:09","modified_gmt":"2020-03-26T07:36:09","slug":"frontpage","status":"publish","type":"page","link":"https:\/\/niipit.dk\/bevaringscenter-nord\/","title":{"rendered":"Forside"},"content":{"rendered":"\n<hr class=\"wp-block-separator\"\/>\n\n\n\n<h2 class=\"wp-block-heading\">Bevaring og restaurering af fortiden, nutiden og fremtiden<\/h2>\n\n\n\n<p>Hos Bevaringscenter Nord ser vi det som vores fornemste opgave at v\u00e6re med til at l\u00f8fte niveauet for <a href=\"https:\/\/bcnord.dk\/konservering-restaurering\/\">bevaring af kunst og kultur i Danmark<\/a>. Vi er fagn\u00f8rder, kompetente og altid interesserede i at arbejde med de genstande og v\u00e6rker, som vores kunder \u00f8nsker at f\u00e5 vurderet og behandlet. I samarbejde med vores kunder fors\u00f8ger vi at finde den bedste l\u00f8sning p\u00e5 behandling \u2013 s\u00e5 det altid er det bedste resultat vi opn\u00e5r.<\/p>\n","protected":false},"excerpt":{"rendered":"<p>Bevaring og restaurering af fortiden, nutiden og fremtiden Hos Bevaringscenter Nord ser vi det som vores fornemste opgave at v\u00e6re med til at l\u00f8fte niveauet for bevaring af kunst og kultur i Danmark. Vi er fagn\u00f8rder, kompetente og altid interesserede i at arbejde med de genstande og v\u00e6rker, som vores kunder \u00f8nsker at f\u00e5 vurderet <a class=\"moretag btn btn-primary\" href=\"https:\/\/niipit.dk\/bevaringscenter-nord\/\">L\u00e6s mere<\/a><\/p>\n","protected":false},"author":1,"featured_media":0,"parent":0,"menu_order":0,"comment_status":"closed","ping_status":"closed","template":"frontpagePremium.php","meta":{"_exactmetrics_skip_tracking":false,"_exactmetrics_sitenote_active":false,"_exactmetrics_sitenote_note":"","_exactmetrics_sitenote_category":0,"_monsterinsights_skip_tracking":false,"_monsterinsights_sitenote_active":false,"_monsterinsights_sitenote_note":"","_monsterinsights_sitenote_category":0,"footnotes":""},"class_list":["post-5064","page","type-page","status-publish","hentry"],"yoast_head":"<!-- This site is optimized with the Yoast SEO Premium plugin v16.3 (Yoast SEO v27.3) - https:\/\/yoast.com\/product\/yoast-seo-premium-wordpress\/ -->\n<title>Konservator r\u00e5dgivning \u26b6 Ydelser inden for restaurering &amp; bevaring<\/title>\n<meta name=\"description\" content=\"Bevaringscenter Nord er et af landets st\u00f8rste konserveringscentre for bevaring af kulturarv \u2502 Vi tilbyder b\u00e5de rensning og restaurering af kulturgenstande \u27a4\" \/>\n<meta name=\"robots\" content=\"index, follow, max-snippet:-1, max-image-preview:large, max-video-preview:-1\" \/>\n<link rel=\"canonical\" href=\"https:\/\/niipit.dk\/bevaringscenter-nord\/\" \/>\n<meta property=\"og:locale\" content=\"da_DK\" \/>\n<meta property=\"og:type\" content=\"article\" \/>\n<meta property=\"og:title\" content=\"Konservator r\u00e5dgivning \u26b6 Ydelser inden for restaurering &amp; bevaring\" \/>\n<meta property=\"og:description\" content=\"Bevaringscenter Nord er et af landets st\u00f8rste konserveringscentre for bevaring af kulturarv \u2502 Vi tilbyder b\u00e5de rensning og restaurering af kulturgenstande \u27a4\" \/>\n<meta property=\"og:url\" content=\"https:\/\/niipit.dk\/bevaringscenter-nord\/\" \/>\n<meta property=\"og:site_name\" content=\"Bevaringscenter Nord\" \/>\n<meta property=\"article:modified_time\" content=\"2020-03-26T07:36:09+00:00\" \/>\n<meta name=\"twitter:card\" content=\"summary_large_image\" \/>\n<script type=\"application\/ld+json\" class=\"yoast-schema-graph\">{\"@context\":\"https:\\\/\\\/schema.org\",\"@graph\":[{\"@type\":\"WebPage\",\"@id\":\"https:\\\/\\\/niipit.dk\\\/bevaringscenter-nord\\\/\",\"url\":\"https:\\\/\\\/niipit.dk\\\/bevaringscenter-nord\\\/\",\"name\":\"Konservator r\u00e5dgivning \u26b6 Ydelser inden for restaurering & bevaring\",\"isPartOf\":{\"@id\":\"https:\\\/\\\/niipit.dk\\\/bevaringscenter-nord\\\/#website\"},\"datePublished\":\"2020-03-25T21:40:00+00:00\",\"dateModified\":\"2020-03-26T07:36:09+00:00\",\"description\":\"Bevaringscenter Nord er et af landets st\u00f8rste konserveringscentre for bevaring af kulturarv \u2502 Vi tilbyder b\u00e5de rensning og restaurering af kulturgenstande \u27a4\",\"breadcrumb\":{\"@id\":\"https:\\\/\\\/niipit.dk\\\/bevaringscenter-nord\\\/#breadcrumb\"},\"inLanguage\":\"da-DK\",\"potentialAction\":[{\"@type\":\"ReadAction\",\"target\":[\"https:\\\/\\\/niipit.dk\\\/bevaringscenter-nord\\\/\"]}]},{\"@type\":\"BreadcrumbList\",\"@id\":\"https:\\\/\\\/niipit.dk\\\/bevaringscenter-nord\\\/#breadcrumb\",\"itemListElement\":[{\"@type\":\"ListItem\",\"position\":1,\"name\":\"Hjem\",\"item\":\"https:\\\/\\\/niipit.dk\\\/bevaringscenter-nord\\\/\"},{\"@type\":\"ListItem\",\"position\":2,\"name\":\"Forside\"}]},{\"@type\":\"WebSite\",\"@id\":\"https:\\\/\\\/niipit.dk\\\/bevaringscenter-nord\\\/#website\",\"url\":\"https:\\\/\\\/niipit.dk\\\/bevaringscenter-nord\\\/\",\"name\":\"Bevaringscenter Nord\",\"description\":\"F\u00e5 din virksomhed p\u00e5 niipit\",\"potentialAction\":[{\"@type\":\"SearchAction\",\"target\":{\"@type\":\"EntryPoint\",\"urlTemplate\":\"https:\\\/\\\/niipit.dk\\\/bevaringscenter-nord\\\/?s={search_term_string}\"},\"query-input\":{\"@type\":\"PropertyValueSpecification\",\"valueRequired\":true,\"valueName\":\"search_term_string\"}}],\"inLanguage\":\"da-DK\"}]}<\/script>\n<!-- \/ Yoast SEO Premium plugin. -->","yoast_head_json":{"title":"Konservator r\u00e5dgivning \u26b6 Ydelser inden for restaurering & bevaring","description":"Bevaringscenter Nord er et af landets st\u00f8rste konserveringscentre for bevaring af kulturarv \u2502 Vi tilbyder b\u00e5de rensning og restaurering af kulturgenstande \u27a4","robots":{"index":"index","follow":"follow","max-snippet":"max-snippet:-1","max-image-preview":"max-image-preview:large","max-video-preview":"max-video-preview:-1"},"canonical":"https:\/\/niipit.dk\/bevaringscenter-nord\/","og_locale":"da_DK","og_type":"article","og_title":"Konservator r\u00e5dgivning \u26b6 Ydelser inden for restaurering & bevaring","og_description":"Bevaringscenter Nord er et af landets st\u00f8rste konserveringscentre for bevaring af kulturarv \u2502 Vi tilbyder b\u00e5de rensning og restaurering af kulturgenstande \u27a4","og_url":"https:\/\/niipit.dk\/bevaringscenter-nord\/","og_site_name":"Bevaringscenter Nord","article_modified_time":"2020-03-26T07:36:09+00:00","twitter_card":"summary_large_image","schema":{"@context":"https:\/\/schema.org","@graph":[{"@type":"WebPage","@id":"https:\/\/niipit.dk\/bevaringscenter-nord\/","url":"https:\/\/niipit.dk\/bevaringscenter-nord\/","name":"Konservator r\u00e5dgivning \u26b6 Ydelser inden for restaurering & bevaring","isPartOf":{"@id":"https:\/\/niipit.dk\/bevaringscenter-nord\/#website"},"datePublished":"2020-03-25T21:40:00+00:00","dateModified":"2020-03-26T07:36:09+00:00","description":"Bevaringscenter Nord er et af landets st\u00f8rste konserveringscentre for bevaring af kulturarv \u2502 Vi tilbyder b\u00e5de rensning og restaurering af kulturgenstande \u27a4","breadcrumb":{"@id":"https:\/\/niipit.dk\/bevaringscenter-nord\/#breadcrumb"},"inLanguage":"da-DK","potentialAction":[{"@type":"ReadAction","target":["https:\/\/niipit.dk\/bevaringscenter-nord\/"]}]},{"@type":"BreadcrumbList","@id":"https:\/\/niipit.dk\/bevaringscenter-nord\/#breadcrumb","itemListElement":[{"@type":"ListItem","position":1,"name":"Hjem","item":"https:\/\/niipit.dk\/bevaringscenter-nord\/"},{"@type":"ListItem","position":2,"name":"Forside"}]},{"@type":"WebSite","@id":"https:\/\/niipit.dk\/bevaringscenter-nord\/#website","url":"https:\/\/niipit.dk\/bevaringscenter-nord\/","name":"Bevaringscenter Nord","description":"F\u00e5 din virksomhed p\u00e5 niipit","potentialAction":[{"@type":"SearchAction","target":{"@type":"EntryPoint","urlTemplate":"https:\/\/niipit.dk\/bevaringscenter-nord\/?s={search_term_string}"},"query-input":{"@type":"PropertyValueSpecification","valueRequired":true,"valueName":"search_term_string"}}],"inLanguage":"da-DK"}]}},"_links":{"self":[{"href":"https:\/\/niipit.dk\/bevaringscenter-nord\/wp-json\/wp\/v2\/pages\/5064","targetHints":{"allow":["GET"]}}],"collection":[{"href":"https:\/\/niipit.dk\/bevaringscenter-nord\/wp-json\/wp\/v2\/pages"}],"about":[{"href":"https:\/\/niipit.dk\/bevaringscenter-nord\/wp-json\/wp\/v2\/types\/page"}],"author":[{"embeddable":true,"href":"https:\/\/niipit.dk\/bevaringscenter-nord\/wp-json\/wp\/v2\/users\/1"}],"replies":[{"embeddable":true,"href":"https:\/\/niipit.dk\/bevaringscenter-nord\/wp-json\/wp\/v2\/comments?post=5064"}],"version-history":[{"count":0,"href":"https:\/\/niipit.dk\/bevaringscenter-nord\/wp-json\/wp\/v2\/pages\/5064\/revisions"}],"wp:attachment":[{"href":"https:\/\/niipit.dk\/bevaringscenter-nord\/wp-json\/wp\/v2\/media?parent=5064"}],"curies":[{"name":"wp","href":"https:\/\/api.w.org\/{rel}","templated":true}]}}