{"id":9304,"date":"2020-03-04T12:07:04","date_gmt":"2020-03-04T11:07:04","guid":{"rendered":"https:\/\/niipit.dk\/ansigtsmaling\/?post_type=product&#038;p=9304"},"modified":"2022-05-25T15:38:43","modified_gmt":"2022-05-25T13:38:43","slug":"boernefoedselsdag-ansigtsmaling-1-time","status":"publish","type":"product","link":"https:\/\/niipit.dk\/ansigtsmaling\/produkt\/boernefoedselsdag-ansigtsmaling-1-time\/","title":{"rendered":"B\u00f8rnef\u00f8dselsdag Ansigtsmaling 1 time"},"content":{"rendered":"<h1>B\u00f8rnef\u00f8dselsdag Ansigtsmaling 1 time<\/h1>\n<h2>B\u00f8rnef\u00f8dselsdagen der bliver husket med de ansigtsmalet farverige motiver det eneste du selv skal huske er at tage en masse billeder.<\/h2>\n<p>B\u00f8rnef\u00f8dselsdag Ansigtsmaling 1 time hvor der kan males op til 8 -10 b\u00f8rn<\/p>\n<p><a href=\"http:\/\/www.colorfulfaces.dk\">Ansigtsmaling<\/a> til b\u00f8rn og barnlige sj\u00e6le.<\/p>\n<p>Denne pris er inklusiv<strong>\u00a0<\/strong>\u00e9t stk. accessories til f\u00f8dselsdagsbarnet.<\/p>\n<p>V\u00e6rdi 34,- kr pr. accessories.<\/p>\n<p>Du kan book Tina i en time og s\u00e6tte kul\u00f8r p\u00e5 festdagen, b\u00f8rnene vil elske dig for det, p\u00e5 omkring en time har du rummet fyldt med enhj\u00f8rninger, hulke eller m\u00e5ske et frost tema, aldrig mere kedelige b\u00f8rnef\u00f8dselsdage.<\/p>\n<p>Book din professionelle ansigtsmaler her og Tina ankommer med de nyeste farverige ansigtsmaling produkter og glitter i alle pink, bl\u00e5 og guld farve toner ydermere f\u00e5r alle b\u00f8rnene en accessoires til at give det sidste seje bling til ansigtsmalingen.<\/p>\n<h2>Skal dit barns b\u00f8rnef\u00f8dselsdag huskes?<\/h2>\n<p>Vil du gerne have at alle husker dit barns f\u00f8dselsdag og samtidig selv s\u00e6tte dit pr\u00e6g p\u00e5 festlighederne s\u00e5 vil jeg anbefale at du g\u00e5r med et tema.<\/p>\n<p>Nu er det op til dig, skal det v\u00e6re en pirat, pinjata eller en sommerfugle fest?<\/p>\n<p>Du v\u00e6lger temaet for f\u00f8dselsdagen og dern\u00e6st ankommer Tina og fuldender temadagen med makeup der er tilpasset dit barn \u00f8nsker.<\/p>\n<p>Du kan v\u00e6lge fra en time op til tre timer alt efter hvor mange der er inviteret til b\u00f8rnefesten, det vil blive en minderig dag.<\/p>\n<p>&nbsp;<\/p>\n<p>Prisen vises inkl moms.<br \/>\n<a href=\"https:\/\/niipit.dk\/ansigtsmaling\/handelsbetingelser\/\">L\u00e6s gerne mine handelsbetingelser inden du bestiller.<\/a><\/p>\n<p><a href=\"https:\/\/niipit.dk\/ansigtsmaling\/kontakt\/\">Har du husket at booke tid f\u00f8r du betaler? ellers klik her.<\/a><\/p>\n","protected":false},"excerpt":{"rendered":"<p>B\u00f8rnef\u00f8dselsdag Ansigtsmaling 1 time B\u00f8rnef\u00f8dselsdagen der bliver husket med de ansigtsmalet farverige motiver det eneste du selv skal huske er at tage en masse billeder. B\u00f8rnef\u00f8dselsdag Ansigtsmaling 1 time hvor der kan males op til 8 -10 b\u00f8rn Ansigtsmaling til b\u00f8rn og barnlige sj\u00e6le. Denne pris er inklusiv\u00a0\u00e9t stk. accessories til f\u00f8dselsdagsbarnet. V\u00e6rdi 34,- kr <a class=\"moretag btn btn-primary\" href=\"https:\/\/niipit.dk\/ansigtsmaling\/produkt\/boernefoedselsdag-ansigtsmaling-1-time\/\">L\u00e6s mere<\/a><\/p>\n","protected":false},"featured_media":10447,"template":"","meta":{"_exactmetrics_skip_tracking":false,"_exactmetrics_sitenote_active":false,"_exactmetrics_sitenote_note":"","_exactmetrics_sitenote_category":0,"_monsterinsights_skip_tracking":false,"_monsterinsights_sitenote_active":false,"_monsterinsights_sitenote_note":"","_monsterinsights_sitenote_category":0},"product_brand":[],"product_cat":[2192],"product_tag":[],"shoptype":[],"class_list":{"0":"post-9304","1":"product","2":"type-product","3":"status-publish","4":"has-post-thumbnail","6":"product_cat-for-private","8":"first","9":"instock","10":"shipping-taxable","11":"purchasable","12":"product-type-simple"},"yoast_head":"<!-- This site is optimized with the Yoast SEO plugin v27.3 - https:\/\/yoast.com\/product\/yoast-seo-wordpress\/ -->\n<title>B\u00f8rnef\u00f8dselsdag Ansigtsmaling 1 time - N\u00e5r det skal v\u00e6re sjovt<\/title>\n<meta name=\"description\" content=\"B\u00f8rnef\u00f8dselsdag Ansigtsmaling 1 time | Bliv husket | underholdning i verdensklasse | Sjov for alle b\u00f8rn | Ingen ekstra rod | Book ansigtsmaler her \u27a2\u27a2\" \/>\n<meta name=\"robots\" content=\"index, follow, max-snippet:-1, max-image-preview:large, max-video-preview:-1\" \/>\n<link rel=\"canonical\" href=\"https:\/\/niipit.dk\/ansigtsmaling\/produkt\/boernefoedselsdag-ansigtsmaling-1-time\/\" \/>\n<meta property=\"og:locale\" content=\"da_DK\" \/>\n<meta property=\"og:type\" content=\"article\" \/>\n<meta property=\"og:title\" content=\"B\u00f8rnef\u00f8dselsdag Ansigtsmaling 1 time - N\u00e5r det skal v\u00e6re sjovt\" \/>\n<meta property=\"og:description\" content=\"B\u00f8rnef\u00f8dselsdag Ansigtsmaling 1 time | Bliv husket | underholdning i verdensklasse | Sjov for alle b\u00f8rn | Ingen ekstra rod | Book ansigtsmaler her \u27a2\u27a2\" \/>\n<meta property=\"og:url\" content=\"https:\/\/niipit.dk\/ansigtsmaling\/produkt\/boernefoedselsdag-ansigtsmaling-1-time\/\" \/>\n<meta property=\"og:site_name\" content=\"Ansigtsmaling\" \/>\n<meta property=\"article:modified_time\" content=\"2022-05-25T13:38:43+00:00\" \/>\n<meta name=\"twitter:card\" content=\"summary_large_image\" \/>\n<meta name=\"twitter:image\" content=\"https:\/\/niipit.dk\/ansigtsmaling\/wp-content\/uploads\/sites\/215\/2020\/03\/Annsigtsmaling-boernefoedselsdag-shop.jpg\" \/>\n<meta name=\"twitter:label1\" content=\"Estimeret l\u00e6setid\" \/>\n\t<meta name=\"twitter:data1\" content=\"2 minutter\" \/>\n<script type=\"application\/ld+json\" class=\"yoast-schema-graph\">{\"@context\":\"https:\\\/\\\/schema.org\",\"@graph\":[{\"@type\":\"WebPage\",\"@id\":\"https:\\\/\\\/niipit.dk\\\/ansigtsmaling\\\/produkt\\\/boernefoedselsdag-ansigtsmaling-1-time\\\/\",\"url\":\"https:\\\/\\\/niipit.dk\\\/ansigtsmaling\\\/produkt\\\/boernefoedselsdag-ansigtsmaling-1-time\\\/\",\"name\":\"B\u00f8rnef\u00f8dselsdag Ansigtsmaling 1 time - N\u00e5r det skal v\u00e6re sjovt\",\"isPartOf\":{\"@id\":\"https:\\\/\\\/niipit.dk\\\/ansigtsmaling\\\/#website\"},\"primaryImageOfPage\":{\"@id\":\"https:\\\/\\\/niipit.dk\\\/ansigtsmaling\\\/produkt\\\/boernefoedselsdag-ansigtsmaling-1-time\\\/#primaryimage\"},\"image\":{\"@id\":\"https:\\\/\\\/niipit.dk\\\/ansigtsmaling\\\/produkt\\\/boernefoedselsdag-ansigtsmaling-1-time\\\/#primaryimage\"},\"thumbnailUrl\":\"https:\\\/\\\/niipit.dk\\\/ansigtsmaling\\\/wp-content\\\/uploads\\\/sites\\\/215\\\/2020\\\/03\\\/Annsigtsmaling-boernefoedselsdag-shop.jpg\",\"datePublished\":\"2020-03-04T11:07:04+00:00\",\"dateModified\":\"2022-05-25T13:38:43+00:00\",\"description\":\"B\u00f8rnef\u00f8dselsdag Ansigtsmaling 1 time | Bliv husket | underholdning i verdensklasse | Sjov for alle b\u00f8rn | Ingen ekstra rod | Book ansigtsmaler her \u27a2\u27a2\",\"breadcrumb\":{\"@id\":\"https:\\\/\\\/niipit.dk\\\/ansigtsmaling\\\/produkt\\\/boernefoedselsdag-ansigtsmaling-1-time\\\/#breadcrumb\"},\"inLanguage\":\"da-DK\",\"potentialAction\":[{\"@type\":\"ReadAction\",\"target\":[\"https:\\\/\\\/niipit.dk\\\/ansigtsmaling\\\/produkt\\\/boernefoedselsdag-ansigtsmaling-1-time\\\/\"]}]},{\"@type\":\"ImageObject\",\"inLanguage\":\"da-DK\",\"@id\":\"https:\\\/\\\/niipit.dk\\\/ansigtsmaling\\\/produkt\\\/boernefoedselsdag-ansigtsmaling-1-time\\\/#primaryimage\",\"url\":\"https:\\\/\\\/niipit.dk\\\/ansigtsmaling\\\/wp-content\\\/uploads\\\/sites\\\/215\\\/2020\\\/03\\\/Annsigtsmaling-boernefoedselsdag-shop.jpg\",\"contentUrl\":\"https:\\\/\\\/niipit.dk\\\/ansigtsmaling\\\/wp-content\\\/uploads\\\/sites\\\/215\\\/2020\\\/03\\\/Annsigtsmaling-boernefoedselsdag-shop.jpg\",\"width\":1080,\"height\":1080,\"caption\":\"Ansigtsmaling-boernefodselsdag-shop\"},{\"@type\":\"BreadcrumbList\",\"@id\":\"https:\\\/\\\/niipit.dk\\\/ansigtsmaling\\\/produkt\\\/boernefoedselsdag-ansigtsmaling-1-time\\\/#breadcrumb\",\"itemListElement\":[{\"@type\":\"ListItem\",\"position\":1,\"name\":\"Hjem\",\"item\":\"https:\\\/\\\/niipit.dk\\\/ansigtsmaling\\\/\"},{\"@type\":\"ListItem\",\"position\":2,\"name\":\"Shop\",\"item\":\"https:\\\/\\\/niipit.dk\\\/ansigtsmaling\\\/shop\\\/\"},{\"@type\":\"ListItem\",\"position\":3,\"name\":\"B\u00f8rnef\u00f8dselsdag Ansigtsmaling 1 time\"}]},{\"@type\":\"WebSite\",\"@id\":\"https:\\\/\\\/niipit.dk\\\/ansigtsmaling\\\/#website\",\"url\":\"https:\\\/\\\/niipit.dk\\\/ansigtsmaling\\\/\",\"name\":\"Ansigtsmaling\",\"description\":\"S\u00e6tter smil p\u00e5 ansigter. www.colorfulfaces.dk\",\"potentialAction\":[{\"@type\":\"SearchAction\",\"target\":{\"@type\":\"EntryPoint\",\"urlTemplate\":\"https:\\\/\\\/niipit.dk\\\/ansigtsmaling\\\/?s={search_term_string}\"},\"query-input\":{\"@type\":\"PropertyValueSpecification\",\"valueRequired\":true,\"valueName\":\"search_term_string\"}}],\"inLanguage\":\"da-DK\"}]}<\/script>\n<!-- \/ Yoast SEO plugin. -->","yoast_head_json":{"title":"B\u00f8rnef\u00f8dselsdag Ansigtsmaling 1 time - N\u00e5r det skal v\u00e6re sjovt","description":"B\u00f8rnef\u00f8dselsdag Ansigtsmaling 1 time | Bliv husket | underholdning i verdensklasse | Sjov for alle b\u00f8rn | Ingen ekstra rod | Book ansigtsmaler her \u27a2\u27a2","robots":{"index":"index","follow":"follow","max-snippet":"max-snippet:-1","max-image-preview":"max-image-preview:large","max-video-preview":"max-video-preview:-1"},"canonical":"https:\/\/niipit.dk\/ansigtsmaling\/produkt\/boernefoedselsdag-ansigtsmaling-1-time\/","og_locale":"da_DK","og_type":"article","og_title":"B\u00f8rnef\u00f8dselsdag Ansigtsmaling 1 time - N\u00e5r det skal v\u00e6re sjovt","og_description":"B\u00f8rnef\u00f8dselsdag Ansigtsmaling 1 time | Bliv husket | underholdning i verdensklasse | Sjov for alle b\u00f8rn | Ingen ekstra rod | Book ansigtsmaler her \u27a2\u27a2","og_url":"https:\/\/niipit.dk\/ansigtsmaling\/produkt\/boernefoedselsdag-ansigtsmaling-1-time\/","og_site_name":"Ansigtsmaling","article_modified_time":"2022-05-25T13:38:43+00:00","twitter_card":"summary_large_image","twitter_image":"https:\/\/niipit.dk\/ansigtsmaling\/wp-content\/uploads\/sites\/215\/2020\/03\/Annsigtsmaling-boernefoedselsdag-shop.jpg","twitter_misc":{"Estimeret l\u00e6setid":"2 minutter"},"schema":{"@context":"https:\/\/schema.org","@graph":[{"@type":"WebPage","@id":"https:\/\/niipit.dk\/ansigtsmaling\/produkt\/boernefoedselsdag-ansigtsmaling-1-time\/","url":"https:\/\/niipit.dk\/ansigtsmaling\/produkt\/boernefoedselsdag-ansigtsmaling-1-time\/","name":"B\u00f8rnef\u00f8dselsdag Ansigtsmaling 1 time - N\u00e5r det skal v\u00e6re sjovt","isPartOf":{"@id":"https:\/\/niipit.dk\/ansigtsmaling\/#website"},"primaryImageOfPage":{"@id":"https:\/\/niipit.dk\/ansigtsmaling\/produkt\/boernefoedselsdag-ansigtsmaling-1-time\/#primaryimage"},"image":{"@id":"https:\/\/niipit.dk\/ansigtsmaling\/produkt\/boernefoedselsdag-ansigtsmaling-1-time\/#primaryimage"},"thumbnailUrl":"https:\/\/niipit.dk\/ansigtsmaling\/wp-content\/uploads\/sites\/215\/2020\/03\/Annsigtsmaling-boernefoedselsdag-shop.jpg","datePublished":"2020-03-04T11:07:04+00:00","dateModified":"2022-05-25T13:38:43+00:00","description":"B\u00f8rnef\u00f8dselsdag Ansigtsmaling 1 time | Bliv husket | underholdning i verdensklasse | Sjov for alle b\u00f8rn | Ingen ekstra rod | Book ansigtsmaler her \u27a2\u27a2","breadcrumb":{"@id":"https:\/\/niipit.dk\/ansigtsmaling\/produkt\/boernefoedselsdag-ansigtsmaling-1-time\/#breadcrumb"},"inLanguage":"da-DK","potentialAction":[{"@type":"ReadAction","target":["https:\/\/niipit.dk\/ansigtsmaling\/produkt\/boernefoedselsdag-ansigtsmaling-1-time\/"]}]},{"@type":"ImageObject","inLanguage":"da-DK","@id":"https:\/\/niipit.dk\/ansigtsmaling\/produkt\/boernefoedselsdag-ansigtsmaling-1-time\/#primaryimage","url":"https:\/\/niipit.dk\/ansigtsmaling\/wp-content\/uploads\/sites\/215\/2020\/03\/Annsigtsmaling-boernefoedselsdag-shop.jpg","contentUrl":"https:\/\/niipit.dk\/ansigtsmaling\/wp-content\/uploads\/sites\/215\/2020\/03\/Annsigtsmaling-boernefoedselsdag-shop.jpg","width":1080,"height":1080,"caption":"Ansigtsmaling-boernefodselsdag-shop"},{"@type":"BreadcrumbList","@id":"https:\/\/niipit.dk\/ansigtsmaling\/produkt\/boernefoedselsdag-ansigtsmaling-1-time\/#breadcrumb","itemListElement":[{"@type":"ListItem","position":1,"name":"Hjem","item":"https:\/\/niipit.dk\/ansigtsmaling\/"},{"@type":"ListItem","position":2,"name":"Shop","item":"https:\/\/niipit.dk\/ansigtsmaling\/shop\/"},{"@type":"ListItem","position":3,"name":"B\u00f8rnef\u00f8dselsdag Ansigtsmaling 1 time"}]},{"@type":"WebSite","@id":"https:\/\/niipit.dk\/ansigtsmaling\/#website","url":"https:\/\/niipit.dk\/ansigtsmaling\/","name":"Ansigtsmaling","description":"S\u00e6tter smil p\u00e5 ansigter. www.colorfulfaces.dk","potentialAction":[{"@type":"SearchAction","target":{"@type":"EntryPoint","urlTemplate":"https:\/\/niipit.dk\/ansigtsmaling\/?s={search_term_string}"},"query-input":{"@type":"PropertyValueSpecification","valueRequired":true,"valueName":"search_term_string"}}],"inLanguage":"da-DK"}]}},"_links":{"self":[{"href":"https:\/\/niipit.dk\/ansigtsmaling\/wp-json\/wp\/v2\/product\/9304","targetHints":{"allow":["GET"]}}],"collection":[{"href":"https:\/\/niipit.dk\/ansigtsmaling\/wp-json\/wp\/v2\/product"}],"about":[{"href":"https:\/\/niipit.dk\/ansigtsmaling\/wp-json\/wp\/v2\/types\/product"}],"wp:featuredmedia":[{"embeddable":true,"href":"https:\/\/niipit.dk\/ansigtsmaling\/wp-json\/wp\/v2\/media\/10447"}],"wp:attachment":[{"href":"https:\/\/niipit.dk\/ansigtsmaling\/wp-json\/wp\/v2\/media?parent=9304"}],"wp:term":[{"taxonomy":"product_brand","embeddable":true,"href":"https:\/\/niipit.dk\/ansigtsmaling\/wp-json\/wp\/v2\/product_brand?post=9304"},{"taxonomy":"product_cat","embeddable":true,"href":"https:\/\/niipit.dk\/ansigtsmaling\/wp-json\/wp\/v2\/product_cat?post=9304"},{"taxonomy":"product_tag","embeddable":true,"href":"https:\/\/niipit.dk\/ansigtsmaling\/wp-json\/wp\/v2\/product_tag?post=9304"},{"taxonomy":"shoptype","embeddable":true,"href":"https:\/\/niipit.dk\/ansigtsmaling\/wp-json\/wp\/v2\/shoptype?post=9304"}],"curies":[{"name":"wp","href":"https:\/\/api.w.org\/{rel}","templated":true}]}}