{"id":7881,"date":"2020-01-27T13:57:51","date_gmt":"2020-01-27T12:57:51","guid":{"rendered":"https:\/\/niipit.dk\/ansigtsmaling\/?post_type=product&#038;p=7881"},"modified":"2022-02-25T13:57:23","modified_gmt":"2022-02-25T12:57:23","slug":"accessories-til-ansigtsmaling-tilvalg-pr-stk","status":"publish","type":"product","link":"https:\/\/niipit.dk\/ansigtsmaling\/produkt\/accessories-til-ansigtsmaling-tilvalg-pr-stk\/","title":{"rendered":"Accessories til ansigtsmaling tilvalg pr. stk"},"content":{"rendered":"<h1>Accessories til ansigtsmaling tilvalg pr. stk<\/h1>\n<h2>Sk\u00f8nne flerfarvet accessories\/ perlepynt kan s\u00e6tte det sidste pift p\u00e5 ansigtsmaling b\u00e5de til prinsesse piger og drage drenge.<\/h2>\n<p>Accessories til <a href=\"https:\/\/www.colorfulfaces.dk\">ansigtsmaling<\/a> er et tilvalg til for eksempel en fest eller f\u00f8dselsdag, derved har du mulighed for at s\u00e6tte det sidste flotte &#8220;pift, pynt\/bling&#8221; p\u00e5 som derved bliver en del af ansigtsmalingen.<\/p>\n<p>Obs. Hvis du gerne vil se hvordan mine accessories ser ud f\u00e6rdige, s\u00e5 kan du se en reels p\u00e5 Instagram: <a href=\"https:\/\/www.instagram.com\/tina_ansigtsmaler\/\">Tina ansigtsmaler <\/a>hvor jeg viser dem frem.<\/p>\n<h3>Accessories\/ bling<\/h3>\n<p>Accessories \/ bling er et tilvalg som fuldender ansigtsmaling som ekstra luksus glitter, de fleste b\u00f8rn b\u00e5de drenge og piger elsker denne tilf\u00f8jelse, som i \u00f8vrigt fuldender et fastelavns kostume eller som fork\u00e6lelse til\u00a0barned\u00e5ben, til jul er perlepynten tilpasset i r\u00f8de og gr\u00f8nne farver, og specielt til Halloween kommer perlepynt til sin lettere blodige rette, derudover til\u00a0b\u00f8rnef\u00f8dselsdag hvor en bling pr. barn er indberegnet i prisen, til erhvervsarrangementer giver det mulighed for at tilpasse dit event s\u00e5ledes at det bliver husket som noget helt s\u00e6rligt i dagene derefter.<\/p>\n<h3>Kan jeg selv bestemme farver?<\/h3>\n<p>Ved foresp\u00f8rgsel kan accessoires opbygges i pr\u00e6cis de farver eller st\u00f8rrelser som du har brug for det er derfor nemt at bruge logo farver eller inddragelse af fjer, mulighederne er uendelige, dog beh\u00f8ver jeg cirka tre\/fire dage til at fremstille dem, derfor har jeg allerede en masse som er f\u00e6rdig produceret p\u00e5 forh\u00e5nd.<\/p>\n<h3>\u00a0Kan det gemmes?<\/h3>\n<p>Accessories er genanvendelige til mange sk\u00f8nne dagens leg, limen holder i op til cirka 30 dage, og derefter kan accessories\/bling f\u00e5 nyt &#8220;liv&#8221; fra en \u00f8jenvippe lim refill.<\/p>\n<p>Det antal du bestiller b\u00f8r gerne passe sammen med det antal b\u00f8rn du vil have malet.<\/p>\n<p>&nbsp;<\/p>\n<p>Prisen vises inkl moms.<br \/>\n<a href=\"https:\/\/niipit.dk\/ansigtsmaling\/handelsbetingelser\/\">L\u00e6s gerne mine handelsbetingelser inden du bestiller.<\/a><\/p>\n<p><a href=\"https:\/\/niipit.dk\/ansigtsmaling\/kontakt\/\">Har du husket at booke tid f\u00f8r du betaler? ellers klik her.<\/a><\/p>\n","protected":false},"excerpt":{"rendered":"<p>&nbsp;<\/p>\n<p><strong>\u00a0<\/strong><\/p>\n<p>&nbsp;<\/p>\n","protected":false},"featured_media":10452,"template":"","meta":{"_exactmetrics_skip_tracking":false,"_exactmetrics_sitenote_active":false,"_exactmetrics_sitenote_note":"","_exactmetrics_sitenote_category":0,"_monsterinsights_skip_tracking":false,"_monsterinsights_sitenote_active":false,"_monsterinsights_sitenote_note":"","_monsterinsights_sitenote_category":0},"product_brand":[],"product_cat":[2193,2192],"product_tag":[],"shoptype":[],"class_list":{"0":"post-7881","1":"product","2":"type-product","3":"status-publish","4":"has-post-thumbnail","6":"product_cat-for-erhverv","7":"product_cat-for-private","9":"first","10":"instock","11":"shipping-taxable","12":"purchasable","13":"product-type-simple"},"yoast_head":"<!-- This site is optimized with the Yoast SEO plugin v27.3 - https:\/\/yoast.com\/product\/yoast-seo-wordpress\/ -->\n<title>Accessories til ansigtsmaling tilvalg pr. stk 34,- kr pr stk<\/title>\n<meta name=\"description\" content=\"Accessories til ansigtsmaling tilvalg pr. stk | B\u00f8rn elsker pynt | G\u00f8r ekstra ud af festen | B\u00e5de drenge og piger vil pyntes | Se pynt her \u27a4\u27a4\" \/>\n<meta name=\"robots\" content=\"index, follow, max-snippet:-1, max-image-preview:large, max-video-preview:-1\" \/>\n<link rel=\"canonical\" href=\"https:\/\/niipit.dk\/ansigtsmaling\/produkt\/accessories-til-ansigtsmaling-tilvalg-pr-stk\/\" \/>\n<meta property=\"og:locale\" content=\"da_DK\" \/>\n<meta property=\"og:type\" content=\"article\" \/>\n<meta property=\"og:title\" content=\"Accessories til ansigtsmaling tilvalg pr. stk 34,- kr pr stk\" \/>\n<meta property=\"og:description\" content=\"Accessories til ansigtsmaling tilvalg pr. stk | B\u00f8rn elsker pynt | G\u00f8r ekstra ud af festen | B\u00e5de drenge og piger vil pyntes | Se pynt her \u27a4\u27a4\" \/>\n<meta property=\"og:url\" content=\"https:\/\/niipit.dk\/ansigtsmaling\/produkt\/accessories-til-ansigtsmaling-tilvalg-pr-stk\/\" \/>\n<meta property=\"og:site_name\" content=\"Ansigtsmaling\" \/>\n<meta property=\"article:modified_time\" content=\"2022-02-25T12:57:23+00:00\" \/>\n<meta name=\"twitter:card\" content=\"summary_large_image\" \/>\n<meta name=\"twitter:image\" content=\"https:\/\/niipit.dk\/ansigtsmaling\/wp-content\/uploads\/sites\/215\/2020\/01\/Ansigtsmaling-accessories-shop.jpg\" \/>\n<meta name=\"twitter:label1\" content=\"Estimeret l\u00e6setid\" \/>\n\t<meta name=\"twitter:data1\" content=\"2 minutter\" \/>\n<script type=\"application\/ld+json\" class=\"yoast-schema-graph\">{\"@context\":\"https:\\\/\\\/schema.org\",\"@graph\":[{\"@type\":\"WebPage\",\"@id\":\"https:\\\/\\\/niipit.dk\\\/ansigtsmaling\\\/produkt\\\/accessories-til-ansigtsmaling-tilvalg-pr-stk\\\/\",\"url\":\"https:\\\/\\\/niipit.dk\\\/ansigtsmaling\\\/produkt\\\/accessories-til-ansigtsmaling-tilvalg-pr-stk\\\/\",\"name\":\"Accessories til ansigtsmaling tilvalg pr. stk 34,- kr pr stk\",\"isPartOf\":{\"@id\":\"https:\\\/\\\/niipit.dk\\\/ansigtsmaling\\\/#website\"},\"primaryImageOfPage\":{\"@id\":\"https:\\\/\\\/niipit.dk\\\/ansigtsmaling\\\/produkt\\\/accessories-til-ansigtsmaling-tilvalg-pr-stk\\\/#primaryimage\"},\"image\":{\"@id\":\"https:\\\/\\\/niipit.dk\\\/ansigtsmaling\\\/produkt\\\/accessories-til-ansigtsmaling-tilvalg-pr-stk\\\/#primaryimage\"},\"thumbnailUrl\":\"https:\\\/\\\/niipit.dk\\\/ansigtsmaling\\\/wp-content\\\/uploads\\\/sites\\\/215\\\/2020\\\/01\\\/Ansigtsmaling-accessories-shop.jpg\",\"datePublished\":\"2020-01-27T12:57:51+00:00\",\"dateModified\":\"2022-02-25T12:57:23+00:00\",\"description\":\"Accessories til ansigtsmaling tilvalg pr. stk | B\u00f8rn elsker pynt | G\u00f8r ekstra ud af festen | B\u00e5de drenge og piger vil pyntes | Se pynt her \u27a4\u27a4\",\"breadcrumb\":{\"@id\":\"https:\\\/\\\/niipit.dk\\\/ansigtsmaling\\\/produkt\\\/accessories-til-ansigtsmaling-tilvalg-pr-stk\\\/#breadcrumb\"},\"inLanguage\":\"da-DK\",\"potentialAction\":[{\"@type\":\"ReadAction\",\"target\":[\"https:\\\/\\\/niipit.dk\\\/ansigtsmaling\\\/produkt\\\/accessories-til-ansigtsmaling-tilvalg-pr-stk\\\/\"]}]},{\"@type\":\"ImageObject\",\"inLanguage\":\"da-DK\",\"@id\":\"https:\\\/\\\/niipit.dk\\\/ansigtsmaling\\\/produkt\\\/accessories-til-ansigtsmaling-tilvalg-pr-stk\\\/#primaryimage\",\"url\":\"https:\\\/\\\/niipit.dk\\\/ansigtsmaling\\\/wp-content\\\/uploads\\\/sites\\\/215\\\/2020\\\/01\\\/Ansigtsmaling-accessories-shop.jpg\",\"contentUrl\":\"https:\\\/\\\/niipit.dk\\\/ansigtsmaling\\\/wp-content\\\/uploads\\\/sites\\\/215\\\/2020\\\/01\\\/Ansigtsmaling-accessories-shop.jpg\",\"width\":1080,\"height\":1080,\"caption\":\"Ansigtsmaling-accessories-shop\"},{\"@type\":\"BreadcrumbList\",\"@id\":\"https:\\\/\\\/niipit.dk\\\/ansigtsmaling\\\/produkt\\\/accessories-til-ansigtsmaling-tilvalg-pr-stk\\\/#breadcrumb\",\"itemListElement\":[{\"@type\":\"ListItem\",\"position\":1,\"name\":\"Hjem\",\"item\":\"https:\\\/\\\/niipit.dk\\\/ansigtsmaling\\\/\"},{\"@type\":\"ListItem\",\"position\":2,\"name\":\"Shop\",\"item\":\"https:\\\/\\\/niipit.dk\\\/ansigtsmaling\\\/shop\\\/\"},{\"@type\":\"ListItem\",\"position\":3,\"name\":\"Accessories til ansigtsmaling tilvalg pr. stk\"}]},{\"@type\":\"WebSite\",\"@id\":\"https:\\\/\\\/niipit.dk\\\/ansigtsmaling\\\/#website\",\"url\":\"https:\\\/\\\/niipit.dk\\\/ansigtsmaling\\\/\",\"name\":\"Ansigtsmaling\",\"description\":\"S\u00e6tter smil p\u00e5 ansigter. www.colorfulfaces.dk\",\"potentialAction\":[{\"@type\":\"SearchAction\",\"target\":{\"@type\":\"EntryPoint\",\"urlTemplate\":\"https:\\\/\\\/niipit.dk\\\/ansigtsmaling\\\/?s={search_term_string}\"},\"query-input\":{\"@type\":\"PropertyValueSpecification\",\"valueRequired\":true,\"valueName\":\"search_term_string\"}}],\"inLanguage\":\"da-DK\"}]}<\/script>\n<!-- \/ Yoast SEO plugin. -->","yoast_head_json":{"title":"Accessories til ansigtsmaling tilvalg pr. stk 34,- kr pr stk","description":"Accessories til ansigtsmaling tilvalg pr. stk | B\u00f8rn elsker pynt | G\u00f8r ekstra ud af festen | B\u00e5de drenge og piger vil pyntes | Se pynt her \u27a4\u27a4","robots":{"index":"index","follow":"follow","max-snippet":"max-snippet:-1","max-image-preview":"max-image-preview:large","max-video-preview":"max-video-preview:-1"},"canonical":"https:\/\/niipit.dk\/ansigtsmaling\/produkt\/accessories-til-ansigtsmaling-tilvalg-pr-stk\/","og_locale":"da_DK","og_type":"article","og_title":"Accessories til ansigtsmaling tilvalg pr. stk 34,- kr pr stk","og_description":"Accessories til ansigtsmaling tilvalg pr. stk | B\u00f8rn elsker pynt | G\u00f8r ekstra ud af festen | B\u00e5de drenge og piger vil pyntes | Se pynt her \u27a4\u27a4","og_url":"https:\/\/niipit.dk\/ansigtsmaling\/produkt\/accessories-til-ansigtsmaling-tilvalg-pr-stk\/","og_site_name":"Ansigtsmaling","article_modified_time":"2022-02-25T12:57:23+00:00","twitter_card":"summary_large_image","twitter_image":"https:\/\/niipit.dk\/ansigtsmaling\/wp-content\/uploads\/sites\/215\/2020\/01\/Ansigtsmaling-accessories-shop.jpg","twitter_misc":{"Estimeret l\u00e6setid":"2 minutter"},"schema":{"@context":"https:\/\/schema.org","@graph":[{"@type":"WebPage","@id":"https:\/\/niipit.dk\/ansigtsmaling\/produkt\/accessories-til-ansigtsmaling-tilvalg-pr-stk\/","url":"https:\/\/niipit.dk\/ansigtsmaling\/produkt\/accessories-til-ansigtsmaling-tilvalg-pr-stk\/","name":"Accessories til ansigtsmaling tilvalg pr. stk 34,- kr pr stk","isPartOf":{"@id":"https:\/\/niipit.dk\/ansigtsmaling\/#website"},"primaryImageOfPage":{"@id":"https:\/\/niipit.dk\/ansigtsmaling\/produkt\/accessories-til-ansigtsmaling-tilvalg-pr-stk\/#primaryimage"},"image":{"@id":"https:\/\/niipit.dk\/ansigtsmaling\/produkt\/accessories-til-ansigtsmaling-tilvalg-pr-stk\/#primaryimage"},"thumbnailUrl":"https:\/\/niipit.dk\/ansigtsmaling\/wp-content\/uploads\/sites\/215\/2020\/01\/Ansigtsmaling-accessories-shop.jpg","datePublished":"2020-01-27T12:57:51+00:00","dateModified":"2022-02-25T12:57:23+00:00","description":"Accessories til ansigtsmaling tilvalg pr. stk | B\u00f8rn elsker pynt | G\u00f8r ekstra ud af festen | B\u00e5de drenge og piger vil pyntes | Se pynt her \u27a4\u27a4","breadcrumb":{"@id":"https:\/\/niipit.dk\/ansigtsmaling\/produkt\/accessories-til-ansigtsmaling-tilvalg-pr-stk\/#breadcrumb"},"inLanguage":"da-DK","potentialAction":[{"@type":"ReadAction","target":["https:\/\/niipit.dk\/ansigtsmaling\/produkt\/accessories-til-ansigtsmaling-tilvalg-pr-stk\/"]}]},{"@type":"ImageObject","inLanguage":"da-DK","@id":"https:\/\/niipit.dk\/ansigtsmaling\/produkt\/accessories-til-ansigtsmaling-tilvalg-pr-stk\/#primaryimage","url":"https:\/\/niipit.dk\/ansigtsmaling\/wp-content\/uploads\/sites\/215\/2020\/01\/Ansigtsmaling-accessories-shop.jpg","contentUrl":"https:\/\/niipit.dk\/ansigtsmaling\/wp-content\/uploads\/sites\/215\/2020\/01\/Ansigtsmaling-accessories-shop.jpg","width":1080,"height":1080,"caption":"Ansigtsmaling-accessories-shop"},{"@type":"BreadcrumbList","@id":"https:\/\/niipit.dk\/ansigtsmaling\/produkt\/accessories-til-ansigtsmaling-tilvalg-pr-stk\/#breadcrumb","itemListElement":[{"@type":"ListItem","position":1,"name":"Hjem","item":"https:\/\/niipit.dk\/ansigtsmaling\/"},{"@type":"ListItem","position":2,"name":"Shop","item":"https:\/\/niipit.dk\/ansigtsmaling\/shop\/"},{"@type":"ListItem","position":3,"name":"Accessories til ansigtsmaling tilvalg pr. stk"}]},{"@type":"WebSite","@id":"https:\/\/niipit.dk\/ansigtsmaling\/#website","url":"https:\/\/niipit.dk\/ansigtsmaling\/","name":"Ansigtsmaling","description":"S\u00e6tter smil p\u00e5 ansigter. www.colorfulfaces.dk","potentialAction":[{"@type":"SearchAction","target":{"@type":"EntryPoint","urlTemplate":"https:\/\/niipit.dk\/ansigtsmaling\/?s={search_term_string}"},"query-input":{"@type":"PropertyValueSpecification","valueRequired":true,"valueName":"search_term_string"}}],"inLanguage":"da-DK"}]}},"_links":{"self":[{"href":"https:\/\/niipit.dk\/ansigtsmaling\/wp-json\/wp\/v2\/product\/7881","targetHints":{"allow":["GET"]}}],"collection":[{"href":"https:\/\/niipit.dk\/ansigtsmaling\/wp-json\/wp\/v2\/product"}],"about":[{"href":"https:\/\/niipit.dk\/ansigtsmaling\/wp-json\/wp\/v2\/types\/product"}],"wp:featuredmedia":[{"embeddable":true,"href":"https:\/\/niipit.dk\/ansigtsmaling\/wp-json\/wp\/v2\/media\/10452"}],"wp:attachment":[{"href":"https:\/\/niipit.dk\/ansigtsmaling\/wp-json\/wp\/v2\/media?parent=7881"}],"wp:term":[{"taxonomy":"product_brand","embeddable":true,"href":"https:\/\/niipit.dk\/ansigtsmaling\/wp-json\/wp\/v2\/product_brand?post=7881"},{"taxonomy":"product_cat","embeddable":true,"href":"https:\/\/niipit.dk\/ansigtsmaling\/wp-json\/wp\/v2\/product_cat?post=7881"},{"taxonomy":"product_tag","embeddable":true,"href":"https:\/\/niipit.dk\/ansigtsmaling\/wp-json\/wp\/v2\/product_tag?post=7881"},{"taxonomy":"shoptype","embeddable":true,"href":"https:\/\/niipit.dk\/ansigtsmaling\/wp-json\/wp\/v2\/shoptype?post=7881"}],"curies":[{"name":"wp","href":"https:\/\/api.w.org\/{rel}","templated":true}]}}