{"id":5064,"date":"2018-08-10T22:29:34","date_gmt":"2018-08-10T20:29:34","guid":{"rendered":"https:\/\/niipit.dk\/annette-dich\/?page_id=5064"},"modified":"2020-04-19T10:16:12","modified_gmt":"2020-04-19T08:16:12","slug":"frontpage","status":"publish","type":"page","link":"https:\/\/niipit.dk\/annette-dich\/","title":{"rendered":"Forside"},"content":{"rendered":"\n<hr class=\"wp-block-separator\"\/>\n\n\n\n<h3 class=\"wp-block-heading\">Tandl\u00e6geskr\u00e6k<\/h3>\n\n\n\n<p>Tag din tandl\u00e6geskr\u00e6k k\u00e6rligt i h\u00e5nden med hypnose<br>Hvad er hypnose? <br>Det korte svar er, at det er en tilstand. Men gennem historien er det blevet omg\u00e6rdet med mystik og hokuspokus &#8211; og det er ikke spor mystisk.<br><br> Hypnose er en indadrettet opm\u00e6rksomhed p\u00e5 dig selv, hvor du kun har fokus p\u00e5 din egen indre verden. Ligesom n\u00e5r du er opslugt af en film, hvor du lever dig helt ind i, hvad der sker p\u00e5 l\u00e6rredet, og du f\u00f8lelsesm\u00e6ssigt bliver revet med. Det er en tilstand, hvor du glemmer alt om tid og sted, og hvor du stadig kan h\u00f8re, tale og sanse, hvad der foreg\u00e5r omkring dig. Du er i kontrol, du er up\u00e5virket og kun fokuseret p\u00e5 dit indre. <br><br> M\u00e5ske har du oplevet at k\u00f8re i bil fra punkt A til B, og efterf\u00f8lgende t\u00e6nkt \u201dVar den r\u00f8d eller gr\u00f8n, da jeg k\u00f8rte over lyskrydset\u201d?. D\u00e9t er en hypnosetilstand. <br>Det betyder, at det er et naturligt &#8220;sted&#8221;, du bringer dig selv hver dag, og ofte uden bevidsthed.<br>Hypnose og Hypnoterapi er en effektiv m\u00e5de at skabe direkte adgang til dit ubevidste sind. Det kan ogs\u00e5 \u00e6ndre dine tanker, f\u00f8lelser og vaner, som m\u00e5ske begr\u00e6nser dig i at leve det liv, du \u00f8nsker. Det er en blid og indsigtsfuld m\u00e5de at m\u00f8de de tanker og f\u00f8lelser, der ikke st\u00f8tter dig l\u00e6ngere. <br><br> Hvorfor virker hypnose? <br><br> Det virker, da en hypnosetilstand giver mulighed for at \u00e6ndre f\u00f8lelsesm\u00e6ssige m\u00f8nstre og opfattelser af bevidste eller ubevidste erfaringer og oplevelser. Det er muligt at tilf\u00f8je og \u00e6ndre f\u00f8lelser, billeder og forestillinger, om hvordan du opfatter et tandl\u00e6gebes\u00f8g. Det afg\u00f8rende er, at du h\u00f8rer de foreslag der kommer. Det er dem der skaber  forandringerne hos dig. <\/p>\n","protected":false},"excerpt":{"rendered":"<p>Tandl\u00e6geskr\u00e6k Tag din tandl\u00e6geskr\u00e6k k\u00e6rligt i h\u00e5nden med hypnoseHvad er hypnose? Det korte svar er, at det er en tilstand. Men gennem historien er det blevet omg\u00e6rdet med mystik og hokuspokus &#8211; og det er ikke spor mystisk. Hypnose er en indadrettet opm\u00e6rksomhed p\u00e5 dig selv, hvor du kun har fokus p\u00e5 din egen indre <a class=\"moretag btn btn-primary\" href=\"https:\/\/niipit.dk\/annette-dich\/\">L\u00e6s mere<\/a><\/p>\n","protected":false},"author":970,"featured_media":0,"parent":0,"menu_order":0,"comment_status":"closed","ping_status":"closed","template":"frontpagePremium.php","meta":{"_exactmetrics_skip_tracking":false,"_exactmetrics_sitenote_active":false,"_exactmetrics_sitenote_note":"","_exactmetrics_sitenote_category":0,"_monsterinsights_skip_tracking":false,"_monsterinsights_sitenote_active":false,"_monsterinsights_sitenote_note":"","_monsterinsights_sitenote_category":0,"footnotes":""},"class_list":["post-5064","page","type-page","status-publish","hentry"],"yoast_head":"<!-- This site is optimized with the Yoast SEO Premium plugin v16.3 (Yoast SEO v27.4) - https:\/\/yoast.com\/product\/yoast-seo-premium-wordpress\/ -->\n<title>Tandl\u00e6geskr\u00e6k - Annette Dich - Slip fri af din skr\u00e6k med hypnose<\/title>\n<meta name=\"description\" content=\"Tandl\u00e6geskr\u00e6k - Eksamensangs - Rygestop - 12 TRINS GUIDE TIL SELVHYPNOSE - vil du af med din skr\u00e6k s\u00e5 pr\u00f8v Annette Dich\u00b4s selvhypnose her helt uforpligtende\" \/>\n<meta name=\"robots\" content=\"index, follow, max-snippet:-1, max-image-preview:large, max-video-preview:-1\" \/>\n<link rel=\"canonical\" href=\"https:\/\/niipit.dk\/annette-dich\/\" \/>\n<meta property=\"og:locale\" content=\"da_DK\" \/>\n<meta property=\"og:type\" content=\"article\" \/>\n<meta property=\"og:title\" content=\"Tandl\u00e6geskr\u00e6k - Annette Dich - Slip fri af din skr\u00e6k med hypnose\" \/>\n<meta property=\"og:description\" content=\"Tandl\u00e6geskr\u00e6k - Eksamensangs - Rygestop - 12 TRINS GUIDE TIL SELVHYPNOSE - vil du af med din skr\u00e6k s\u00e5 pr\u00f8v Annette Dich\u00b4s selvhypnose her helt uforpligtende\" \/>\n<meta property=\"og:url\" content=\"https:\/\/niipit.dk\/annette-dich\/\" \/>\n<meta property=\"og:site_name\" content=\"Annette Dich\" \/>\n<meta property=\"article:modified_time\" content=\"2020-04-19T08:16:12+00:00\" \/>\n<meta name=\"twitter:card\" content=\"summary_large_image\" \/>\n<meta name=\"twitter:label1\" content=\"Estimeret l\u00e6setid\" \/>\n\t<meta name=\"twitter:data1\" content=\"2 minutter\" \/>\n<script type=\"application\/ld+json\" class=\"yoast-schema-graph\">{\"@context\":\"https:\\\/\\\/schema.org\",\"@graph\":[{\"@type\":\"WebPage\",\"@id\":\"https:\\\/\\\/niipit.dk\\\/annette-dich\\\/\",\"url\":\"https:\\\/\\\/niipit.dk\\\/annette-dich\\\/\",\"name\":\"Tandl\u00e6geskr\u00e6k - Annette Dich - Slip fri af din skr\u00e6k med hypnose\",\"isPartOf\":{\"@id\":\"https:\\\/\\\/niipit.dk\\\/annette-dich\\\/#website\"},\"datePublished\":\"2018-08-10T20:29:34+00:00\",\"dateModified\":\"2020-04-19T08:16:12+00:00\",\"description\":\"Tandl\u00e6geskr\u00e6k - Eksamensangs - Rygestop - 12 TRINS GUIDE TIL SELVHYPNOSE - vil du af med din skr\u00e6k s\u00e5 pr\u00f8v Annette Dich\u00b4s selvhypnose her helt uforpligtende\",\"breadcrumb\":{\"@id\":\"https:\\\/\\\/niipit.dk\\\/annette-dich\\\/#breadcrumb\"},\"inLanguage\":\"da-DK\",\"potentialAction\":[{\"@type\":\"ReadAction\",\"target\":[\"https:\\\/\\\/niipit.dk\\\/annette-dich\\\/\"]}]},{\"@type\":\"BreadcrumbList\",\"@id\":\"https:\\\/\\\/niipit.dk\\\/annette-dich\\\/#breadcrumb\",\"itemListElement\":[{\"@type\":\"ListItem\",\"position\":1,\"name\":\"Hjem\",\"item\":\"https:\\\/\\\/niipit.dk\\\/annette-dich\\\/\"},{\"@type\":\"ListItem\",\"position\":2,\"name\":\"Forside\"}]},{\"@type\":\"WebSite\",\"@id\":\"https:\\\/\\\/niipit.dk\\\/annette-dich\\\/#website\",\"url\":\"https:\\\/\\\/niipit.dk\\\/annette-dich\\\/\",\"name\":\"Annette Dich\",\"description\":\"Velv\u00e6re for dig\",\"potentialAction\":[{\"@type\":\"SearchAction\",\"target\":{\"@type\":\"EntryPoint\",\"urlTemplate\":\"https:\\\/\\\/niipit.dk\\\/annette-dich\\\/?s={search_term_string}\"},\"query-input\":{\"@type\":\"PropertyValueSpecification\",\"valueRequired\":true,\"valueName\":\"search_term_string\"}}],\"inLanguage\":\"da-DK\"}]}<\/script>\n<!-- \/ Yoast SEO Premium plugin. -->","yoast_head_json":{"title":"Tandl\u00e6geskr\u00e6k - Annette Dich - Slip fri af din skr\u00e6k med hypnose","description":"Tandl\u00e6geskr\u00e6k - Eksamensangs - Rygestop - 12 TRINS GUIDE TIL SELVHYPNOSE - vil du af med din skr\u00e6k s\u00e5 pr\u00f8v Annette Dich\u00b4s selvhypnose her helt uforpligtende","robots":{"index":"index","follow":"follow","max-snippet":"max-snippet:-1","max-image-preview":"max-image-preview:large","max-video-preview":"max-video-preview:-1"},"canonical":"https:\/\/niipit.dk\/annette-dich\/","og_locale":"da_DK","og_type":"article","og_title":"Tandl\u00e6geskr\u00e6k - Annette Dich - Slip fri af din skr\u00e6k med hypnose","og_description":"Tandl\u00e6geskr\u00e6k - Eksamensangs - Rygestop - 12 TRINS GUIDE TIL SELVHYPNOSE - vil du af med din skr\u00e6k s\u00e5 pr\u00f8v Annette Dich\u00b4s selvhypnose her helt uforpligtende","og_url":"https:\/\/niipit.dk\/annette-dich\/","og_site_name":"Annette Dich","article_modified_time":"2020-04-19T08:16:12+00:00","twitter_card":"summary_large_image","twitter_misc":{"Estimeret l\u00e6setid":"2 minutter"},"schema":{"@context":"https:\/\/schema.org","@graph":[{"@type":"WebPage","@id":"https:\/\/niipit.dk\/annette-dich\/","url":"https:\/\/niipit.dk\/annette-dich\/","name":"Tandl\u00e6geskr\u00e6k - Annette Dich - Slip fri af din skr\u00e6k med hypnose","isPartOf":{"@id":"https:\/\/niipit.dk\/annette-dich\/#website"},"datePublished":"2018-08-10T20:29:34+00:00","dateModified":"2020-04-19T08:16:12+00:00","description":"Tandl\u00e6geskr\u00e6k - Eksamensangs - Rygestop - 12 TRINS GUIDE TIL SELVHYPNOSE - vil du af med din skr\u00e6k s\u00e5 pr\u00f8v Annette Dich\u00b4s selvhypnose her helt uforpligtende","breadcrumb":{"@id":"https:\/\/niipit.dk\/annette-dich\/#breadcrumb"},"inLanguage":"da-DK","potentialAction":[{"@type":"ReadAction","target":["https:\/\/niipit.dk\/annette-dich\/"]}]},{"@type":"BreadcrumbList","@id":"https:\/\/niipit.dk\/annette-dich\/#breadcrumb","itemListElement":[{"@type":"ListItem","position":1,"name":"Hjem","item":"https:\/\/niipit.dk\/annette-dich\/"},{"@type":"ListItem","position":2,"name":"Forside"}]},{"@type":"WebSite","@id":"https:\/\/niipit.dk\/annette-dich\/#website","url":"https:\/\/niipit.dk\/annette-dich\/","name":"Annette Dich","description":"Velv\u00e6re for dig","potentialAction":[{"@type":"SearchAction","target":{"@type":"EntryPoint","urlTemplate":"https:\/\/niipit.dk\/annette-dich\/?s={search_term_string}"},"query-input":{"@type":"PropertyValueSpecification","valueRequired":true,"valueName":"search_term_string"}}],"inLanguage":"da-DK"}]}},"_links":{"self":[{"href":"https:\/\/niipit.dk\/annette-dich\/wp-json\/wp\/v2\/pages\/5064","targetHints":{"allow":["GET"]}}],"collection":[{"href":"https:\/\/niipit.dk\/annette-dich\/wp-json\/wp\/v2\/pages"}],"about":[{"href":"https:\/\/niipit.dk\/annette-dich\/wp-json\/wp\/v2\/types\/page"}],"author":[{"embeddable":true,"href":"https:\/\/niipit.dk\/annette-dich\/wp-json\/wp\/v2\/users\/970"}],"replies":[{"embeddable":true,"href":"https:\/\/niipit.dk\/annette-dich\/wp-json\/wp\/v2\/comments?post=5064"}],"version-history":[{"count":0,"href":"https:\/\/niipit.dk\/annette-dich\/wp-json\/wp\/v2\/pages\/5064\/revisions"}],"wp:attachment":[{"href":"https:\/\/niipit.dk\/annette-dich\/wp-json\/wp\/v2\/media?parent=5064"}],"curies":[{"name":"wp","href":"https:\/\/api.w.org\/{rel}","templated":true}]}}