{"id":5133,"date":"2018-08-15T22:08:09","date_gmt":"2018-08-15T20:08:09","guid":{"rendered":"https:\/\/niipit.dk\/nv2-QogM\/?page_id=5133"},"modified":"2019-12-28T22:33:50","modified_gmt":"2019-12-28T21:33:50","slug":"kontakt","status":"publish","type":"page","link":"https:\/\/niipit.dk\/action-art\/kontakt\/","title":{"rendered":"Kontakt"},"content":{"rendered":"<div class=\"row justify-content-md-center\">\n<div class=\"col-xs-12 col-sm-12 col-md-6 col-lg-4\">\n<h1 style=\"text-align: center;\">Action Art<\/h1>\n<h3 style=\"text-align: center;\">Skr\u00e5planet 31<br \/>3500 V\u00e6rl\u00f8se<br \/>Danmark<\/h3>\n<h3 style=\"text-align: center;\">E-mail: tina@actionart.dk<br \/>Telefon: +45 4079 2679<\/h3>\n<h4 style=\"text-align: center;\">CVR nr. 17573780<\/h4>\n<p>Du er altid velkommen til at kontak Tina Robinson hvis du \u00f8nsker at foresp\u00f8rge p\u00e5 priser eller opgaver inden for skuespil, stunt, voice, speak, undervisning, teambuilding eller andet inden for branchen.\u00a0<\/p>\n<\/div>\n<\/div>\n\n\n<div class=\"wp-block-button aligncenter\"><a class=\"wp-block-button__link has-text-color has-very-dark-gray-color has-background has-pale-cyan-blue-background-color\" href=\"https:\/\/www.facebook.com\/actionartdk\/\">Se Tina Robinson \/ Action Art Facebook side her<\/a><\/div>\n\n\n\n<p><\/p>\n\n\n\n<div class=\"wp-block-image\"><figure class=\"aligncenter size-thumbnail\"><a href=\"https:\/\/niipit.dk\/action-art\/\"><img loading=\"lazy\" decoding=\"async\" width=\"150\" height=\"150\" src=\"https:\/\/niipit.dk\/action-art\/wp-content\/uploads\/sites\/355\/2019\/11\/Action-Art-150x150.png\" alt=\"Action Art Tina Robinson kontakt\" class=\"wp-image-5984\" srcset=\"https:\/\/niipit.dk\/action-art\/wp-content\/uploads\/sites\/355\/2019\/11\/Action-Art-150x150.png 150w, https:\/\/niipit.dk\/action-art\/wp-content\/uploads\/sites\/355\/2019\/11\/Action-Art-300x300.png 300w, https:\/\/niipit.dk\/action-art\/wp-content\/uploads\/sites\/355\/2019\/11\/Action-Art-100x100.png 100w\" sizes=\"auto, (max-width: 150px) 100vw, 150px\" \/><\/a><\/figure><\/div>\n","protected":false},"excerpt":{"rendered":"<p>Action Art Skr\u00e5planet 313500 V\u00e6rl\u00f8seDanmark E-mail: tina@actionart.dkTelefon: +45 4079 2679 CVR nr. 17573780 Du er altid velkommen til at kontak Tina Robinson hvis du \u00f8nsker at foresp\u00f8rge p\u00e5 priser eller opgaver inden for skuespil, stunt, voice, speak, undervisning, teambuilding eller andet inden for branchen.\u00a0<\/p>\n","protected":false},"author":151,"featured_media":0,"parent":0,"menu_order":0,"comment_status":"closed","ping_status":"closed","template":"","meta":{"_exactmetrics_skip_tracking":false,"_exactmetrics_sitenote_active":false,"_exactmetrics_sitenote_note":"","_exactmetrics_sitenote_category":0,"_monsterinsights_skip_tracking":false,"_monsterinsights_sitenote_active":false,"_monsterinsights_sitenote_note":"","_monsterinsights_sitenote_category":0,"footnotes":""},"class_list":["post-5133","page","type-page","status-publish","hentry"],"yoast_head":"<!-- This site is optimized with the Yoast SEO Premium plugin v16.3 (Yoast SEO v27.3) - https:\/\/yoast.com\/product\/yoast-seo-premium-wordpress\/ -->\n<title>Kontakt Tina Robinson - Action Art kontaktinformationer<\/title>\n<meta name=\"description\" content=\"Kontakt Tina Robinson - Action Art, 3500 V\u00e6rl\u00f8se, Danmark. E-mail til tina@actionart.dk - Du er velkommen til at skrive p\u00e5 dansk eller engelsk.\" \/>\n<meta name=\"robots\" content=\"index, follow, max-snippet:-1, max-image-preview:large, max-video-preview:-1\" \/>\n<link rel=\"canonical\" href=\"https:\/\/niipit.dk\/action-art\/kontakt\/\" \/>\n<meta property=\"og:locale\" content=\"da_DK\" \/>\n<meta property=\"og:type\" content=\"article\" \/>\n<meta property=\"og:title\" content=\"Kontakt Tina Robinson - Action Art kontaktinformationer\" \/>\n<meta property=\"og:description\" content=\"Kontakt Tina Robinson - Action Art, 3500 V\u00e6rl\u00f8se, Danmark. E-mail til tina@actionart.dk - Du er velkommen til at skrive p\u00e5 dansk eller engelsk.\" \/>\n<meta property=\"og:url\" content=\"https:\/\/niipit.dk\/action-art\/kontakt\/\" \/>\n<meta property=\"og:site_name\" content=\"Action Art\" \/>\n<meta property=\"article:modified_time\" content=\"2019-12-28T21:33:50+00:00\" \/>\n<meta property=\"og:image\" content=\"https:\/\/niipit.dk\/action-art\/wp-content\/uploads\/sites\/355\/2019\/11\/Action-Art-150x150.png\" \/>\n<meta name=\"twitter:card\" content=\"summary_large_image\" \/>\n<script type=\"application\/ld+json\" class=\"yoast-schema-graph\">{\"@context\":\"https:\\\/\\\/schema.org\",\"@graph\":[{\"@type\":\"WebPage\",\"@id\":\"https:\\\/\\\/niipit.dk\\\/action-art\\\/kontakt\\\/\",\"url\":\"https:\\\/\\\/niipit.dk\\\/action-art\\\/kontakt\\\/\",\"name\":\"Kontakt Tina Robinson - Action Art kontaktinformationer\",\"isPartOf\":{\"@id\":\"https:\\\/\\\/niipit.dk\\\/action-art\\\/#website\"},\"primaryImageOfPage\":{\"@id\":\"https:\\\/\\\/niipit.dk\\\/action-art\\\/kontakt\\\/#primaryimage\"},\"image\":{\"@id\":\"https:\\\/\\\/niipit.dk\\\/action-art\\\/kontakt\\\/#primaryimage\"},\"thumbnailUrl\":\"https:\\\/\\\/niipit.dk\\\/action-art\\\/wp-content\\\/uploads\\\/sites\\\/355\\\/2019\\\/11\\\/Action-Art-150x150.png\",\"datePublished\":\"2018-08-15T20:08:09+00:00\",\"dateModified\":\"2019-12-28T21:33:50+00:00\",\"description\":\"Kontakt Tina Robinson - Action Art, 3500 V\u00e6rl\u00f8se, Danmark. E-mail til tina@actionart.dk - Du er velkommen til at skrive p\u00e5 dansk eller engelsk.\",\"breadcrumb\":{\"@id\":\"https:\\\/\\\/niipit.dk\\\/action-art\\\/kontakt\\\/#breadcrumb\"},\"inLanguage\":\"da-DK\",\"potentialAction\":[{\"@type\":\"ReadAction\",\"target\":[\"https:\\\/\\\/niipit.dk\\\/action-art\\\/kontakt\\\/\"]}]},{\"@type\":\"ImageObject\",\"inLanguage\":\"da-DK\",\"@id\":\"https:\\\/\\\/niipit.dk\\\/action-art\\\/kontakt\\\/#primaryimage\",\"url\":\"https:\\\/\\\/niipit.dk\\\/action-art\\\/wp-content\\\/uploads\\\/sites\\\/355\\\/2019\\\/11\\\/Action-Art-150x150.png\",\"contentUrl\":\"https:\\\/\\\/niipit.dk\\\/action-art\\\/wp-content\\\/uploads\\\/sites\\\/355\\\/2019\\\/11\\\/Action-Art-150x150.png\"},{\"@type\":\"BreadcrumbList\",\"@id\":\"https:\\\/\\\/niipit.dk\\\/action-art\\\/kontakt\\\/#breadcrumb\",\"itemListElement\":[{\"@type\":\"ListItem\",\"position\":1,\"name\":\"Hjem\",\"item\":\"https:\\\/\\\/niipit.dk\\\/action-art\\\/\"},{\"@type\":\"ListItem\",\"position\":2,\"name\":\"Kontakt\"}]},{\"@type\":\"WebSite\",\"@id\":\"https:\\\/\\\/niipit.dk\\\/action-art\\\/#website\",\"url\":\"https:\\\/\\\/niipit.dk\\\/action-art\\\/\",\"name\":\"Action Art\",\"description\":\"Dynamic Inspiration of Expression\",\"potentialAction\":[{\"@type\":\"SearchAction\",\"target\":{\"@type\":\"EntryPoint\",\"urlTemplate\":\"https:\\\/\\\/niipit.dk\\\/action-art\\\/?s={search_term_string}\"},\"query-input\":{\"@type\":\"PropertyValueSpecification\",\"valueRequired\":true,\"valueName\":\"search_term_string\"}}],\"inLanguage\":\"da-DK\"}]}<\/script>\n<!-- \/ Yoast SEO Premium plugin. -->","yoast_head_json":{"title":"Kontakt Tina Robinson - Action Art kontaktinformationer","description":"Kontakt Tina Robinson - Action Art, 3500 V\u00e6rl\u00f8se, Danmark. E-mail til tina@actionart.dk - Du er velkommen til at skrive p\u00e5 dansk eller engelsk.","robots":{"index":"index","follow":"follow","max-snippet":"max-snippet:-1","max-image-preview":"max-image-preview:large","max-video-preview":"max-video-preview:-1"},"canonical":"https:\/\/niipit.dk\/action-art\/kontakt\/","og_locale":"da_DK","og_type":"article","og_title":"Kontakt Tina Robinson - Action Art kontaktinformationer","og_description":"Kontakt Tina Robinson - Action Art, 3500 V\u00e6rl\u00f8se, Danmark. E-mail til tina@actionart.dk - Du er velkommen til at skrive p\u00e5 dansk eller engelsk.","og_url":"https:\/\/niipit.dk\/action-art\/kontakt\/","og_site_name":"Action Art","article_modified_time":"2019-12-28T21:33:50+00:00","og_image":[{"url":"https:\/\/niipit.dk\/action-art\/wp-content\/uploads\/sites\/355\/2019\/11\/Action-Art-150x150.png","type":"","width":"","height":""}],"twitter_card":"summary_large_image","schema":{"@context":"https:\/\/schema.org","@graph":[{"@type":"WebPage","@id":"https:\/\/niipit.dk\/action-art\/kontakt\/","url":"https:\/\/niipit.dk\/action-art\/kontakt\/","name":"Kontakt Tina Robinson - Action Art kontaktinformationer","isPartOf":{"@id":"https:\/\/niipit.dk\/action-art\/#website"},"primaryImageOfPage":{"@id":"https:\/\/niipit.dk\/action-art\/kontakt\/#primaryimage"},"image":{"@id":"https:\/\/niipit.dk\/action-art\/kontakt\/#primaryimage"},"thumbnailUrl":"https:\/\/niipit.dk\/action-art\/wp-content\/uploads\/sites\/355\/2019\/11\/Action-Art-150x150.png","datePublished":"2018-08-15T20:08:09+00:00","dateModified":"2019-12-28T21:33:50+00:00","description":"Kontakt Tina Robinson - Action Art, 3500 V\u00e6rl\u00f8se, Danmark. E-mail til tina@actionart.dk - Du er velkommen til at skrive p\u00e5 dansk eller engelsk.","breadcrumb":{"@id":"https:\/\/niipit.dk\/action-art\/kontakt\/#breadcrumb"},"inLanguage":"da-DK","potentialAction":[{"@type":"ReadAction","target":["https:\/\/niipit.dk\/action-art\/kontakt\/"]}]},{"@type":"ImageObject","inLanguage":"da-DK","@id":"https:\/\/niipit.dk\/action-art\/kontakt\/#primaryimage","url":"https:\/\/niipit.dk\/action-art\/wp-content\/uploads\/sites\/355\/2019\/11\/Action-Art-150x150.png","contentUrl":"https:\/\/niipit.dk\/action-art\/wp-content\/uploads\/sites\/355\/2019\/11\/Action-Art-150x150.png"},{"@type":"BreadcrumbList","@id":"https:\/\/niipit.dk\/action-art\/kontakt\/#breadcrumb","itemListElement":[{"@type":"ListItem","position":1,"name":"Hjem","item":"https:\/\/niipit.dk\/action-art\/"},{"@type":"ListItem","position":2,"name":"Kontakt"}]},{"@type":"WebSite","@id":"https:\/\/niipit.dk\/action-art\/#website","url":"https:\/\/niipit.dk\/action-art\/","name":"Action Art","description":"Dynamic Inspiration of Expression","potentialAction":[{"@type":"SearchAction","target":{"@type":"EntryPoint","urlTemplate":"https:\/\/niipit.dk\/action-art\/?s={search_term_string}"},"query-input":{"@type":"PropertyValueSpecification","valueRequired":true,"valueName":"search_term_string"}}],"inLanguage":"da-DK"}]}},"_links":{"self":[{"href":"https:\/\/niipit.dk\/action-art\/wp-json\/wp\/v2\/pages\/5133","targetHints":{"allow":["GET"]}}],"collection":[{"href":"https:\/\/niipit.dk\/action-art\/wp-json\/wp\/v2\/pages"}],"about":[{"href":"https:\/\/niipit.dk\/action-art\/wp-json\/wp\/v2\/types\/page"}],"author":[{"embeddable":true,"href":"https:\/\/niipit.dk\/action-art\/wp-json\/wp\/v2\/users\/151"}],"replies":[{"embeddable":true,"href":"https:\/\/niipit.dk\/action-art\/wp-json\/wp\/v2\/comments?post=5133"}],"version-history":[{"count":0,"href":"https:\/\/niipit.dk\/action-art\/wp-json\/wp\/v2\/pages\/5133\/revisions"}],"wp:attachment":[{"href":"https:\/\/niipit.dk\/action-art\/wp-json\/wp\/v2\/media?parent=5133"}],"curies":[{"name":"wp","href":"https:\/\/api.w.org\/{rel}","templated":true}]}}