{"id":5064,"date":"2018-08-10T22:29:34","date_gmt":"2018-08-10T20:29:34","guid":{"rendered":"https:\/\/niipit.dk\/fru-larsen\/?page_id=5064"},"modified":"2020-02-01T16:04:33","modified_gmt":"2020-02-01T15:04:33","slug":"frontpage","status":"publish","type":"page","link":"http:\/\/niipit.dk\/fru-larsen\/","title":{"rendered":"Forside"},"content":{"rendered":"","protected":false},"excerpt":{"rendered":"","protected":false},"author":151,"featured_media":0,"parent":0,"menu_order":0,"comment_status":"closed","ping_status":"closed","template":"frontpagePremium.php","meta":{"_exactmetrics_skip_tracking":false,"_exactmetrics_sitenote_active":false,"_exactmetrics_sitenote_note":"","_exactmetrics_sitenote_category":0,"_monsterinsights_skip_tracking":false,"_monsterinsights_sitenote_active":false,"_monsterinsights_sitenote_note":"","_monsterinsights_sitenote_category":0,"footnotes":""},"class_list":["post-5064","page","type-page","status-publish","hentry"],"yoast_head":"<!-- This site is optimized with the Yoast SEO Premium plugin v16.3 (Yoast SEO v27.4) - https:\/\/yoast.com\/product\/yoast-seo-premium-wordpress\/ -->\n<title>Fru Larsen - Niipit din guide til gourmet oplevelser i Danmark<\/title>\n<meta name=\"description\" content=\"Fru Larsen - Gourmetophold i verdensklasse - Tommy Friis 1 af Danmarks bedste kokke. Vil du fork\u00e6le dine smagsl\u00f8g med det ypperste inden for mad s\u00e5 bes\u00f8g os\" \/>\n<meta name=\"robots\" content=\"index, follow, max-snippet:-1, max-image-preview:large, max-video-preview:-1\" \/>\n<link rel=\"canonical\" href=\"http:\/\/niipit.dk\/fru-larsen\/\" \/>\n<meta property=\"og:locale\" content=\"da_DK\" \/>\n<meta property=\"og:type\" content=\"article\" \/>\n<meta property=\"og:title\" content=\"Fru Larsen - Niipit din guide til gourmet oplevelser i Danmark\" \/>\n<meta property=\"og:description\" content=\"Fru Larsen - Gourmetophold i verdensklasse - Tommy Friis 1 af Danmarks bedste kokke. Vil du fork\u00e6le dine smagsl\u00f8g med det ypperste inden for mad s\u00e5 bes\u00f8g os\" \/>\n<meta property=\"og:url\" content=\"http:\/\/niipit.dk\/fru-larsen\/\" \/>\n<meta property=\"og:site_name\" content=\"Fru Larsen\" \/>\n<meta property=\"article:modified_time\" content=\"2020-02-01T15:04:33+00:00\" \/>\n<meta name=\"twitter:card\" content=\"summary_large_image\" \/>\n<script type=\"application\/ld+json\" class=\"yoast-schema-graph\">{\"@context\":\"https:\\\/\\\/schema.org\",\"@graph\":[{\"@type\":\"WebPage\",\"@id\":\"http:\\\/\\\/niipit.dk\\\/fru-larsen\\\/\",\"url\":\"http:\\\/\\\/niipit.dk\\\/fru-larsen\\\/\",\"name\":\"Fru Larsen - Niipit din guide til gourmet oplevelser i Danmark\",\"isPartOf\":{\"@id\":\"http:\\\/\\\/niipit.dk\\\/fru-larsen\\\/#website\"},\"datePublished\":\"2018-08-10T20:29:34+00:00\",\"dateModified\":\"2020-02-01T15:04:33+00:00\",\"description\":\"Fru Larsen - Gourmetophold i verdensklasse - Tommy Friis 1 af Danmarks bedste kokke. Vil du fork\u00e6le dine smagsl\u00f8g med det ypperste inden for mad s\u00e5 bes\u00f8g os\",\"breadcrumb\":{\"@id\":\"http:\\\/\\\/niipit.dk\\\/fru-larsen\\\/#breadcrumb\"},\"inLanguage\":\"da-DK\",\"potentialAction\":[{\"@type\":\"ReadAction\",\"target\":[\"http:\\\/\\\/niipit.dk\\\/fru-larsen\\\/\"]}]},{\"@type\":\"BreadcrumbList\",\"@id\":\"http:\\\/\\\/niipit.dk\\\/fru-larsen\\\/#breadcrumb\",\"itemListElement\":[{\"@type\":\"ListItem\",\"position\":1,\"name\":\"Hjem\",\"item\":\"http:\\\/\\\/niipit.dk\\\/fru-larsen\\\/\"},{\"@type\":\"ListItem\",\"position\":2,\"name\":\"Forside\"}]},{\"@type\":\"WebSite\",\"@id\":\"http:\\\/\\\/niipit.dk\\\/fru-larsen\\\/#website\",\"url\":\"http:\\\/\\\/niipit.dk\\\/fru-larsen\\\/\",\"name\":\"Fru Larsen\",\"description\":\"F\u00e5 din virksomhed p\u00e5 niipit\",\"potentialAction\":[{\"@type\":\"SearchAction\",\"target\":{\"@type\":\"EntryPoint\",\"urlTemplate\":\"http:\\\/\\\/niipit.dk\\\/fru-larsen\\\/?s={search_term_string}\"},\"query-input\":{\"@type\":\"PropertyValueSpecification\",\"valueRequired\":true,\"valueName\":\"search_term_string\"}}],\"inLanguage\":\"da-DK\"}]}<\/script>\n<!-- \/ Yoast SEO Premium plugin. -->","yoast_head_json":{"title":"Fru Larsen - Niipit din guide til gourmet oplevelser i Danmark","description":"Fru Larsen - Gourmetophold i verdensklasse - Tommy Friis 1 af Danmarks bedste kokke. Vil du fork\u00e6le dine smagsl\u00f8g med det ypperste inden for mad s\u00e5 bes\u00f8g os","robots":{"index":"index","follow":"follow","max-snippet":"max-snippet:-1","max-image-preview":"max-image-preview:large","max-video-preview":"max-video-preview:-1"},"canonical":"http:\/\/niipit.dk\/fru-larsen\/","og_locale":"da_DK","og_type":"article","og_title":"Fru Larsen - Niipit din guide til gourmet oplevelser i Danmark","og_description":"Fru Larsen - Gourmetophold i verdensklasse - Tommy Friis 1 af Danmarks bedste kokke. Vil du fork\u00e6le dine smagsl\u00f8g med det ypperste inden for mad s\u00e5 bes\u00f8g os","og_url":"http:\/\/niipit.dk\/fru-larsen\/","og_site_name":"Fru Larsen","article_modified_time":"2020-02-01T15:04:33+00:00","twitter_card":"summary_large_image","schema":{"@context":"https:\/\/schema.org","@graph":[{"@type":"WebPage","@id":"http:\/\/niipit.dk\/fru-larsen\/","url":"http:\/\/niipit.dk\/fru-larsen\/","name":"Fru Larsen - Niipit din guide til gourmet oplevelser i Danmark","isPartOf":{"@id":"http:\/\/niipit.dk\/fru-larsen\/#website"},"datePublished":"2018-08-10T20:29:34+00:00","dateModified":"2020-02-01T15:04:33+00:00","description":"Fru Larsen - Gourmetophold i verdensklasse - Tommy Friis 1 af Danmarks bedste kokke. Vil du fork\u00e6le dine smagsl\u00f8g med det ypperste inden for mad s\u00e5 bes\u00f8g os","breadcrumb":{"@id":"http:\/\/niipit.dk\/fru-larsen\/#breadcrumb"},"inLanguage":"da-DK","potentialAction":[{"@type":"ReadAction","target":["http:\/\/niipit.dk\/fru-larsen\/"]}]},{"@type":"BreadcrumbList","@id":"http:\/\/niipit.dk\/fru-larsen\/#breadcrumb","itemListElement":[{"@type":"ListItem","position":1,"name":"Hjem","item":"http:\/\/niipit.dk\/fru-larsen\/"},{"@type":"ListItem","position":2,"name":"Forside"}]},{"@type":"WebSite","@id":"http:\/\/niipit.dk\/fru-larsen\/#website","url":"http:\/\/niipit.dk\/fru-larsen\/","name":"Fru Larsen","description":"F\u00e5 din virksomhed p\u00e5 niipit","potentialAction":[{"@type":"SearchAction","target":{"@type":"EntryPoint","urlTemplate":"http:\/\/niipit.dk\/fru-larsen\/?s={search_term_string}"},"query-input":{"@type":"PropertyValueSpecification","valueRequired":true,"valueName":"search_term_string"}}],"inLanguage":"da-DK"}]}},"_links":{"self":[{"href":"http:\/\/niipit.dk\/fru-larsen\/wp-json\/wp\/v2\/pages\/5064","targetHints":{"allow":["GET"]}}],"collection":[{"href":"http:\/\/niipit.dk\/fru-larsen\/wp-json\/wp\/v2\/pages"}],"about":[{"href":"http:\/\/niipit.dk\/fru-larsen\/wp-json\/wp\/v2\/types\/page"}],"author":[{"embeddable":true,"href":"http:\/\/niipit.dk\/fru-larsen\/wp-json\/wp\/v2\/users\/151"}],"replies":[{"embeddable":true,"href":"http:\/\/niipit.dk\/fru-larsen\/wp-json\/wp\/v2\/comments?post=5064"}],"version-history":[{"count":0,"href":"http:\/\/niipit.dk\/fru-larsen\/wp-json\/wp\/v2\/pages\/5064\/revisions"}],"wp:attachment":[{"href":"http:\/\/niipit.dk\/fru-larsen\/wp-json\/wp\/v2\/media?parent=5064"}],"curies":[{"name":"wp","href":"https:\/\/api.w.org\/{rel}","templated":true}]}}