{"id":5064,"date":"2018-08-10T22:29:34","date_gmt":"2018-08-10T20:29:34","guid":{"rendered":"https:\/\/niipit.dk\/billigebarnevogne-shop\/?page_id=5064"},"modified":"2019-10-20T01:52:24","modified_gmt":"2019-10-19T23:52:24","slug":"frontpage","status":"publish","type":"page","link":"http:\/\/niipit.dk\/billigebarnevogne\/","title":{"rendered":"Forside"},"content":{"rendered":"\n<p>Billige barnevogne og billige klapvogne.<\/p>\n\n\n\n<p>Bloggen der bygger p\u00e5 facts og viden fra fabrikanter og forbrugeren.<\/p>\n\n\n\n<p>Vi blogger for sjov og for at dele viden om de forskellige barnevogne og klapvogne der findes p\u00e5 markede i dag.<\/p>\n\n\n\n<p>Vi linker til billige barnevogne og til sider der har med barnevogne at g\u00f8re.<\/p>\n\n\n\n<div class=\"wp-block-image\"><figure class=\"aligncenter\"><img loading=\"lazy\" decoding=\"async\" width=\"300\" height=\"275\" src=\"https:\/\/niipit.dk\/billigebarnevogne\/wp-content\/uploads\/sites\/306\/2019\/09\/Billige-Barnevogne-bloggen-300x275.jpg\" alt=\"Billige barnevogne og billige klapvogne\" class=\"wp-image-5795\" srcset=\"http:\/\/niipit.dk\/billigebarnevogne\/wp-content\/uploads\/sites\/306\/2019\/09\/Billige-Barnevogne-bloggen-300x275.jpg 300w, http:\/\/niipit.dk\/billigebarnevogne\/wp-content\/uploads\/sites\/306\/2019\/09\/Billige-Barnevogne-bloggen-600x550.jpg 600w, http:\/\/niipit.dk\/billigebarnevogne\/wp-content\/uploads\/sites\/306\/2019\/09\/Billige-Barnevogne-bloggen.jpg 626w\" sizes=\"auto, (max-width: 300px) 100vw, 300px\" \/><\/figure><\/div>\n\n\n\n<p>Hvad skal du se efter n\u00e5r du kigger p\u00e5 en barnevogn? Skal du g\u00e5 efter en af de dyre eller er der alternativer. <br>Er en kombivogn det bedste eller skal du b\u00e5de have en barnevogn og en klapvogn?<br>Vi pr\u00f8ver at finde den rette anbefaling til dig det er nemlig ikke altid at en billig barnevogn er den billigste. Ofte h\u00f8re vi om folk der fortryder deres k\u00f8b fordi de sket ikke vidste nok om behovet f\u00f8r det var for sent. <br>Det er det vi gerne vil hj\u00e6lpe dig med.<\/p>\n\n\n\n<h2 class=\"wp-block-heading\">Hvad er&#8230;.<\/h2>\n\n\n\n<p>hvad er de billige barnevogne v\u00e6rd i sidste ende&#8230;..? Handler det om prisen eller om den langvarige l\u00f8sning?<br>Skal du bruge din barnevogn hver dag?<br>Skal den st\u00e5 udenfor det meste af tiden?<br>Skal du b\u00e5de have en barnevogn til indend\u00f8rs og en du kan tage med ud i alt salgs vejr?<br><br>M\u00e5ske det faktisk kan betale sig at have en godt g\u00e5 vogn til de lange ture og til motion og s\u00e5 kan du have en ny eller nyere bare vogn inden for&#8230;.<\/p>\n","protected":false},"excerpt":{"rendered":"<p>Billige barnevogne og billige klapvogne. Bloggen der bygger p\u00e5 facts og viden fra fabrikanter og forbrugeren. Vi blogger for sjov og for at dele viden om de forskellige barnevogne og klapvogne der findes p\u00e5 markede i dag. Vi linker til billige barnevogne og til sider der har med barnevogne at g\u00f8re. Hvad skal du se <a class=\"moretag btn btn-primary\" href=\"http:\/\/niipit.dk\/billigebarnevogne\/\">L\u00e6s mere<\/a><\/p>\n","protected":false},"author":905,"featured_media":0,"parent":0,"menu_order":0,"comment_status":"closed","ping_status":"closed","template":"frontpagePremium.php","meta":{"_exactmetrics_skip_tracking":false,"_exactmetrics_sitenote_active":false,"_exactmetrics_sitenote_note":"","_exactmetrics_sitenote_category":0,"_monsterinsights_skip_tracking":false,"_monsterinsights_sitenote_active":false,"_monsterinsights_sitenote_note":"","_monsterinsights_sitenote_category":0,"footnotes":""},"class_list":["post-5064","page","type-page","status-publish","hentry"],"yoast_head":"<!-- This site is optimized with the Yoast SEO Premium plugin v16.3 (Yoast SEO v27.2) - https:\/\/yoast.com\/product\/yoast-seo-premium-wordpress\/ -->\n<title>Billige Barnevogne - Tips og Ideer til de bedste barnevogne<\/title>\n<meta name=\"description\" content=\"Billige Barnevogne er bloggen der ikke er en stor reklame. Vi bygger vores blog p\u00e5 viden og oplevelser samlet fra os selv og andre. Bes\u00f8g os her\" \/>\n<meta name=\"robots\" content=\"index, follow, max-snippet:-1, max-image-preview:large, max-video-preview:-1\" \/>\n<link rel=\"canonical\" href=\"http:\/\/niipit.dk\/billigebarnevogne\/\" \/>\n<meta property=\"og:locale\" content=\"da_DK\" \/>\n<meta property=\"og:type\" content=\"article\" \/>\n<meta property=\"og:title\" content=\"Billige Barnevogne - Tips og Ideer til de bedste barnevogne\" \/>\n<meta property=\"og:description\" content=\"Billige Barnevogne er bloggen der ikke er en stor reklame. Vi bygger vores blog p\u00e5 viden og oplevelser samlet fra os selv og andre. Bes\u00f8g os her\" \/>\n<meta property=\"og:url\" content=\"http:\/\/niipit.dk\/billigebarnevogne\/\" \/>\n<meta property=\"og:site_name\" content=\"Billige Barnevogne\" \/>\n<meta property=\"article:modified_time\" content=\"2019-10-19T23:52:24+00:00\" \/>\n<meta property=\"og:image\" content=\"https:\/\/niipit.dk\/billigebarnevogne\/wp-content\/uploads\/sites\/306\/2019\/09\/Billige-Barnevogne-bloggen-300x275.jpg\" \/>\n<meta name=\"twitter:card\" content=\"summary_large_image\" \/>\n<meta name=\"twitter:label1\" content=\"Estimeret l\u00e6setid\" \/>\n\t<meta name=\"twitter:data1\" content=\"1 minut\" \/>\n<script type=\"application\/ld+json\" class=\"yoast-schema-graph\">{\"@context\":\"https:\/\/schema.org\",\"@graph\":[{\"@type\":\"WebPage\",\"@id\":\"http:\/\/niipit.dk\/billigebarnevogne\/\",\"url\":\"http:\/\/niipit.dk\/billigebarnevogne\/\",\"name\":\"Billige Barnevogne - Tips og Ideer til de bedste barnevogne\",\"isPartOf\":{\"@id\":\"http:\/\/niipit.dk\/billigebarnevogne\/#website\"},\"primaryImageOfPage\":{\"@id\":\"http:\/\/niipit.dk\/billigebarnevogne\/#primaryimage\"},\"image\":{\"@id\":\"http:\/\/niipit.dk\/billigebarnevogne\/#primaryimage\"},\"thumbnailUrl\":\"https:\/\/niipit.dk\/billigebarnevogne\/wp-content\/uploads\/sites\/306\/2019\/09\/Billige-Barnevogne-bloggen-300x275.jpg\",\"datePublished\":\"2018-08-10T20:29:34+00:00\",\"dateModified\":\"2019-10-19T23:52:24+00:00\",\"description\":\"Billige Barnevogne er bloggen der ikke er en stor reklame. Vi bygger vores blog p\u00e5 viden og oplevelser samlet fra os selv og andre. Bes\u00f8g os her\",\"breadcrumb\":{\"@id\":\"http:\/\/niipit.dk\/billigebarnevogne\/#breadcrumb\"},\"inLanguage\":\"da-DK\",\"potentialAction\":[{\"@type\":\"ReadAction\",\"target\":[\"http:\/\/niipit.dk\/billigebarnevogne\/\"]}]},{\"@type\":\"ImageObject\",\"inLanguage\":\"da-DK\",\"@id\":\"http:\/\/niipit.dk\/billigebarnevogne\/#primaryimage\",\"url\":\"https:\/\/niipit.dk\/billigebarnevogne\/wp-content\/uploads\/sites\/306\/2019\/09\/Billige-Barnevogne-bloggen-300x275.jpg\",\"contentUrl\":\"https:\/\/niipit.dk\/billigebarnevogne\/wp-content\/uploads\/sites\/306\/2019\/09\/Billige-Barnevogne-bloggen-300x275.jpg\"},{\"@type\":\"BreadcrumbList\",\"@id\":\"http:\/\/niipit.dk\/billigebarnevogne\/#breadcrumb\",\"itemListElement\":[{\"@type\":\"ListItem\",\"position\":1,\"name\":\"Hjem\",\"item\":\"http:\/\/niipit.dk\/billigebarnevogne\/\"},{\"@type\":\"ListItem\",\"position\":2,\"name\":\"Forside\"}]},{\"@type\":\"WebSite\",\"@id\":\"http:\/\/niipit.dk\/billigebarnevogne\/#website\",\"url\":\"http:\/\/niipit.dk\/billigebarnevogne\/\",\"name\":\"Billige Barnevogne\",\"description\":\"F\u00e5 din virksomhed p\u00e5 niipit\",\"potentialAction\":[{\"@type\":\"SearchAction\",\"target\":{\"@type\":\"EntryPoint\",\"urlTemplate\":\"http:\/\/niipit.dk\/billigebarnevogne\/?s={search_term_string}\"},\"query-input\":{\"@type\":\"PropertyValueSpecification\",\"valueRequired\":true,\"valueName\":\"search_term_string\"}}],\"inLanguage\":\"da-DK\"}]}<\/script>\n<!-- \/ Yoast SEO Premium plugin. -->","yoast_head_json":{"title":"Billige Barnevogne - Tips og Ideer til de bedste barnevogne","description":"Billige Barnevogne er bloggen der ikke er en stor reklame. Vi bygger vores blog p\u00e5 viden og oplevelser samlet fra os selv og andre. Bes\u00f8g os her","robots":{"index":"index","follow":"follow","max-snippet":"max-snippet:-1","max-image-preview":"max-image-preview:large","max-video-preview":"max-video-preview:-1"},"canonical":"http:\/\/niipit.dk\/billigebarnevogne\/","og_locale":"da_DK","og_type":"article","og_title":"Billige Barnevogne - Tips og Ideer til de bedste barnevogne","og_description":"Billige Barnevogne er bloggen der ikke er en stor reklame. Vi bygger vores blog p\u00e5 viden og oplevelser samlet fra os selv og andre. Bes\u00f8g os her","og_url":"http:\/\/niipit.dk\/billigebarnevogne\/","og_site_name":"Billige Barnevogne","article_modified_time":"2019-10-19T23:52:24+00:00","og_image":[{"url":"https:\/\/niipit.dk\/billigebarnevogne\/wp-content\/uploads\/sites\/306\/2019\/09\/Billige-Barnevogne-bloggen-300x275.jpg","type":"","width":"","height":""}],"twitter_card":"summary_large_image","twitter_misc":{"Estimeret l\u00e6setid":"1 minut"},"schema":{"@context":"https:\/\/schema.org","@graph":[{"@type":"WebPage","@id":"http:\/\/niipit.dk\/billigebarnevogne\/","url":"http:\/\/niipit.dk\/billigebarnevogne\/","name":"Billige Barnevogne - Tips og Ideer til de bedste barnevogne","isPartOf":{"@id":"http:\/\/niipit.dk\/billigebarnevogne\/#website"},"primaryImageOfPage":{"@id":"http:\/\/niipit.dk\/billigebarnevogne\/#primaryimage"},"image":{"@id":"http:\/\/niipit.dk\/billigebarnevogne\/#primaryimage"},"thumbnailUrl":"https:\/\/niipit.dk\/billigebarnevogne\/wp-content\/uploads\/sites\/306\/2019\/09\/Billige-Barnevogne-bloggen-300x275.jpg","datePublished":"2018-08-10T20:29:34+00:00","dateModified":"2019-10-19T23:52:24+00:00","description":"Billige Barnevogne er bloggen der ikke er en stor reklame. Vi bygger vores blog p\u00e5 viden og oplevelser samlet fra os selv og andre. Bes\u00f8g os her","breadcrumb":{"@id":"http:\/\/niipit.dk\/billigebarnevogne\/#breadcrumb"},"inLanguage":"da-DK","potentialAction":[{"@type":"ReadAction","target":["http:\/\/niipit.dk\/billigebarnevogne\/"]}]},{"@type":"ImageObject","inLanguage":"da-DK","@id":"http:\/\/niipit.dk\/billigebarnevogne\/#primaryimage","url":"https:\/\/niipit.dk\/billigebarnevogne\/wp-content\/uploads\/sites\/306\/2019\/09\/Billige-Barnevogne-bloggen-300x275.jpg","contentUrl":"https:\/\/niipit.dk\/billigebarnevogne\/wp-content\/uploads\/sites\/306\/2019\/09\/Billige-Barnevogne-bloggen-300x275.jpg"},{"@type":"BreadcrumbList","@id":"http:\/\/niipit.dk\/billigebarnevogne\/#breadcrumb","itemListElement":[{"@type":"ListItem","position":1,"name":"Hjem","item":"http:\/\/niipit.dk\/billigebarnevogne\/"},{"@type":"ListItem","position":2,"name":"Forside"}]},{"@type":"WebSite","@id":"http:\/\/niipit.dk\/billigebarnevogne\/#website","url":"http:\/\/niipit.dk\/billigebarnevogne\/","name":"Billige Barnevogne","description":"F\u00e5 din virksomhed p\u00e5 niipit","potentialAction":[{"@type":"SearchAction","target":{"@type":"EntryPoint","urlTemplate":"http:\/\/niipit.dk\/billigebarnevogne\/?s={search_term_string}"},"query-input":{"@type":"PropertyValueSpecification","valueRequired":true,"valueName":"search_term_string"}}],"inLanguage":"da-DK"}]}},"_links":{"self":[{"href":"http:\/\/niipit.dk\/billigebarnevogne\/wp-json\/wp\/v2\/pages\/5064","targetHints":{"allow":["GET"]}}],"collection":[{"href":"http:\/\/niipit.dk\/billigebarnevogne\/wp-json\/wp\/v2\/pages"}],"about":[{"href":"http:\/\/niipit.dk\/billigebarnevogne\/wp-json\/wp\/v2\/types\/page"}],"author":[{"embeddable":true,"href":"http:\/\/niipit.dk\/billigebarnevogne\/wp-json\/wp\/v2\/users\/905"}],"replies":[{"embeddable":true,"href":"http:\/\/niipit.dk\/billigebarnevogne\/wp-json\/wp\/v2\/comments?post=5064"}],"version-history":[{"count":0,"href":"http:\/\/niipit.dk\/billigebarnevogne\/wp-json\/wp\/v2\/pages\/5064\/revisions"}],"wp:attachment":[{"href":"http:\/\/niipit.dk\/billigebarnevogne\/wp-json\/wp\/v2\/media?parent=5064"}],"curies":[{"name":"wp","href":"https:\/\/api.w.org\/{rel}","templated":true}]}}